Vremenska postaja Ravna

46.1341 N| 14.5613 E| 516 m | Prikaži na zemljevidu

Osnovna šola Trzin v sodelovanju s CZ Trzin in Vremenskim društvom ZEVS

Vreme na kratko
17.2°C 69% 1027 mbar 0.4 km/h 4.8 km/h 0.0 mm
1.9°C/h -3%/h 0 mbar/h VJV (107°) VJV (107°) 0.0 mm/h

13/04/24 08:25:00 CEST

Vremenska statistika za 04-2024

Vremenska postaja:Vantage Pro2
Programska oprema:weewx v3.8.0
WeeWX aktiven:10 d, 23 h, 1 min
Strežnik aktiven:10 d, 21 h, 52 min
                   MONTHLY CLIMATOLOGICAL SUMMARY for Apr 2024


NAME: Ravna                  
ELEV: 516 m    LAT: 46-04.79 S    LONG: 13-36.51 V


                   TEMPERATURE (°C), RAIN (mm), WIND SPEED (km/h)

                                         HEAT   COOL         AVG
      MEAN                               DEG    DEG          WIND                   DOM
DAY   TEMP   HIGH   TIME    LOW   TIME   DAYS   DAYS   RAIN  SPEED   HIGH   TIME    DIR
---------------------------------------------------------------------------------------
 01   11.3   14.0  11:26    7.4  20:53    3.7    0.0   39.6    1.8   41.8  13:38    187
 02   10.0   15.0  14:02    6.4  07:09    4.4    0.0    3.0    1.4   30.6  14:43    155
 03    9.6   11.7  16:08    8.3  20:19    4.6    0.0    2.4    0.6   16.1  11:32    168
 04   11.6   15.9  14:12    8.8  00:00    3.6    0.0    0.0    1.0   22.5  13:49    146
 05   13.2   17.7  15:52   10.7  04:38    2.7    0.0    0.0    0.9   22.5  12:45    143
 06   15.1   19.8  15:45   12.1  03:12    1.6    0.0    0.0    1.4   25.7  12:15    141
 07   17.7   23.1  14:29   12.9  04:11    0.2    0.0    0.0    0.9   17.7  12:56    130
 08   19.3   23.2  12:23   15.8  07:42    0.0    0.7    0.0    1.5   22.5  11:16    164
 09   17.5   22.1  15:19   14.1  07:06    0.3    0.0    0.0    1.2   22.5  12:46    133
 10   15.6   18.2  11:23   13.9  23:56    1.3    0.0    0.0    2.3   25.7  15:19    145
 11   15.8   21.8  16:34   10.3  06:24    1.2    0.0    0.0    1.7   25.7  12:11    148
 12   19.2   25.6  16:32   13.8  05:06    0.0    0.7    0.0    1.9   30.6  06:36    156
 13   16.3   17.9  00:12   15.2  06:00    0.9    0.0    0.0    0.9   11.3  02:18    287
 14
 15
 16
 17
 18
 19
 20
 21
 22
 23
 24
 25
 26
 27
 28
 29
 30
---------------------------------------------------------------------------------------
      14.7   25.6     12    6.4     02   24.6    1.4   45.0    1.4   41.8     01    151
    
Tropske noči (Tmin >= 20): 0
Vroči dnevi (Tmax >= 30): 0
Topli dnevi (Tmax >= 25): 1
Hladni dnevi (Tmin < 0): 0
Ledeni dnevi (Tmax < 0): 0