Vremenska postaja Ravna

46.1341 N| 14.5613 E| 516 m | Prikaži na zemljevidu

Osnovna šola Trzin v sodelovanju s CZ Trzin in Vremenskim društvom ZEVS

Vreme na kratko
16.4°C 71% 1027 mbar 0.9 km/h 11.3 km/h 0.0 mm
1.1°C/h 0%/h 1 mbar/h SSV (19°) SSV (19°) 0.0 mm/h

13/04/24 08:10:00 CEST

Vremenska statistika za 03-2024

Vremenska postaja:Vantage Pro2
Programska oprema:weewx v3.8.0
WeeWX aktiven:10 d, 22 h, 46 min
Strežnik aktiven:10 d, 21 h, 37 min
                   MONTHLY CLIMATOLOGICAL SUMMARY for Mar 2024


NAME: Ravna                  
ELEV: 516 m    LAT: 46-04.79 S    LONG: 13-36.51 V


                   TEMPERATURE (°C), RAIN (mm), WIND SPEED (km/h)

                                         HEAT   COOL         AVG
      MEAN                               DEG    DEG          WIND                   DOM
DAY   TEMP   HIGH   TIME    LOW   TIME   DAYS   DAYS   RAIN  SPEED   HIGH   TIME    DIR
---------------------------------------------------------------------------------------
 01    9.0   10.6  00:38    7.7  22:47    5.0    0.0    9.6    0.5   16.1  06:59    284
 02    8.1   11.1  14:06    6.9  02:24    5.5    0.0   12.8    0.3   16.1  01:35    297
 03    9.0   12.2  13:28    7.1  23:53    5.0    0.0    2.0    1.1   19.3  13:29    172
 04   10.3   15.4  14:54    6.6  04:41    4.3    0.0    0.8    1.3   20.9  04:20    299
 05   11.5   18.3  13:21    8.1  06:00    3.6    0.0    0.0    1.2   27.4  14:43    241
 06    7.3    9.6  01:33    5.9  18:13    5.9    0.0   22.6    0.5   19.3  00:49    276
 07    6.7   11.4  10:35    3.1  23:59    6.3    0.0    5.4    0.3   14.5  15:29    176
 08    3.5    4.7  11:45    2.5  06:12    8.1    0.0    0.2    0.4   14.5  22:44    297
 09    4.2    5.9  20:55    2.9  04:03    7.7    0.0   20.2    2.0   19.3  09:52    300
 10    7.3   10.3  18:12    4.5  01:18    6.0    0.0   23.8    1.8   33.8  17:16    333
 11    7.6    9.8  13:43    5.8  07:02    5.8    0.0    0.2    0.1   16.1  07:52    311
 12    9.6   14.5  14:49    6.7  05:48    4.7    0.0    0.0    0.4   17.7  13:49    141
 13   10.2   15.7  13:52    5.5  06:19    4.3    0.0    0.2    0.7   22.5  16:10    143
 14   10.6   15.8  12:32    6.0  06:16    4.1    0.0    0.0    0.5   19.3  14:49    186
 15   10.1   13.2  14:11    7.8  05:07    4.4    0.0    0.0    0.3   16.1  15:05    134
 16   11.4   15.9  14:24    9.1  03:52    3.7    0.0    0.0    0.5   19.3  11:50    158
 17   12.1   17.9  13:20    8.3  05:35    3.3    0.0    0.0    1.2   27.4  13:27    135
 18   11.0   13.4  10:22    9.4  06:24    3.9    0.0    0.0    0.1   11.3  12:30    135
 19   10.3   16.0  14:04    6.5  23:58    4.3    0.0    0.0    0.7   22.5  13:33    128
 20   10.8   17.2  13:41    5.8  06:11    4.0    0.0    0.0    1.3   29.0  13:43    151
 21   11.0   13.2  14:48    9.1  00:37    3.9    0.0    2.0    0.2   11.3  11:53    192
 22   14.5   19.9  13:31   10.6  02:54    1.9    0.0    0.0    1.1   19.3  12:34    168
 23   11.7   16.3  11:20    5.7  23:54    3.5    0.0   13.0    2.3   29.0  12:41    158
 24    7.4   12.9  15:25    3.0  06:50    5.9    0.0    0.2    1.2   20.9  09:25    127
 25    8.3   14.2  12:35    2.7  06:15    5.4    0.0    0.0    2.1   35.4  12:59    154
 26    8.3   12.3  12:44    6.1  03:43    5.4    0.0    8.2    0.3   14.5  14:53    140
 27    8.4   11.6  16:51    6.4  00:00    5.3    0.0   37.2    2.0   25.7  16:46    169
 28    7.7   10.4  18:30    5.0  15:34    5.7    0.0   29.8    1.9   32.2  09:32    193
 29   11.1   13.6  16:52    8.2  03:45    3.8    0.0    0.4    0.9   22.5  12:51    189
 30   14.6   19.3  14:00   11.0  05:44    1.9    0.0    0.0    1.0   22.5  14:35    168
 31   13.0   14.8  10:44   11.6  15:55    2.8    0.0   20.4    1.7   27.4  16:04    189
---------------------------------------------------------------------------------------
       9.6   19.9     22    2.5     08  145.3    0.0  209.0    1.0   35.4     25    179
    
Tropske noči (Tmin >= 20): 0
Vroči dnevi (Tmax >= 30): 0
Topli dnevi (Tmax >= 25): 0
Hladni dnevi (Tmin < 0): 0
Ledeni dnevi (Tmax < 0): 0