Vremenska postaja Ravna

46.1341 N| 14.5613 E| 516 m | Prikaži na zemljevidu

Osnovna šola Trzin v sodelovanju s CZ Trzin in Vremenskim društvom ZEVS

Vreme na kratko
16.1°C 72% 1026 mbar 1.2 km/h 9.7 km/h 0.0 mm
0.7°C/h 1%/h 0 mbar/h SSZ (332°) SSZ (332°) 0.0 mm/h

13/04/24 07:55:00 CEST

Vremenska statistika za 02-2024

Vremenska postaja:Vantage Pro2
Programska oprema:weewx v3.8.0
WeeWX aktiven:10 d, 22 h, 31 min
Strežnik aktiven:10 d, 21 h, 22 min
                   MONTHLY CLIMATOLOGICAL SUMMARY for Feb 2024


NAME: Ravna                  
ELEV: 516 m    LAT: 46-04.79 S    LONG: 13-36.51 V


                   TEMPERATURE (°C), RAIN (mm), WIND SPEED (km/h)

                                         HEAT   COOL         AVG
      MEAN                               DEG    DEG          WIND                   DOM
DAY   TEMP   HIGH   TIME    LOW   TIME   DAYS   DAYS   RAIN  SPEED   HIGH   TIME    DIR
---------------------------------------------------------------------------------------
 01    7.5   11.3  12:45    4.6  06:51    5.8    0.0    0.0    0.5   14.5  04:27    331
 02    8.7   13.4  14:16    6.2  07:47    5.1    0.0    0.0    0.8   19.3  14:27    191
 03    8.0   11.9  14:22    6.0  02:49    5.5    0.0    0.0    0.0    8.0  08:41    122
 04    9.0   13.1  11:35    5.8  07:21    5.0    0.0    0.0    0.5   17.7  12:03    146
 05    8.8   10.8  16:00    7.2  02:53    5.1    0.0    0.0    0.0    8.0  10:11    185
 06    7.3    8.6  02:24    5.8  20:35    5.9    0.0    1.6    0.6   16.1  11:43    169
 07    6.7    7.3  13:21    5.8  00:00    6.3    0.0    0.6    0.1    9.7  19:43    192
 08    7.0    7.4  18:19    6.4  08:58    6.1    0.0    1.4    0.2    9.7  10:22    157
 09    8.3    8.9  15:26    6.8  02:01    5.4    0.0   39.2    6.0   37.0  23:51    181
 10    9.0   10.3  13:40    7.9  23:50    5.0    0.0   31.4    2.0   41.8  00:19    165
 11    8.0    8.8  15:04    6.8  23:54    5.5    0.0   28.0    1.5   35.4  11:52    161
 12    7.7   10.5  13:18    6.3  04:03    5.7    0.0    3.2    0.0    0.0  00:00     90
 13    9.5   15.0  13:52    5.7  07:31    4.7    0.0    0.0    0.2   14.5  13:44    144
 14    8.0   13.1  14:15    3.4  06:26    5.5    0.0    0.0    1.0   19.3  13:26    140
 15    9.8   15.4  14:57    5.7  07:11    4.6    0.0    0.0    0.3   17.7  13:17    126
 16   10.4   15.5  14:44    6.1  07:01    4.2    0.0    0.0    0.6   19.3  13:02    132
 17   11.5   16.9  13:45    6.5  05:59    3.6    0.0    0.0    0.5   14.5  03:43     59
 18   10.3   12.0  00:00    8.2  23:45    4.3    0.0    0.6    0.1   16.1  05:30    163
 19    9.6   14.9  14:06    7.5  23:55    4.7    0.0    0.0    0.4   24.1  15:09    306
 20   10.1   15.7  13:10    6.1  03:30    4.4    0.0    0.0    0.7   22.5  11:17    213
 21    8.9   14.4  13:06    5.8  06:57    5.1    0.0    0.0    1.4   24.1  14:58    157
 22    7.2    8.3  09:12    6.3  17:50    6.0    0.0   19.6    2.0   43.5  22:58    187
 23    7.6   10.0  15:22    6.3  04:26    5.8    0.0   62.8    6.4   54.7  17:45    151
 24    7.6   10.0  14:56    5.9  04:55    5.8    0.0    0.4    1.9   35.4  00:52    169
 25    7.0   10.1  12:54    4.9  07:26    6.1    0.0    2.4    0.1   16.1  13:38    341
 26    6.9   10.3  13:10    4.6  05:33    6.1    0.0    0.2    0.2   11.3  13:40    275
 27    7.5    8.3  05:52    6.3  08:07    5.8    0.0   10.4    1.8   22.5  15:11    276
 28   10.4   13.6  16:35    7.4  00:47    4.2    0.0    1.2    0.1   11.3  21:36    271
 29   11.3   14.3  12:14   10.4  07:11    3.7    0.0    0.6    0.6   29.0  21:11    224
---------------------------------------------------------------------------------------
       8.6   16.9     17    3.4     14  151.3    0.0  203.6    1.1   54.7     23    172
    
Tropske noči (Tmin >= 20): 0
Vroči dnevi (Tmax >= 30): 0
Topli dnevi (Tmax >= 25): 0
Hladni dnevi (Tmin < 0): 0
Ledeni dnevi (Tmax < 0): 0