Vremenska postaja Ravna

46.1341 N| 14.5613 E| 516 m | Prikaži na zemljevidu

Osnovna šola Trzin v sodelovanju s CZ Trzin in Vremenskim društvom ZEVS

Vreme na kratko
15.4°C 73% 1026 mbar 0.6 km/h 6.4 km/h 0.0 mm
0.1°C/h 3%/h 0 mbar/h SV (36°) SV (36°) 0.0 mm/h

13/04/24 07:40:00 CEST

Vremenska statistika za 01-2024

Vremenska postaja:Vantage Pro2
Programska oprema:weewx v3.8.0
WeeWX aktiven:10 d, 22 h, 16 min
Strežnik aktiven:10 d, 21 h, 7 min
                   MONTHLY CLIMATOLOGICAL SUMMARY for Jan 2024


NAME: Ravna                  
ELEV: 516 m    LAT: 46-04.79 S    LONG: 13-36.51 V


                   TEMPERATURE (°C), RAIN (mm), WIND SPEED (km/h)

                                         HEAT   COOL         AVG
      MEAN                               DEG    DEG          WIND                   DOM
DAY   TEMP   HIGH   TIME    LOW   TIME   DAYS   DAYS   RAIN  SPEED   HIGH   TIME    DIR
---------------------------------------------------------------------------------------
 01    6.8    9.9  00:19    4.5  23:56    6.2    0.0   25.6    1.4   48.3  00:03    174
 02    4.5    5.9  12:03    2.9  03:38    7.5    0.0    2.4    0.6   14.5  02:19    182
 03    5.8    6.7  21:14    5.0  00:00    6.8    0.0    5.6    0.4   11.3  13:49    228
 04    5.5    7.0  03:53    4.1  19:26    7.0    0.0    0.2    0.3   11.3  00:27    161
 05    7.3   10.2  11:18    4.2  00:13    5.9    0.0   15.8    0.4   11.3  05:03    356
 06    7.5    9.7  04:12    5.6  21:02    5.8    0.0   65.4    1.1   33.8  04:08    159
 07    7.0    9.0  14:32    4.9  06:56    6.1    0.0    3.6    0.1   11.3  00:06    294
 08    2.4    5.9  00:03    0.4  23:35    8.7    0.0    0.0    0.5   17.7  11:37    151
 09    0.7    4.7  12:43   -1.3  23:53    9.6    0.0    0.0    1.0   37.0  23:04    214
 10   -0.2    3.3  12:45   -2.8  05:02   10.1    0.0    0.0    2.5   35.4  07:30    154
 11    1.7    7.7  13:45   -1.7  01:05    9.1    0.0    0.0    0.8   22.5  05:39    291
 12    2.0    5.7  12:25   -1.6  23:58    8.9    0.0    0.0    0.8   22.5  12:10    127
 13    1.1    6.2  14:51   -3.0  08:01    9.4    0.0    0.0    0.4   20.9  14:00    155
 14    2.6    3.4  13:39    1.3  02:44    8.5    0.0    0.0    0.0    6.4  08:15     71
 15    3.8    5.3  12:02    2.5  23:44    7.9    0.0    0.0    0.0    8.0  22:15     88
 16    2.9    7.6  14:16    0.4  06:08    8.4    0.0    0.0    0.7   17.7  08:34    116
 17    4.2    6.6  21:04    1.7  00:04    7.7    0.0   20.2    0.0   11.3  00:05    337
 18    6.8    9.2  05:28    5.7  10:13    6.2    0.0   32.0    1.2   29.0  08:02    182
 19    2.3    7.8  06:53   -1.4  23:52    8.7    0.0   13.8    1.3   25.7  14:05    191
 20    0.8    5.6  15:00   -2.1  07:29    9.6    0.0    0.8    0.4   20.9  13:03    153
 21    2.3    8.2  14:04   -1.1  01:52    8.7    0.0    0.0    0.9   20.9  04:24    278
 22    3.3    7.1  12:19   -1.0  04:30    8.2    0.0    0.0    0.4   17.7  00:44    311
 23    5.1   10.7  14:22    1.1  05:54    7.2    0.0    0.0    0.3   16.1  13:33    352
 24    4.9    6.7  15:27    3.4  00:11    7.3    0.0    0.0    0.2    9.7  01:32    141
 25    7.6   13.2  14:35    3.9  04:03    5.8    0.0    0.0    0.4   16.1  02:37    334
 26    8.2   13.8  14:32    4.6  05:57    5.4    0.0    0.0    0.5   16.1  04:57    330
 27    8.7   14.2  14:05    4.6  07:43    5.2    0.0    0.0    0.5   16.1  04:41    350
 28    7.0   12.1  13:42    3.5  06:00    6.1    0.0    0.0    0.5   16.1  00:39    309
 29    6.6   12.9  14:39    1.8  06:20    6.3    0.0    0.0    0.8   17.7  04:06    321
 30    7.0   13.4  15:16    3.3  05:27    6.1    0.0    0.0    1.0   20.9  02:53    327
 31    7.6   12.3  14:48    3.7  07:11    5.8    0.0    0.0    0.3   17.7  21:46    356
---------------------------------------------------------------------------------------
       4.6   14.2     27   -3.0     13  230.1    0.0  185.4    0.6   48.3     01    200
    
Tropske noči (Tmin >= 20): 0
Vroči dnevi (Tmax >= 30): 0
Topli dnevi (Tmax >= 25): 0
Hladni dnevi (Tmin < 0): 9
Ledeni dnevi (Tmax < 0): 0