Vremenska postaja Ravna

46.1341 N| 14.5613 E| 516 m | Prikaži na zemljevidu

Osnovna šola Trzin v sodelovanju s CZ Trzin in Vremenskim društvom ZEVS

Vreme na kratko
17.3°C 69% 1027 mbar 0.0 km/h 0.0 km/h 0.0 mm
1.9°C/h -3%/h 1 mbar/h N/A ( N/A) N/A ( N/A) 0.0 mm/h

13/04/24 08:35:00 CEST

Vremenska statistika za 12-2023

Vremenska postaja:Vantage Pro2
Programska oprema:weewx v3.8.0
WeeWX aktiven:10 d, 23 h, 11 min
Strežnik aktiven:10 d, 22 h, 2 min
                   MONTHLY CLIMATOLOGICAL SUMMARY for Dec 2023


NAME: Ravna                  
ELEV: 516 m    LAT: 46-04.79 S    LONG: 13-36.51 V


                   TEMPERATURE (°C), RAIN (mm), WIND SPEED (km/h)

                                         HEAT   COOL         AVG
      MEAN                               DEG    DEG          WIND                   DOM
DAY   TEMP   HIGH   TIME    LOW   TIME   DAYS   DAYS   RAIN  SPEED   HIGH   TIME    DIR
---------------------------------------------------------------------------------------
 01    9.6   14.6  23:45    6.1  00:00    4.7    0.0   66.0    1.8   35.4  14:56    194
 02    8.8   14.7  00:59    0.9  23:53    5.1    0.0   59.4    3.9   45.1  09:34    170
 03    0.9    4.1  13:19   -1.4  23:24    9.5    0.0    2.6    0.5   22.5  11:26    137
 04   -0.3    2.8  12:48   -2.5  07:34   10.2    0.0    0.2    0.1   11.3  08:30    356
 05    2.6    4.3  19:51    0.1  00:00    8.6    0.0    4.2    0.4   24.1  23:45    289
 06    3.8    6.9  10:45    1.8  23:59    7.9    0.0    0.0    0.5   20.9  00:35    270
 07    4.0    9.3  14:06    1.1  02:46    7.8    0.0    0.0    0.3   14.5  03:07    319
 08    3.3    7.1  14:03    0.4  04:05    8.2    0.0    0.4    0.1   11.3  22:52    292
 09    3.0    7.1  13:03    1.1  07:52    8.4    0.0    0.6    0.4   14.5  02:34    329
 10    4.7    9.4  13:33    1.7  04:24    7.4    0.0    4.0    0.1   16.1  20:53    355
 11    6.8    8.8  14:27    4.9  00:36    6.2    0.0    0.0    0.1   12.9  04:35    126
 12    7.7   10.1  13:44    5.8  06:37    5.7    0.0    1.6    0.2   11.3  05:13      5
 13    6.3    8.1  09:15    3.9  22:29    6.5    0.0   61.8    0.6   22.5  20:28    270
 14    6.9   12.0  13:34    3.3  07:45    6.1    0.0    0.2    0.7   17.7  07:35    315
 15    7.2   12.0  12:38    3.8  07:54    6.0    0.0    0.0    0.3   14.5  02:25    321
 16    4.6    9.6  13:54    1.6  06:41    7.5    0.0    0.0    0.3   17.7  11:36    112
 17    6.5   11.3  15:19    3.0  00:49    6.4    0.0    0.0    0.8   17.7  08:51     19
 18   11.1   16.5  14:21    5.7  00:28    3.8    0.0    0.0    1.2   20.9  05:10    339
 19   12.2   18.3  13:12    8.4  22:50    3.2    0.0    0.0    0.3   14.5  02:12    357
 20    7.9    9.7  00:00    6.3  18:23    5.6    0.0    0.0    0.2   16.1  22:19    302
 21    6.4    8.9  12:46    4.4  07:50    6.5    0.0    0.0    0.4   19.3  08:02    295
 22    7.2   10.9  11:37    4.8  06:42    6.0    0.0    0.0    0.7   24.1  11:52    148
 23    8.9   12.8  14:19    5.1  06:39    5.1    0.0    0.0    0.4   19.3  12:36    146
 24    9.7   12.3  09:58    7.2  02:54    4.6    0.0    0.0    0.0    6.4  01:58     26
 25    8.9   10.4  00:14    8.0  16:58    5.0    0.0    0.0    0.3    9.7  00:13    187
 26    7.9    8.4  08:46    7.4  23:58    5.6    0.0    0.0    0.2    9.7  10:05    124
 27    7.7    8.9  12:21    6.7  22:39    5.7    0.0    0.0    0.1    8.0  22:40     63
 28    7.5    8.1  12:02    6.7  23:42    5.8    0.0    0.0    0.2   11.3  20:07    277
 29    7.1    8.0  13:35    6.6  05:03    6.1    0.0    0.0    0.5   16.1  18:05    187
 30    7.5    8.8  13:53    6.3  07:54    5.9    0.0    0.0    0.0    9.7  01:42    215
 31    7.9    9.9  23:56    7.1  07:34    5.6    0.0   12.4    2.7   45.1  23:58    169
---------------------------------------------------------------------------------------
       6.6   18.3     19   -2.5     04  196.4    0.0  213.4    0.6   45.1     02    183
    
Tropske noči (Tmin >= 20): 0
Vroči dnevi (Tmax >= 30): 0
Topli dnevi (Tmax >= 25): 0
Hladni dnevi (Tmin < 0): 2
Ledeni dnevi (Tmax < 0): 0