Vremenska postaja Ravna

46.1341 N| 14.5613 E| 516 m | Prikaži na zemljevidu

Osnovna šola Trzin v sodelovanju s CZ Trzin in Vremenskim društvom ZEVS

Vreme na kratko
9.6°C 29% 1007 mbar 0.0 km/h 0.0 km/h 0.0 mm
-0.9°C/h -8%/h -0 mbar/h N/A ( N/A) N/A ( N/A) 0.0 mm/h

21/11/22 15:25:00 CET

Vremenska statistika za 2022

Vremenska postaja:Vantage Pro2
Programska oprema:weewx v3.8.0
WeeWX aktiven:7 d, 12 h, 56 min
Strežnik aktiven:7 d, 12 h, 29 min
                     CLIMATOLOGICAL SUMMARY for year 2022


NAME: Ravna                  
ELEV: 516 m    LAT: 46-04.79 S    LONG: 13-36.51 V


                                       TEMPERATURE (°C)

                              HEAT    COOL                             Tropske Vroci  Topli  Hladni  Ledeni
          MEAN   MEAN         DEG     DEG                                >=     >=     >=      <       < 
 YR  MO   MAX    MIN    MEAN  DAYS    DAYS      HI  DAY     LOW  DAY     20     30     25      0       0
---------------------------------------------------------------------------------------------------------
2022 01    8.7    1.4    4.7  222.4    0.0    18.6   01    -2.7   07      0      0      0      9      0
2022 02   10.0    2.8    5.8  190.0    0.0    14.2   23     0.3   28      0      0      0      0      0
2022 03   12.6    3.6    7.6  179.5    0.0    21.7   24    -2.0   12      0      0      0      7      0
2022 04   14.9    6.1   10.2  130.4    0.0    22.3   14     0.9   09      0      0      0      0      0
2022 05   23.3   13.5   17.9   24.0   22.4    28.7   22     8.7   30      0      0     16      0      0
2022 06   28.7   17.8   22.7    0.6   78.8    33.2   28    12.8   08      2      7     29      0      0
2022 07   31.3   19.6   24.8    0.0  117.2    36.1   04    14.8   08     15     20     30      0      0
2022 08   29.6   18.4   23.2    0.0   88.9    35.3   05    16.3   12      5     12     29      0      0
2022 09   21.1   13.0   16.5   40.2   14.5    28.8   05     7.8   18      0      0      7      0      0
2022 10   21.1   12.9   16.3   32.4    2.4    25.6   30    11.3   04      0      0      3      0      0
2022 11   14.1    8.4   10.8   84.4    0.0    20.3   01     3.2   21      0      0      0      0      0
2022 12
------------------------------------------------------------------------------------------------
          19.9   10.8   14.9  903.9  324.2    36.1  Jul    -2.7  Jan     22     39    114     16      0


                  PRECIPITATION (mm)

                  MAX         ---DAYS OF RAIN---
                  OBS.               OVER
 YR  MO  TOTAL    DAY  DATE   0.20   2.00  20.00
------------------------------------------------
2022 01   18.6    7.2    06      5      3      0
2022 02   54.8   27.4    15     11      4      1
2022 03   50.6   38.4    31      3      2      1
2022 04  113.8   26.0    02     16     10      2
2022 05   35.2   10.0    16     13      7      0
2022 06  147.8   59.6    23     12      8      2
2022 07   26.8   10.6    07      5      4      0
2022 08  139.4   42.8    28     14      8      3
2022 09  444.6  129.2    16     15     11      7
2022 10   84.4   31.8    25      8      4      2
2022 11  131.6   61.0    04     10      6      2
2022 12
------------------------------------------------
        1247.6  129.2   Sep    112     67     20


           WIND SPEED (km/h)

                                DOM
 YR  MO    AVG     HI   DATE    DIR
-----------------------------------
2022 01    0.8   25.7     21    147 
2022 02    1.1   37.0     12    144 
2022 03    1.9   40.2     04    142 
2022 04    1.7   40.2     24    150 
2022 05    1.4   37.0     29    141 
2022 06    0.8   40.2     28    147 
2022 07    1.3   49.9     04    141 
2022 08    1.5   69.2     18    150 
2022 09    1.0   53.1     15    170 
2022 10    0.8   32.2     22    165 
2022 11    0.5   51.5     04    158 
2022 12
-----------------------------------
           1.2   69.2    Aug    147