Vremenska postaja Ravna

46.1341 N| 14.5613 E| 516 m | Prikaži na zemljevidu

Osnovna šola Trzin v sodelovanju s CZ Trzin in Vremenskim društvom ZEVS

Vreme na kratko
32.1°C 43% 1010 mbar 0.9 km/h 9.7 km/h 0.0 mm
0.6°C/h -4%/h 0 mbar/h VJV (119°) VJV (119°) 0.0 mm/h

22/07/24 15:05:00 CEST

Vremenska statistika za 10-2022

Vremenska postaja:Vantage Pro2
Programska oprema:weewx v3.8.0
WeeWX aktiven:9 d, 18 h, 19 min
Strežnik aktiven:9 d, 7 h, 13 min
                   MONTHLY CLIMATOLOGICAL SUMMARY for Oct 2022


NAME: Ravna                  
ELEV: 516 m    LAT: 46-04.79 S    LONG: 13-36.51 V


                   TEMPERATURE (°C), RAIN (mm), WIND SPEED (km/h)

                                         HEAT   COOL         AVG
      MEAN                               DEG    DEG          WIND                   DOM
DAY   TEMP   HIGH   TIME    LOW   TIME   DAYS   DAYS   RAIN  SPEED   HIGH   TIME    DIR
---------------------------------------------------------------------------------------
 01   13.8   15.2  15:19   12.0  00:00    2.3    0.0   15.8    0.9   16.1  00:11    151
 02   14.4   19.1  13:12   11.4  07:23    2.0    0.0    0.0    0.7   17.7  16:12    108
 03   16.2   22.8  14:07   11.5  08:09    1.0    0.0    0.2    0.7   17.7  05:05    308
 04   14.3   18.2  12:29   11.3  05:46    2.1    0.0    0.0    0.6   19.3  05:22    227
 05   15.1   19.3  15:18   12.2  05:44    1.6    0.0    0.0    0.2   11.3  13:38    107
 06   17.6   24.1  14:41   13.7  07:32    0.2    0.0    0.0    0.9   24.1  23:40    148
 07   18.8   24.9  16:02   15.4  07:23    0.0    0.4    0.0    1.3   22.5  02:26    219
 08   16.7   22.2  13:57   13.1  05:59    0.7    0.0    0.0    0.7   17.7  14:17     98
 09   15.8   19.6  12:35   13.0  23:56    1.2    0.0    0.0    1.7   27.4  15:25    132
 10   15.4   20.5  12:28   11.7  08:18    1.5    0.0    0.4    0.5   17.7  03:10    160
 11   16.7   23.2  14:33   12.4  07:31    0.7    0.0    0.0    0.3   16.1  06:45    332
 12   16.0   21.6  15:26   12.9  07:06    1.1    0.0    0.0    0.7   20.9  01:52    180
 13   15.6   21.6  15:43   11.8  06:36    1.3    0.0    0.0    0.5   19.3  12:00    141
 14   15.6   21.4  15:04   11.7  07:20    1.3    0.0    0.0    0.4   19.3  11:40    153
 15   14.8   19.1  15:20   12.1  05:48    1.8    0.0    0.0    0.4   16.1  03:43    138
 16   15.0   19.0  14:56   11.7  07:09    1.7    0.0    0.0    0.1   11.3  15:00    106
 17   17.2   23.4  14:32   12.5  03:58    0.4    0.0    0.2    0.5   19.3  07:40    289
 18   17.1   22.3  14:22   13.0  07:21    0.5    0.0    0.0    0.4   14.5  00:07     46
 19   18.6   25.4  14:37   13.9  04:08    0.0    0.3    0.0    0.7   17.7  00:16    319
 20   15.2   20.1  14:47   12.7  23:34    1.5    0.0    0.0    0.4   17.7  10:48    135
 21   15.0   16.7  14:05   12.7  00:52    1.7    0.0    0.0    1.1   20.9  18:11    179
 22   14.7   16.3  16:01   12.7  23:57    1.8    0.0   26.4    4.5   32.2  05:35    171
 23   14.8   17.6  15:37   11.7  05:30    1.8    0.0    9.4    1.1   19.3  20:14    171
 24   16.2   17.6  16:29   15.7  01:25    1.0    0.0    0.0    2.4   29.0  16:32    177
 25   15.5   21.1  16:00   12.1  06:55    1.4    0.0   31.8    0.3   16.1  02:05    297
 26   15.4   19.6  15:32   12.8  02:03    1.4    0.0    0.0    0.4   16.1  13:18    130
 27   17.6   24.5  14:55   13.3  05:10    0.2    0.0    0.2    0.5   16.1  02:43    338
 28   17.8   23.6  14:40   13.9  07:24    0.1    0.0    0.0    0.8   16.1  04:49    315
 29   17.9   24.1  14:37   13.7  07:43    0.1    0.0    0.0    0.4   11.3  06:56     35
 30   19.6   25.6  13:22   15.8  05:20    0.0    0.9    0.0    0.6   14.5  21:42     37
 31   19.4   25.0  11:52   16.2  23:52    0.0    0.8    0.0    0.4   14.5  08:40     51
---------------------------------------------------------------------------------------
      16.3   25.6     30   11.3     04   32.4    2.4   84.4    0.8   32.2     22    165
    
Tropske noči (Tmin >= 20): 0
Vroči dnevi (Tmax >= 30): 0
Topli dnevi (Tmax >= 25): 3
Hladni dnevi (Tmin < 0): 0
Ledeni dnevi (Tmax < 0): 0