Vremenska postaja Ravna

46.1341 N| 14.5613 E| 516 m | Prikaži na zemljevidu

Osnovna šola Trzin v sodelovanju s CZ Trzin in Vremenskim društvom ZEVS

Vreme na kratko
9.6°C 29% 1007 mbar 0.0 km/h 0.0 km/h 0.0 mm
-0.9°C/h -8%/h -0 mbar/h N/A ( N/A) N/A ( N/A) 0.0 mm/h

21/11/22 15:25:00 CET

Vremenska statistika za 12-2021

Vremenska postaja:Vantage Pro2
Programska oprema:weewx v3.8.0
WeeWX aktiven:7 d, 12 h, 56 min
Strežnik aktiven:7 d, 12 h, 29 min
                   MONTHLY CLIMATOLOGICAL SUMMARY for Dec 2021


NAME: Ravna                  
ELEV: 516 m    LAT: 46-04.79 S    LONG: 13-36.51 V


                   TEMPERATURE (°C), RAIN (mm), WIND SPEED (km/h)

                                         HEAT   COOL         AVG
      MEAN                               DEG    DEG          WIND                   DOM
DAY   TEMP   HIGH   TIME    LOW   TIME   DAYS   DAYS   RAIN  SPEED   HIGH   TIME    DIR
---------------------------------------------------------------------------------------
 01    4.6    6.7  13:00    1.3  00:00    7.4    0.0    1.4    0.5   19.3  03:06     30
 02    4.2    5.3  01:40    3.1  21:33    7.6    0.0   25.8    0.6   16.1  16:33    305
 03    3.6    7.0  12:57    0.8  23:58    8.0    0.0    0.2    0.9   22.5  12:29    151
 04    1.6    3.7  13:35    0.2  06:17    9.1    0.0    3.0    0.2   14.5  23:29    299
 05    2.5    3.4  08:09    1.6  02:27    8.6    0.0   10.2    1.1   20.9  09:55    289
 06    3.7    8.8  13:36    1.2  23:03    7.9    0.0    0.0    0.6   16.1  04:38    175
 07    1.6    6.3  14:30   -1.2  07:15    9.1    0.0    0.0    0.4   11.3  08:50    321
 08    0.7    2.5  11:52   -1.4  03:55    9.6    0.0   12.4    0.8   30.6  21:16    277
 09    1.2    1.8  16:30    0.6  01:30    9.3    0.0    8.4    0.4   25.7  00:34    266
 10    1.1    3.4  13:49   -0.1  22:19    9.4    0.0    3.0    0.8   19.3  05:29    298
 11    3.5    7.2  14:58    0.5  00:00    8.0    0.0    2.2    1.0   19.3  02:42    230
 12    5.4    9.7  12:06    2.9  06:12    7.0    0.0    0.2    0.1   11.3  21:36    358
 13    4.9    7.3  13:42    3.4  02:53    7.3    0.0    0.0    0.9   19.3  16:23    313
 14    5.6    8.3  11:31    2.8  05:00    6.9    0.0    0.0    1.1   19.3  02:02    316
 15    5.7    9.7  12:45    4.0  04:25    6.8    0.0    0.0    0.4   16.1  13:09    129
 16    5.8    8.7  12:44    3.8  04:36    6.8    0.0    0.0    0.9   19.3  10:49    122
 17    7.1   12.3  14:28    2.9  05:00    6.0    0.0    0.0    0.7   17.7  23:19    352
 18    5.0    8.7  14:20    2.7  22:29    7.2    0.0    0.0    0.5   14.5  00:30     25
 19    5.3    9.4  13:18    2.1  08:10    7.1    0.0    0.0    0.1    9.7  12:31     77
 20    5.4    9.7  13:18    2.2  01:49    7.0    0.0    0.0    1.2   20.9  02:35    123
 21    1.7    2.6  13:05    0.7  04:25    9.1    0.0    0.0    0.2   11.3  00:19    287
 22    1.2    4.6  13:15   -0.9  20:52    9.3    0.0    0.0    1.1   19.3  11:50    115
 23    2.0    3.9  14:04   -0.6  00:39    8.9    0.0    0.0    0.3    9.7  00:02    144
 24    3.4    4.4  12:07    2.2  00:00    8.1    0.0    0.0    0.0    4.8  20:50    175
 25    5.2    6.3  18:06    3.8  00:15    7.1    0.0    1.0    0.1    9.7  20:11     31
 26    4.8    6.6  12:31    2.8  23:57    7.3    0.0    7.4    0.2   17.7  23:16    329
 27    4.6    8.6  12:06    2.4  02:42    7.4    0.0    0.2    0.2   11.3  03:12     81
 28    5.9    7.2  12:34    4.3  00:02    6.7    0.0    0.2    0.0    8.0  16:06    163
 29    6.1   10.1  13:34    4.0  09:02    6.6    0.0    0.0    1.1   22.5  23:39    299
 30    9.8   13.2  13:41    5.5  03:01    4.6    0.0    0.0    0.9   17.7  00:37    343
 31   11.2   16.7  14:31    7.6  01:54    3.8    0.0    0.0    0.5   11.3  03:27     23
---------------------------------------------------------------------------------------
       4.2   16.7     31   -1.4     08  235.2    0.0   75.6    0.6   30.6     08    310
    
Tropske noči (Tmin >= 20): 0
Vroči dnevi (Tmax >= 30): 0
Topli dnevi (Tmax >= 25): 0
Hladni dnevi (Tmin < 0): 5
Ledeni dnevi (Tmax < 0): 0