Vremenska postaja Ravna

46.1341 N| 14.5613 E| 516 m | Prikaži na zemljevidu

Osnovna šola Trzin v sodelovanju s CZ Trzin in Vremenskim društvom ZEVS

Vreme na kratko
10.6°C 64% 1018 mbar 0.3 km/h 6.4 km/h 0.0 mm
2.2°C/h -5%/h 1 mbar/h ZJZ (253°) ZJZ (253°) 0.0 mm/h

16/10/21 08:35:00 CEST

Vremenska statistika za 10-2021

Vremenska postaja:Vantage Pro2
Programska oprema:weewx v3.8.0
WeeWX aktiven:9 d, 23 h, 18 min
Strežnik aktiven:9 d, 23 h, 10 min
                   MONTHLY CLIMATOLOGICAL SUMMARY for Oct 2021


NAME: Ravna                  
ELEV: 516 m    LAT: 46-04.79 S    LONG: 13-36.51 V


                   TEMPERATURE (°C), RAIN (mm), WIND SPEED (km/h)

                                         HEAT   COOL         AVG
      MEAN                               DEG    DEG          WIND                   DOM
DAY   TEMP   HIGH   TIME    LOW   TIME   DAYS   DAYS   RAIN  SPEED   HIGH   TIME    DIR
---------------------------------------------------------------------------------------
 01   14.9   20.6  15:52   11.3  06:52    1.7    0.0    0.0    1.2   20.9  11:56    132
 02   14.4   19.8  14:31   10.2  06:57    2.0    0.0    0.0    0.7   19.3  14:05    138
 03   16.0   20.4  13:51   12.9  00:00    1.1    0.0    5.4    0.9   22.5  21:24    167
 04   16.4   18.2  15:45   15.3  23:54    0.9    0.0   10.2    2.1   29.0  11:58    156
 05   16.6   18.3  14:22   14.7  02:54    0.8    0.0    1.4    2.8   37.0  12:55    138
 06   12.1   15.5  00:00    8.6  23:29    3.3    0.0   20.0    0.4   17.7  17:21    265
 07   11.9   13.5  16:24    8.7  00:00    3.4    0.0    0.0    0.2   17.7  01:15    222
 08   12.4   14.2  15:45   10.6  23:57    3.1    0.0    0.0    0.3   19.3  20:38    151
 09   11.8   17.1  13:02    7.8  23:58    3.5    0.0    0.0    1.1   25.7  04:13    148
 10    9.7   13.8  12:39    7.3  03:17    4.6    0.0    0.0    0.9   24.1  14:23    141
 11   11.7   18.3  14:29    8.1  01:34    3.5    0.0    0.0    0.3   16.1  12:30    136
 12    9.6   13.7  16:11    6.7  06:59    4.6    0.0    0.0    0.1   11.3  01:10    291
 13   10.4   17.4  13:34    6.4  06:19    4.2    0.0    0.0    0.6   19.3  12:22    152
 14    9.4   15.3  14:27    4.8  07:41    4.8    0.0    0.0    0.5   14.5  11:51    147
 15   10.3   17.2  14:53    5.9  07:09    4.3    0.0    0.0    0.4   17.7  01:58    120
 16    8.5   10.6  08:34    7.7  06:25    5.3    0.0    0.0    0.5   16.1  03:47    250
 17
 18
 19
 20
 21
 22
 23
 24
 25
 26
 27
 28
 29
 30
 31
---------------------------------------------------------------------------------------
      12.4   20.6     01    4.8     14   51.0    0.0   37.0    0.8   37.0     05    149
    
Tropske noči (Tmin >= 20): 0
Vroči dnevi (Tmax >= 30): 0
Topli dnevi (Tmax >= 25): 0
Hladni dnevi (Tmin < 0): 0
Ledeni dnevi (Tmax < 0): 0