Vremenska postaja Ravna

46.1341 N| 14.5613 E| 516 m | Prikaži na zemljevidu

Osnovna šola Trzin v sodelovanju s CZ Trzin in Vremenskim društvom ZEVS

Vreme na kratko
16.2°C 89% 1020 mbar 0.0 km/h 0.0 km/h 0.0 mm
0.1°C/h -1%/h 0 mbar/h N/A ( N/A) N/A ( N/A) 0.0 mm/h

26/09/21 08:00:00 CEST

Vremenska statistika za 09-2021

Vremenska postaja:Vantage Pro2
Programska oprema:weewx v3.8.0
WeeWX aktiven:3 d, 11 h, 8 min
Strežnik aktiven:6 d, 6 h, 21 min
                   MONTHLY CLIMATOLOGICAL SUMMARY for Sep 2021


NAME: Ravna                  
ELEV: 516 m    LAT: 46-04.79 S    LONG: 13-36.51 V


                   TEMPERATURE (°C), RAIN (mm), WIND SPEED (km/h)

                                         HEAT   COOL         AVG
      MEAN                               DEG    DEG          WIND                   DOM
DAY   TEMP   HIGH   TIME    LOW   TIME   DAYS   DAYS   RAIN  SPEED   HIGH   TIME    DIR
---------------------------------------------------------------------------------------
 01   19.0   26.9  15:22   12.5  06:53    0.0    0.6    0.0    0.7   19.3  00:09     87
 02   19.2   25.9  15:57   13.9  07:41    0.0    0.7    0.0    0.8   20.9  13:03    161
 03   19.8   25.7  14:36   15.2  06:35    0.0    1.0    0.0    0.8   20.9  13:59    136
 04   20.4   26.6  13:48   15.0  05:54    0.0    1.3    0.0    0.7   19.3  05:12    129
 05   20.7   25.8  14:22   16.6  07:07    0.0    1.5    0.0    1.7   27.4  14:48    132
 06   20.7   26.0  14:02   15.0  06:42    0.0    1.5    0.0    1.6   25.7  12:33    132
 07   20.1   25.7  12:56   15.3  07:15    0.0    1.1    0.0    1.4   24.1  14:25    146
 08   19.5   24.6  15:35   14.8  06:02    0.0    0.8    0.0    2.5   29.0  14:50    142
 09   20.1   26.9  15:00   15.1  07:15    0.0    1.2    0.0    1.4   20.9  15:05    129
 10   20.1   27.3  15:12   14.2  04:35    0.0    1.2    0.0    1.6   27.4  16:50    137
 11   20.5   27.5  15:23   14.8  05:33    0.0    1.4    0.0    1.2   19.3  13:50    128
 12   22.5   28.9  14:53   17.8  06:06    0.0    2.5    0.0    1.3   25.7  12:56    132
 13   22.6   29.3  13:50   15.9  06:55    0.0    2.6    0.0    1.1   20.9  15:11    138
 14   22.6   29.8  13:56   17.2  07:09    0.0    2.5    0.0    1.2   17.7  14:02    147
 15   21.4   27.2  13:00   16.8  05:20    0.0    1.9    0.0    1.5   22.5  12:09    142
 16   19.0   22.1  10:48   16.8  23:47    0.0    0.5   13.6    1.5   24.1  18:14    162
 17   17.8   23.9  17:01   14.3  23:59    0.1    0.0   38.2    0.5   20.9  15:44    227
 18   17.2   24.1  15:58   13.2  04:28    0.4    0.0    0.0    0.6   19.3  14:28    143
 19   16.0   18.9  13:34   12.4  23:45    1.1    0.0   31.8    0.8   25.7  23:00    270
 20   14.6   19.0  14:05   11.6  21:15    1.9    0.0    0.0    1.7   22.5  11:20    129
 21   14.8   20.4  15:10   11.2  06:55    1.8    0.0    0.0    1.5   22.5  12:05    123
 22   14.3   19.8  13:50   10.7  06:30    2.0    0.0    0.0    0.7   16.1  11:15    132
 23   14.8   21.3  15:04   10.2  06:06    1.8    0.0    0.0    0.4   17.7  14:45    158
 24   15.8   19.4  15:17   13.8  23:27    1.2    0.0    0.0    0.3   14.5  16:52    143
 25   16.6   20.8  14:11   13.2  03:37    0.8    0.0    0.0    0.4   14.5  14:05    134
 26   16.2   16.4  00:00   15.9  04:27    1.0    0.0    0.0    0.0    3.2  05:45    229
 27
 28
 29
 30
---------------------------------------------------------------------------------------
      18.8   29.8     14   10.2     23   12.1   22.3   83.6    1.1   29.0     08    139
    
Tropske noči (Tmin >= 20): 0
Vroči dnevi (Tmax >= 30): 0
Topli dnevi (Tmax >= 25): 14
Hladni dnevi (Tmin < 0): 0
Ledeni dnevi (Tmax < 0): 0