Vremenska postaja Ravna

46.1341 N| 14.5613 E| 516 m | Prikaži na zemljevidu

Osnovna šola Trzin v sodelovanju s CZ Trzin in Vremenskim društvom ZEVS

Vreme na kratko
16.1°C 89% 1020 mbar 0.0 km/h 0.0 km/h 0.0 mm
-0.1°C/h -1%/h 0 mbar/h N/A ( N/A) N/A ( N/A) 0.0 mm/h

26/09/21 07:40:00 CEST

Vremenska statistika za 08-2021

Vremenska postaja:Vantage Pro2
Programska oprema:weewx v3.8.0
WeeWX aktiven:3 d, 10 h, 48 min
Strežnik aktiven:6 d, 6 h, 1 min
                   MONTHLY CLIMATOLOGICAL SUMMARY for Aug 2021


NAME: Ravna                  
ELEV: 516 m    LAT: 46-04.79 S    LONG: 13-36.51 V


                   TEMPERATURE (°C), RAIN (mm), WIND SPEED (km/h)

                                         HEAT   COOL         AVG
      MEAN                               DEG    DEG          WIND                   DOM
DAY   TEMP   HIGH   TIME    LOW   TIME   DAYS   DAYS   RAIN  SPEED   HIGH   TIME    DIR
---------------------------------------------------------------------------------------
 01   20.9   25.3  10:03   15.5  20:17    0.0    1.6    9.8    3.6   43.5  11:19    165
 02   18.3   23.8  16:49   14.4  04:20    0.0    0.2    0.4    0.4   19.3  05:00    249
 03   20.4   27.6  13:05   15.2  06:16    0.0    1.3    0.0    1.0   22.5  11:17    161
 04   19.3   24.6  15:10   16.0  06:09    0.0    0.7   36.8    0.4   16.1  11:13    269
 05   17.4   24.5  15:26   15.3  19:18    0.3    0.0   24.4    0.7   19.3  00:23    318
 06   20.0   26.2  14:47   14.3  05:59    0.0    1.1    0.0    0.8   22.5  16:05    135
 07   22.0   27.6  13:22   17.4  05:40    0.0    2.2    0.0    0.7   24.1  15:38    141
 08   23.1   27.8  14:51   18.7  23:56    0.0    2.8    0.0    1.1   27.4  12:42    160
 09   22.8   29.5  16:56   17.6  04:32    0.0    2.7    0.0    0.7   17.7  12:07    113
 10   24.2   31.6  15:13   17.8  03:14    0.0    3.4    0.0    0.7   20.9  13:48    139
 11   25.6   33.7  16:16   18.7  04:15    0.0    4.2    0.0    0.8   19.3  13:27    137
 12   26.5   33.7  15:35   21.2  06:01    0.0    4.7    0.0    0.6   12.9  11:10    138
 13   26.8   34.6  16:05   20.0  05:29    0.0    4.9    0.0    0.4   16.1  23:57    114
 14   27.5   34.7  15:08   21.7  07:19    0.0    5.3    0.0    1.0   19.3  13:36    133
 15   26.5   32.6  16:20   21.9  05:35    0.0    4.7    0.0    0.3   16.1  06:49     92
 16   24.7   32.2  14:20   17.1  23:57    0.0    3.7   12.0    2.1   51.5  23:20    185
 17   19.7   24.8  14:50   15.7  05:26    0.0    1.0    5.2    1.6   25.7  12:41    134
 18   19.7   25.2  15:23   15.4  02:11    0.0    0.9    0.0    1.4   30.6  10:47    133
 19   21.2   27.6  17:26   16.2  06:20    0.0    1.8    0.0    0.6   16.1  03:14    131
 20   22.6   29.0  14:30   17.4  06:01    0.0    2.6    0.0    1.1   22.5  14:03    131
 21   23.8   30.3  15:53   18.4  07:16    0.0    3.2    0.0    1.3   17.7  11:59    128
 22   23.3   29.4  15:26   17.7  06:55    0.0    3.0    0.0    0.7   17.7  15:00    122
 23   17.3   21.7  00:01   14.6  10:33    0.4    0.0   16.8    1.1   22.5  09:54    206
 24   19.7   26.1  14:47   14.6  05:25    0.0    1.0    0.0    1.4   24.1  14:32    142
 25   18.8   24.7  15:21   15.2  06:32    0.0    0.4    0.0    1.2   24.1  11:24    132
 26   17.5   22.7  11:39   13.4  06:19    0.3    0.0   17.6    0.9   17.7  13:45    139
 27   16.4   22.9  14:23   12.4  05:51    0.9    0.0    2.4    0.5   19.3  11:38    142
 28   15.2   20.4  14:22   12.4  09:24    1.6    0.0    2.0    0.9   25.7  07:58    198
 29   15.6   21.6  12:05   12.1  19:20    1.3    0.0    1.8    0.6   19.3  11:35    136
 30   15.0   19.9  14:44   11.8  02:53    1.7    0.0    0.8    0.2   16.1  14:50    121
 31   16.8   23.2  15:44   11.6  07:06    0.7    0.0    0.2    0.4   16.1  04:04    138
---------------------------------------------------------------------------------------
      20.9   34.7     14   11.6     31    7.2   57.5  130.2    0.9   51.5     16    147
    
Tropske noči (Tmin >= 20): 4
Vroči dnevi (Tmax >= 30): 8
Topli dnevi (Tmax >= 25): 19
Hladni dnevi (Tmin < 0): 0
Ledeni dnevi (Tmax < 0): 0