Vremenska postaja Ravna

46.1341 N| 14.5613 E| 516 m | Prikaži na zemljevidu

Osnovna šola Trzin v sodelovanju s CZ Trzin in Vremenskim društvom ZEVS

Vreme na kratko
7.8°C 70% 1017 mbar 1.2 km/h 11.3 km/h 0.0 mm
-0.1°C/h 1%/h 0 mbar/h JZ (236°) JZ (236°) 0.0 mm/h

16/10/21 06:40:00 CEST

Vremenska statistika za 07-2021

Vremenska postaja:Vantage Pro2
Programska oprema:weewx v3.8.0
WeeWX aktiven:9 d, 21 h, 23 min
Strežnik aktiven:9 d, 21 h, 15 min
                   MONTHLY CLIMATOLOGICAL SUMMARY for Jul 2021


NAME: Ravna                  
ELEV: 516 m    LAT: 46-04.79 S    LONG: 13-36.51 V


                   TEMPERATURE (°C), RAIN (mm), WIND SPEED (km/h)

                                         HEAT   COOL         AVG
      MEAN                               DEG    DEG          WIND                   DOM
DAY   TEMP   HIGH   TIME    LOW   TIME   DAYS   DAYS   RAIN  SPEED   HIGH   TIME    DIR
---------------------------------------------------------------------------------------
 01   19.4   26.3  12:47   14.1  05:20    0.0    0.8    7.6    1.9   25.7  12:47    167
 02   20.1   26.4  11:33   16.3  05:46    0.0    1.2    0.4    0.7   19.3  00:12    180
 03   22.0   28.0  13:12   16.4  05:35    0.0    2.2    0.0    1.3   20.9  14:11    152
 04   19.8   27.2  14:22   16.7  23:56    0.0    1.0   19.8    0.7   22.5  14:49    146
 05   20.9   27.6  12:52   15.2  06:03    0.0    1.6    1.4    0.7   17.7  03:46    148
 06   23.5   30.4  13:52   16.3  05:44    0.0    3.1    0.0    1.1   20.9  15:54    130
 07   25.7   31.7  14:32   19.6  05:58    0.0    4.3    0.0    1.1   20.9  13:40    130
 08   26.3   32.4  16:08   21.4  04:39    0.0    4.6    0.0    1.4   25.7  23:07    172
 09   23.3   27.8  13:44   18.3  06:14    0.0    3.0    0.0    1.8   24.1  11:06    140
 10   23.9   28.7  14:29   19.4  06:15    0.0    3.3    0.0    2.0   29.0  12:05    136
 11   22.9   30.5  12:55   19.3  06:48    0.0    2.7    1.0    1.2   22.5  12:43    172
 12   23.5   29.2  15:23   18.4  05:12    0.0    3.0    0.0    1.2   24.1  15:27    141
 13   23.2   29.6  12:52   18.6  23:17    0.0    2.9    9.6    0.8   29.0  17:55    358
 14   19.5   24.1  13:18   16.4  04:32    0.0    0.8   15.4    1.6   27.4  15:51    153
 15   19.7   24.4  17:37   14.7  05:50    0.0    0.9    0.0    0.2   14.5  12:26    132
 16   17.7   21.3  08:46   16.1  06:01    0.2    0.0    4.0    0.3   16.1  08:51    257
 17   21.6   24.4  11:50   19.1  00:27    0.0    2.0    0.0    0.1   14.5  13:19    203
 18   24.1   30.3  11:24   21.3  01:03    0.0    3.4    0.0    0.7   27.4  14:43    140
 19   26.0   31.7  13:42   21.2  00:13    0.0    4.4    0.0    0.6   22.5  11:41    140
 20   22.8   28.3  11:54   17.4  06:19    0.0    2.7    4.4    0.4   19.3  13:27    201
 21   23.6   29.7  14:49   18.2  06:05    0.0    3.1    0.0    1.0   19.3  11:25    129
 22   23.2   28.9  15:04   19.1  05:38    0.0    2.9    0.0    0.6   17.7  13:30    126
 23   23.6   30.2  13:49   19.2  06:16    0.0    3.1    0.0    1.6   22.5  19:08    158
 24   23.3   28.6  15:49   18.1  04:28    0.0    2.9    0.0    0.7   25.7  13:43    148
 25   24.5   31.1  13:26   19.2  05:06    0.0    3.6    0.0    1.1   27.4  14:43    138
 26   23.9   28.4  11:39   19.5  06:31    0.0    3.3    0.0    1.7   30.6  16:28    149
 27   21.5   27.6  16:50   17.2  21:14    0.0    2.0    5.2    0.6   35.4  19:50    225
 28   22.4   29.6  13:40   17.4  02:57    0.0    2.5   10.6    1.5   25.7  14:45    148
 29   23.8   31.2  14:42   17.6  03:25    0.0    3.2    0.0    1.1   20.9  03:35    124
 30   23.5   30.6  13:23   17.8  23:06    0.0    3.1   17.6    1.2   24.1  13:23    153
 31   22.6   29.9  16:27   17.9  00:19    0.0    2.6    0.0    0.9   19.3  06:05    344
---------------------------------------------------------------------------------------
      22.6   32.4     08   14.1     01    0.2   80.1   97.0    1.0   35.4     27    145
    
Tropske noči (Tmin >= 20): 3
Vroči dnevi (Tmax >= 30): 10
Topli dnevi (Tmax >= 25): 27
Hladni dnevi (Tmin < 0): 0
Ledeni dnevi (Tmax < 0): 0