Vremenska postaja Ravna

46.1341 N| 14.5613 E| 516 m | Prikaži na zemljevidu

Osnovna šola Trzin v sodelovanju s CZ Trzin in Vremenskim društvom ZEVS

Vreme na kratko
10.6°C 63% 1018 mbar 1.3 km/h 9.7 km/h 0.0 mm
2.2°C/h -6%/h 1 mbar/h ZJZ (236°) ZJZ (236°) 0.0 mm/h

16/10/21 08:45:00 CEST

Vremenska statistika za 06-2021

Vremenska postaja:Vantage Pro2
Programska oprema:weewx v3.8.0
WeeWX aktiven:9 d, 23 h, 28 min
Strežnik aktiven:9 d, 23 h, 20 min
                   MONTHLY CLIMATOLOGICAL SUMMARY for Jun 2021


NAME: Ravna                  
ELEV: 516 m    LAT: 46-04.79 S    LONG: 13-36.51 V


                   TEMPERATURE (°C), RAIN (mm), WIND SPEED (km/h)

                                         HEAT   COOL         AVG
      MEAN                               DEG    DEG          WIND                   DOM
DAY   TEMP   HIGH   TIME    LOW   TIME   DAYS   DAYS   RAIN  SPEED   HIGH   TIME    DIR
---------------------------------------------------------------------------------------
 01   15.9   21.1  13:34   11.3  06:39    1.2    0.0    0.0    1.2   20.9  14:46    142
 02   17.2   22.6  13:14   12.3  05:53    0.5    0.0    0.0    1.3   22.5  15:33    150
 03   18.7   24.6  14:40   12.6  06:26    0.0    0.4    0.0    1.3   22.5  12:40    122
 04   20.2   25.8  13:26   14.1  04:52    0.0    1.2    0.0    1.3   25.7  14:28    134
 05   21.2   26.3  13:58   16.6  05:51    0.0    1.8    0.0    1.3   20.9  13:31    135
 06   17.6   23.6  15:43   15.1  03:43    0.2    0.0   10.6    0.2   16.1  05:45    264
 07   17.4   20.4  16:07   15.6  23:58    0.3    0.0    1.4    1.2   22.5  22:36    256
 08   20.2   26.9  11:47   14.6  02:50    0.0    1.2    8.6    1.1   20.9  00:02    297
 09   20.6   28.7  12:53   16.1  05:04    0.0    1.4    0.0    1.5   19.3  21:24    292
 10   19.5   27.7  15:08   15.8  18:30    0.0    0.9    8.2    1.4   19.3  12:24    254
 11   19.4   26.1  14:02   15.7  05:59    0.0    0.8    1.2    0.5   19.3  05:16    288
 12   21.3   27.9  15:44   15.5  01:37    0.0    1.9    0.0    1.3   19.3  13:25    135
 13   22.6   29.0  14:06   18.3  05:29    0.0    2.5    0.0    1.0   19.3  12:53    141
 14   20.4   26.7  16:14   14.3  06:40    0.0    1.3    0.0    1.1   17.7  04:11    129
 15   20.2   26.0  14:47   15.8  05:55    0.0    1.2    0.0    0.7   17.7  11:42    157
 16   22.5   29.9  14:14   16.2  06:59    0.0    2.5    0.0    1.1   19.3  17:02    134
 17   23.6   30.0  15:00   17.9  02:51    0.0    3.1    0.0    1.3   22.5  13:09    139
 18   22.7   27.5  15:59   17.9  05:30    0.0    2.6    0.0    1.0   20.9  12:29    130
 19   24.1   30.4  15:46   18.7  05:23    0.0    3.4    0.0    0.8   19.3  13:15    135
 20   24.1   28.9  12:30   20.3  05:11    0.0    3.4    0.0    0.7   16.1  12:32    145
 21   24.9   30.2  15:18   20.6  05:48    0.0    3.9    0.0    1.4   25.7  14:24    150
 22   24.3   30.1  15:16   19.0  05:54    0.0    3.5    0.0    1.0   20.9  13:22    150
 23   25.4   32.7  14:09   18.9  03:06    0.0    4.1    0.0    0.7   17.7  14:47    140
 24   25.6   31.1  14:06   20.6  06:12    0.0    4.2    0.0    1.4   22.5  14:16    150
 25   23.3   28.3  12:10   19.2  06:21    0.0    3.0    0.0    1.0   32.2  13:44    149
 26   23.8   30.3  14:45   18.1  04:47    0.0    3.2    0.0    1.3   17.7  10:07    138
 27   24.9   31.3  12:16   19.6  06:05    0.0    3.9    0.0    0.9   17.7  16:56    139
 28   25.5   32.1  13:52   19.6  04:39    0.0    4.2    0.0    1.3   22.5  15:18    129
 29   25.1   31.7  14:04   20.0  03:39    0.0    3.9    0.0    1.2   27.4  14:05    155
 30   22.7   28.9  14:19   14.5  22:44    0.0    2.6    2.2    2.2   32.2  16:20    154
---------------------------------------------------------------------------------------
      21.8   32.7     23   11.3     01    2.2   66.1   32.2    1.1   32.2     25    149
    
Tropske noči (Tmin >= 20): 4
Vroči dnevi (Tmax >= 30): 10
Topli dnevi (Tmax >= 25): 25
Hladni dnevi (Tmin < 0): 0
Ledeni dnevi (Tmax < 0): 0