Vremenska postaja Ravna

46.1341 N| 14.5613 E| 516 m | Prikaži na zemljevidu

Osnovna šola Trzin v sodelovanju s CZ Trzin in Vremenskim društvom ZEVS

Vreme na kratko
10.3°C 63% 1018 mbar 0.2 km/h 3.2 km/h 0.0 mm
2.1°C/h -5%/h 1 mbar/h JZ (229°) JZ (229°) 0.0 mm/h

16/10/21 08:30:00 CEST

Vremenska statistika za 05-2021

Vremenska postaja:Vantage Pro2
Programska oprema:weewx v3.8.0
WeeWX aktiven:9 d, 23 h, 13 min
Strežnik aktiven:9 d, 23 h, 5 min
                   MONTHLY CLIMATOLOGICAL SUMMARY for May 2021


NAME: Ravna                  
ELEV: 516 m    LAT: 46-04.79 S    LONG: 13-36.51 V


                   TEMPERATURE (°C), RAIN (mm), WIND SPEED (km/h)

                                         HEAT   COOL         AVG
      MEAN                               DEG    DEG          WIND                   DOM
DAY   TEMP   HIGH   TIME    LOW   TIME   DAYS   DAYS   RAIN  SPEED   HIGH   TIME    DIR
---------------------------------------------------------------------------------------
 01   16.2   22.7  14:50   11.9  06:10    1.0    0.0   17.8    1.2   27.4  20:25    146
 02   10.9   13.6  00:29    5.6  23:50    3.9    0.0   46.2    4.9   43.5  01:08    160
 03   10.1   16.3  14:26    4.7  06:16    4.4    0.0    6.6    1.1   29.0  13:10    146
 04   11.9   16.9  13:51    7.2  05:40    3.4    0.0    0.0    2.0   32.2  14:47    148
 05   11.0   13.7  12:25    8.2  23:50    3.9    0.0   31.2    2.4   35.4  13:00    173
 06    6.1    9.1  23:51    4.1  08:36    6.6    0.0    9.0    1.4   25.7  04:32    253
 07   11.1   15.0  15:10    8.1  23:36    3.8    0.0    7.6    1.1   19.3  21:43    214
 08   12.2   18.3  14:05    6.7  05:33    3.2    0.0    0.0    1.9   22.5  10:19    147
 09   15.0   21.4  15:23    8.3  06:14    1.7    0.0    0.0    2.0   25.7  13:12    118
 10   17.1   21.1  12:03   13.4  05:03    0.5    0.0    0.0    1.1   24.1  11:15    138
 11   17.3   23.5  13:54   12.8  23:49    0.4    0.0   10.0    1.3   20.9  10:46    149
 12   11.9   14.3  11:58   11.1  23:54    3.4    0.0   30.8    0.5   17.7  13:34    188
 13   11.0   13.0  13:09   10.0  05:31    3.9    0.0    8.2    0.5   20.9  12:49    158
 14   11.6   15.8  15:39    9.7  03:25    3.5    0.0   10.4    0.3   20.9  20:23    143
 15   12.1   17.1  11:59    9.2  06:17    3.3    0.0    5.0    1.5   24.1  16:17    147
 16   12.8   16.7  11:12   10.3  02:37    2.9    0.0   37.6    2.9   33.8  22:23    161
 17   11.6   17.2  14:42    8.2  09:54    3.5    0.0   64.4    2.5   45.1  04:51    154
 18   14.1   20.1  15:21    8.5  05:23    2.1    0.0    2.6    1.6   22.5  13:21    142
 19   10.3   14.5  16:33    7.0  06:28    4.3    0.0   17.4    0.3   17.7  07:10    247
 20   13.1   19.7  13:15    7.9  06:07    2.7    0.0    0.0    0.6   20.9  16:20    141
 21   14.0   18.9  15:28    8.9  06:06    2.2    0.0    0.0    2.0   29.0  14:29    154
 22   12.3   13.6  00:00   10.3  23:47    3.2    0.0    7.2    1.2   25.7  04:33    168
 23   11.4   17.2  13:46    8.7  18:29    3.7    0.0   22.2    3.2   35.4  15:05    186
 24    9.8   10.9  06:58    8.8  00:00    4.5    0.0   40.4    2.0   22.5  16:08    270
 25   11.1   14.9  15:21    8.1  23:54    3.8    0.0    7.4    1.7   22.5  14:38    173
 26   14.1   20.8  15:12    7.7  01:49    2.2    0.0    0.0    1.8   24.1  17:57    149
 27   15.0   21.9  14:56   10.6  23:39    1.6    0.0    4.0    0.8   20.9  23:54    161
 28   15.8   22.1  14:28    9.4  05:11    1.2    0.0    0.0    1.0   20.9  13:42    152
 29   15.6   21.2  12:49   10.9  23:28    1.3    0.0    0.4    0.7   27.4  21:59    198
 30   14.7   20.1  11:44   10.5  04:49    1.9    0.0    0.6    0.8   19.3  00:03    198
 31   15.2   21.4  12:59    9.5  06:52    1.5    0.0    0.0    1.2   19.3  13:34    135
---------------------------------------------------------------------------------------
      12.8   23.5     11    4.1     06   89.7    0.0  387.0    1.5   45.1     17    162
    
Tropske noči (Tmin >= 20): 0
Vroči dnevi (Tmax >= 30): 0
Topli dnevi (Tmax >= 25): 0
Hladni dnevi (Tmin < 0): 0
Ledeni dnevi (Tmax < 0): 0