Vremenska postaja Ravna

46.1341 N| 14.5613 E| 516 m | Prikaži na zemljevidu

Osnovna šola Trzin v sodelovanju s CZ Trzin in Vremenskim društvom ZEVS

Vreme na kratko
9.2°C 66% 1018 mbar 0.5 km/h 6.4 km/h 0.0 mm
1.1°C/h -2%/h 1 mbar/h JZ (234°) JZ (234°) 0.0 mm/h

16/10/21 08:15:00 CEST

Vremenska statistika za 04-2021

Vremenska postaja:Vantage Pro2
Programska oprema:weewx v3.8.0
WeeWX aktiven:9 d, 22 h, 58 min
Strežnik aktiven:9 d, 22 h, 50 min
                   MONTHLY CLIMATOLOGICAL SUMMARY for Apr 2021


NAME: Ravna                  
ELEV: 516 m    LAT: 46-04.79 S    LONG: 13-36.51 V


                   TEMPERATURE (°C), RAIN (mm), WIND SPEED (km/h)

                                         HEAT   COOL         AVG
      MEAN                               DEG    DEG          WIND                   DOM
DAY   TEMP   HIGH   TIME    LOW   TIME   DAYS   DAYS   RAIN  SPEED   HIGH   TIME    DIR
---------------------------------------------------------------------------------------
 01   17.0   22.6  13:24   12.2  06:45    0.6    0.0    0.0    2.3   25.7  14:51    146
 02   16.5   22.4  13:33   12.5  07:22    0.8    0.0    0.0    1.7   22.5  14:14    137
 03   11.3   15.1  12:52    7.0  23:46    3.7    0.0    0.0    3.5   32.2  09:24    137
 04    8.4   13.9  14:59    4.1  07:10    5.3    0.0    0.0    1.8   29.0  12:05    138
 05    6.9   10.0  12:23    4.2  03:42    6.1    0.0    0.0    1.7   24.1  10:46    167
 06    2.0    6.3  00:00   -2.1  22:52    8.9    0.0   10.6    0.7   25.7  16:04    175
 07    1.9    7.4  10:50   -2.9  04:42    8.9    0.0    5.2    0.6   17.7  17:51    148
 08    5.3   11.2  14:10   -0.4  06:26    7.1    0.0    0.4    2.2   30.6  12:59    141
 09    6.7   12.6  14:13    2.3  04:52    6.3    0.0    0.0    2.0   29.0  14:01    154
 10    9.0   13.8  15:31    6.4  06:56    5.0    0.0    0.0    2.5   32.2  13:27    159
 11    7.6    9.0  23:51    6.3  07:29    5.8    0.0   33.6    1.3   30.6  03:29    169
 12    9.1    9.8  17:32    6.1  23:59    4.9    0.0   80.8    2.5   27.4  05:25    160
 13    5.1    8.9  16:12    2.2  06:23    7.2    0.0   19.2    0.7   20.9  03:09    168
 14    6.4   11.4  12:33    2.1  06:18    6.5    0.0    0.0    0.9   32.2  18:09    135
 15    6.4   10.3  13:50    2.6  06:33    6.5    0.0    0.0    0.7   19.3  12:45    131
 16    7.9   13.5  14:45    3.2  06:42    5.6    0.0    0.0    0.8   19.3  11:02    143
 17    8.4   13.7  14:38    3.7  06:35    5.3    0.0    0.0    2.2   33.8  12:26    138
 18    7.6   11.4  11:07    5.2  05:27    5.8    0.0    1.2    0.7   22.5  09:59    152
 19    8.2   14.3  15:04    5.2  05:05    5.4    0.0    4.0    0.6   24.1  16:09    137
 20    8.9   15.4  14:59    5.1  06:03    5.1    0.0    1.2    0.8   19.3  13:18    129
 21    9.5   14.6  14:56    6.1  05:53    4.7    0.0    0.2    1.4   32.2  16:10    155
 22   10.5   16.2  15:16    7.3  06:03    4.2    0.0    0.2    0.6   20.9  18:06    161
 23   13.0   18.9  16:09    7.7  06:08    2.8    0.0    0.0    1.2   22.5  09:40    131
 24   14.3   20.4  15:18    8.7  06:16    2.1    0.0    0.0    1.2   29.0  13:19    151
 25   14.6   20.5  15:13    8.5  06:31    1.9    0.0    0.0    1.6   25.7  14:02    133
 26    9.4   13.3  00:05    6.8  23:59    4.8    0.0    0.0    1.5   22.5  09:18    130
 27    7.4    9.8  14:53    5.6  03:50    5.9    0.0    0.0    1.0   17.7  17:49    128
 28   11.4   16.1  11:33    6.8  01:07    3.7    0.0    0.2    0.6   20.9  11:19    134
 29   11.2   13.6  16:22    9.9  05:09    3.8    0.0   11.4    1.1   30.6  21:26    166
 30   13.7   17.8  14:19   11.2  00:00    2.4    0.0    0.8    1.9   25.7  06:40    157
---------------------------------------------------------------------------------------
       9.2   22.6     01   -2.9     07  146.8    0.0  169.0    1.4   33.8     17    147
    
Tropske noči (Tmin >= 20): 0
Vroči dnevi (Tmax >= 30): 0
Topli dnevi (Tmax >= 25): 0
Hladni dnevi (Tmin < 0): 3
Ledeni dnevi (Tmax < 0): 0