Vremenska postaja Ravna

46.1341 N| 14.5613 E| 516 m | Prikaži na zemljevidu

Osnovna šola Trzin v sodelovanju s CZ Trzin in Vremenskim društvom ZEVS

Vreme na kratko
5.6°C 70% 1014 mbar 0.0 km/h 0.0 km/h 0.0 mm
-0.2°C/h 1%/h -0 mbar/h N/A ( N/A) N/A ( N/A) 0.0 mm/h

18/04/21 04:50:00 CEST

Vremenska statistika za 03-2021

Vremenska postaja:Vantage Pro2
Programska oprema:weewx v3.8.0
WeeWX aktiven:22 d, 13 h, 39 min
Strežnik aktiven:22 d, 13 h, 31 min
                   MONTHLY CLIMATOLOGICAL SUMMARY for Mar 2021


NAME: Ravna                  
ELEV: 516 m    LAT: 46-04.79 S    LONG: 13-36.51 V


                   TEMPERATURE (°C), RAIN (mm), WIND SPEED (km/h)

                                         HEAT   COOL         AVG
      MEAN                               DEG    DEG          WIND                   DOM
DAY   TEMP   HIGH   TIME    LOW   TIME   DAYS   DAYS   RAIN  SPEED   HIGH   TIME    DIR
---------------------------------------------------------------------------------------
 01    9.5   17.4  15:02    3.3  06:31    4.7    0.0    0.0    1.1   19.3  10:57    164
 02    9.9   16.8  14:28    5.1  06:37    4.5    0.0    0.0    1.8   22.5  09:40    132
 03    9.6   16.2  13:52    4.2  06:15    4.7    0.0    0.0    1.3   24.1  13:04    191
 04    8.1   12.5  13:26    5.9  02:53    5.5    0.0    0.0    1.4   29.0  12:53    147
 05    7.8   12.4  13:19    2.7  23:37    5.7    0.0    4.2    1.1   22.5  14:17    143
 06    2.6    6.9  14:06   -0.7  06:42    8.6    0.0    0.0    3.2   32.2  03:20    129
 07    3.7   10.2  14:01   -1.3  06:41    8.0    0.0    0.0    1.3   20.9  14:32    137
 08    5.7   11.8  13:40    0.5  05:37    6.8    0.0    0.0    0.9   22.5  14:07    136
 09    5.4   10.2  13:27    1.8  06:45    7.0    0.0    0.0    2.3   24.1  10:36    125
 10    5.8   11.4  15:06    1.3  06:53    6.8    0.0    0.0    1.4   24.1  13:45    138
 11    5.5    8.4  14:19    3.6  05:23    6.9    0.0    1.2    0.9   19.3  13:11    160
 12    6.3    8.1  15:57    4.8  03:43    6.5    0.0    7.6    0.3   14.5  22:44    317
 13    7.6   10.3  13:05    5.1  00:41    5.8    0.0    0.6    1.3   29.0  13:41    168
 14    4.6    8.9  11:29    0.9  15:36    7.5    0.0    8.2    1.1   19.3  11:52    198
 15    5.2   11.4  14:38    0.3  06:59    7.1    0.0    9.2    1.1   19.3  11:59    187
 16    7.3   13.2  15:37    2.8  05:36    5.9    0.0    0.0    1.2   30.6  14:34     95
 17    5.9   11.3  14:16    2.3  04:48    6.7    0.0    0.0    1.1   19.3  12:00    172
 18    4.0    9.2  11:10    1.3  06:32    7.8    0.0    0.0    0.7   24.1  14:20    129
 19    3.4    8.6  12:24   -0.6  05:11    8.1    0.0    0.0    1.0   27.4  11:45    146
 20    2.7    8.2  12:18   -0.4  23:53    8.5    0.0    0.0    2.5   30.6  14:28    138
 21    2.8    8.2  13:26   -2.4  05:49    8.5    0.0    0.0    1.6   25.7  08:42    135
 22    6.7   12.1  13:24    2.0  03:54    6.3    0.0    0.0    0.6   19.3  13:35    126
 23    7.3   13.5  14:43    1.9  06:31    5.9    0.0    0.0    1.1   22.5  12:36    136
 24    8.2   14.3  14:49    2.5  05:48    5.4    0.0    0.0    1.9   29.0  13:17    133
 25    9.3   14.6  13:29    4.2  05:55    4.8    0.0    0.0    2.1   30.6  14:31    129
 26   10.5   16.2  13:50    6.0  04:35    4.2    0.0    0.0    2.2   25.7  13:20    137
 27    8.9   11.3  14:00    7.1  04:50    5.1    0.0    0.0    0.6   19.3  16:27    171
 28    8.9   11.2  16:01    7.2  22:29    5.0    0.0    0.2    0.7   14.5  12:49    311
 29   11.8   19.1  16:08    6.3  04:47    3.4    0.0    0.0    1.6   22.5  14:42    130
 30   16.2   22.7  16:04   10.3  06:36    1.0    0.0    0.0    2.6   25.7  14:07    223
 31   17.4   23.4  14:17   11.3  07:09    0.3    0.0    0.0    2.0   25.7  14:37    130
---------------------------------------------------------------------------------------
       7.4   23.4     31   -2.4     21  183.1    0.0   31.2    1.4   32.2     06    139
    
Tropske noči (Tmin >= 20): 0
Vroči dnevi (Tmax >= 30): 0
Topli dnevi (Tmax >= 25): 0
Hladni dnevi (Tmin < 0): 5
Ledeni dnevi (Tmax < 0): 0