Vremenska postaja Ravna

46.1341 N| 14.5613 E| 516 m | Prikaži na zemljevidu

Osnovna šola Trzin v sodelovanju s CZ Trzin in Vremenskim društvom ZEVS

Vreme na kratko
5.6°C 70% 1015 mbar 0.0 km/h 1.6 km/h 0.0 mm
-0.3°C/h 1%/h 0 mbar/h JZ (232°) JZ (232°) 0.0 mm/h

18/04/21 04:35:00 CEST

Vremenska statistika za 02-2021

Vremenska postaja:Vantage Pro2
Programska oprema:weewx v3.8.0
WeeWX aktiven:22 d, 13 h, 24 min
Strežnik aktiven:22 d, 13 h, 16 min
                   MONTHLY CLIMATOLOGICAL SUMMARY for Feb 2021


NAME: Ravna                  
ELEV: 516 m    LAT: 46-04.79 S    LONG: 13-36.51 V


                   TEMPERATURE (°C), RAIN (mm), WIND SPEED (km/h)

                                         HEAT   COOL         AVG
      MEAN                               DEG    DEG          WIND                   DOM
DAY   TEMP   HIGH   TIME    LOW   TIME   DAYS   DAYS   RAIN  SPEED   HIGH   TIME    DIR
---------------------------------------------------------------------------------------
 01    2.8    8.0  14:27   -0.9  04:13    8.4    0.0    0.0    0.8   20.9  00:09     74
 02    5.4    7.1  12:34    3.1  07:55    7.0    0.0    0.0    0.0    8.0  11:11    128
 03    5.7    7.2  21:34    4.8  05:22    6.8    0.0    7.0    0.2    9.7  19:48    185
 04    6.9    8.2  21:17    5.9  03:29    6.2    0.0    1.2    0.2    9.7  00:04    145
 05    7.8    8.4  12:43    7.4  23:58    5.6    0.0    2.6    0.2   19.3  12:16    163
 06    7.8    8.9  22:55    7.1  06:58    5.7    0.0    0.2    0.1   14.5  21:02    189
 07    9.5   10.1  13:50    8.1  23:31    4.7    0.0   33.4    6.2   51.5  19:15    157
 08    6.2    8.3  00:00    4.3  11:11    6.5    0.0   12.0    2.5   29.0  04:57    159
 09    5.9    7.8  14:33    4.5  07:40    6.7    0.0   14.8    1.3   24.1  16:44    189
 10    6.1    7.3  17:07    4.7  13:16    6.6    0.0   84.8    2.3   35.4  03:58    142
 11    2.5    5.6  12:54   -2.9  23:56    8.6    0.0    0.4    1.2   20.9  19:16    141
 12   -4.1   -2.0  12:45   -5.8  23:51   12.3    0.0    0.0    3.4   48.3  20:05    122
 13   -3.8   -0.1  14:30   -7.1  07:27   12.1    0.0    0.0    3.6   37.0  13:51    133
 14    0.7    6.2  13:25   -3.0  02:15    9.6    0.0    0.0    0.6   22.5  12:45    116
 15   -0.1    4.9  14:26   -4.3  07:26   10.1    0.0    0.0    0.9   19.3  12:24    190
 16    2.1    7.3  14:13   -1.7  07:33    8.9    0.0    0.0    1.1   17.7  13:39    149
 17    4.1    8.7  14:09    1.1  03:31    7.7    0.0    0.0    0.3   16.1  14:15    148
 18    4.4    6.2  14:52    2.3  07:39    7.5    0.0    0.0    0.3   11.3  07:21    328
 19    5.7    7.3  13:50    4.2  00:46    6.8    0.0    0.0    0.0    6.4  14:20    138
 20    7.6    9.7  13:10    5.6  01:48    5.8    0.0    0.0    0.0    4.8  03:12     75
 21    8.1   10.7  14:56    6.5  03:58    5.5    0.0    0.0    0.1   11.3  14:40    148
 22    8.1   11.2  15:47    6.7  04:36    5.5    0.0    0.0    0.3   12.9  15:50    162
 23   11.0   16.2  15:21    6.4  06:12    3.9    0.0    0.0    1.0   20.9  23:33    293
 24   16.4   23.2  12:55   11.6  07:06    0.9    0.0    0.0    1.4   19.3  02:57    234
 25   15.4   21.9  13:25   11.6  06:52    1.4    0.0    0.0    2.1   22.5  15:34    243
 26   13.7   19.7  12:56    9.1  05:09    2.4    0.0    0.0    2.4   19.3  12:58     70
 27   11.1   14.8  11:23    5.2  23:58    3.8    0.0    0.0    3.7   29.0  13:06    145
 28    7.3   14.1  15:10    2.7  06:44    5.9    0.0    0.0    2.1   29.0  09:54    134
---------------------------------------------------------------------------------------
       6.2   23.2     24   -7.1     13  183.1    0.0  156.4    1.4   51.5     07    147
    
Tropske noči (Tmin >= 20): 0
Vroči dnevi (Tmax >= 30): 0
Topli dnevi (Tmax >= 25): 0
Hladni dnevi (Tmin < 0): 7
Ledeni dnevi (Tmax < 0): 2