Vremenska postaja Ravna

46.1341 N| 14.5613 E| 516 m | Prikaži na zemljevidu

Osnovna šola Trzin v sodelovanju s CZ Trzin in Vremenskim društvom ZEVS

Vreme na kratko
5.6°C 71% 1015 mbar 0.0 km/h 8.0 km/h 0.0 mm
-0.4°C/h 3%/h 0 mbar/h N/A ( N/A) N/A ( N/A) 0.0 mm/h

18/04/21 04:25:00 CEST

Vremenska statistika za 01-2021

Vremenska postaja:Vantage Pro2
Programska oprema:weewx v3.8.0
WeeWX aktiven:22 d, 13 h, 14 min
Strežnik aktiven:22 d, 13 h, 6 min
                   MONTHLY CLIMATOLOGICAL SUMMARY for Jan 2021


NAME: Ravna                  
ELEV: 516 m    LAT: 46-04.79 S    LONG: 13-36.51 V


                   TEMPERATURE (°C), RAIN (mm), WIND SPEED (km/h)

                                         HEAT   COOL         AVG
      MEAN                               DEG    DEG          WIND                   DOM
DAY   TEMP   HIGH   TIME    LOW   TIME   DAYS   DAYS   RAIN  SPEED   HIGH   TIME    DIR
---------------------------------------------------------------------------------------
 01    3.3    4.4  18:26    2.4  23:09    8.2    0.0   14.8    1.1   24.1  20:18    307
 02    3.1    3.9  13:03    2.2  20:42    8.3    0.0   35.8    3.0   29.0  12:39    253
 03    4.0    7.4  13:05    2.5  00:56    7.8    0.0    1.4    1.7   17.7  00:40    308
 04    3.4    5.2  12:57    1.9  02:51    8.1    0.0    0.2    0.7   17.7  06:56    273
 05    3.5    7.1  12:46    2.4  06:26    8.1    0.0    2.8    0.8   17.7  23:13    273
 06    1.7    3.6  12:22    0.8  16:39    9.1    0.0    9.8    0.2   16.1  00:00    228
 07    2.2    6.4  14:34    0.7  23:02    8.8    0.0    3.0    0.3   14.5  23:21    307
 08    1.5    5.4  13:28   -0.4  23:57    9.1    0.0    0.0    0.8   17.7  22:26    242
 09    0.8    3.9  12:57   -1.4  07:47    9.6    0.0    0.0    1.7   25.7  12:34    144
 10    0.3    0.8  11:46   -0.6  23:58    9.9    0.0    0.0    3.4   33.8  10:48    127
 11   -0.6    3.1  14:44   -2.4  23:25   10.3    0.0    0.0    0.4   17.7  05:36    224
 12   -1.1    1.6  13:16   -4.2  07:55   10.6    0.0    0.0    0.5   19.3  04:39    306
 13    2.0    8.6  14:22   -2.6  07:53    8.9    0.0    0.0    0.4   16.1  06:23    197
 14    3.8    8.9  12:54    1.0  23:59    7.9    0.0    0.0    0.3   11.3  09:05     21
 15    0.9    4.7  13:45   -1.2  23:31    9.5    0.0    0.0    0.8   22.5  12:39    129
 16   -0.2    4.5  13:56   -3.6  07:36   10.1    0.0    0.0    0.5   16.1  13:57    147
 17   -0.8    2.0  13:52   -3.5  23:35   10.4    0.0    0.0    0.2   16.1  14:07    307
 18   -0.6    4.7  14:26   -3.8  05:00   10.3    0.0    0.0    0.3   16.1  07:40    199
 19    0.6    2.8  11:35   -1.8  04:18    9.7    0.0    0.0    0.0    4.8  04:00    308
 20    2.7    3.6  18:04    1.5  00:46    8.5    0.0    1.2    0.3   11.3  19:32    191
 21    5.5    7.7  22:52    3.4  00:16    6.9    0.0    9.4    1.2   35.4  22:11    180
 22    7.8    8.9  23:28    7.1  12:57    5.6    0.0   58.0    6.4   35.4  19:41    157
 23    5.1    9.2  00:21    1.8  16:13    7.2    0.0   34.0    3.2   35.4  00:27    148
 24    2.8    3.7  13:37    1.3  23:04    8.4    0.0    1.2    0.4   11.3  11:51    277
 25    1.7    3.7  14:05   -0.7  06:33    9.1    0.0    0.0    0.8   16.1  06:51    301
 26    2.4    7.3  14:07   -0.4  06:34    8.7    0.0    0.0    0.7   19.3  13:51    227
 27    1.8    5.8  12:52   -1.1  07:22    9.0    0.0    0.0    0.9   17.7  07:01    315
 28    1.5    4.8  10:39   -1.0  07:55    9.2    0.0    0.0    0.3   20.9  15:35    152
 29    2.9    4.7  17:58    1.0  04:49    8.4    0.0    2.0    0.3   11.3  13:56    325
 30    4.1    8.9  12:47    0.3  07:25    7.7    0.0    2.0    0.5   17.7  14:14    242
 31    2.7    4.2  00:00    0.7  23:52    8.5    0.0   21.0    1.8   27.4  22:00    238
---------------------------------------------------------------------------------------
       2.2    9.2     23   -4.2     12  271.8    0.0  196.6    1.1   35.4     21    188
    
Tropske noči (Tmin >= 20): 0
Vroči dnevi (Tmax >= 30): 0
Topli dnevi (Tmax >= 25): 0
Hladni dnevi (Tmin < 0): 15
Ledeni dnevi (Tmax < 0): 0