Vremenska postaja Ravna

46.1341 N| 14.5613 E| 516 m | Prikaži na zemljevidu

Osnovna šola Trzin v sodelovanju s CZ Trzin in Vremenskim društvom ZEVS

Vreme na kratko
29.9°C 54% 1015 mbar 0.0 km/h 0.0 km/h 0.0 mm
-1.1°C/h 3%/h 0 mbar/h N/A ( N/A) N/A ( N/A) 0.0 mm/h

12/08/20 16:40:00 CEST

Vremenska statistika za 2020

Vremenska postaja:Vantage Pro2
Programska oprema:weewx v3.8.0
WeeWX aktiven:12 d, 1 h, 5 min
Strežnik aktiven:12 d, 0 h, 0 min
                     CLIMATOLOGICAL SUMMARY for year 2020


NAME: Ravna                  
ELEV: 516 m    LAT: 46-04.79 S    LONG: 13-36.51 V


                                       TEMPERATURE (°C)

                              HEAT    COOL                             Tropske Vroci  Topli  Hladni  Ledeni
          MEAN   MEAN         DEG     DEG                                >=     >=     >=      <       < 
 YR  MO   MAX    MIN    MEAN  DAYS    DAYS      HI  DAY     LOW  DAY     20     30     25      0       0
---------------------------------------------------------------------------------------------------------
2020 01    8.4    2.4    5.2  220.6    0.0    12.9   11    -0.7   07      0      0      0      3      0
2020 02   10.5    3.9    6.6  183.1    0.0    14.1   14     1.3   07      0      0      0      0      0
2020 03   11.2    3.9    7.2  186.4    0.0    18.8   18    -1.6   23      0      0      0      6      0
2020 04   17.8    8.4   12.7   88.1    0.0    23.1   10    -0.1   01      0      0      0      1      0
2020 05   20.5   10.8   15.2   49.7    0.7    24.1   14     6.1   13      0      0      0      0      0
2020 06   23.1   14.4   18.1   18.1   19.2    30.3   22    11.2   11      0      1      8      0      0
2020 07   27.9   16.5   21.6    0.4   62.5    34.3   31    11.5   07      3     11     25      0      0
2020 08   29.4   19.0   23.2    0.0   35.1    34.7   01    16.2   04      4      7     10      0      0
2020 09
2020 10
2020 11
2020 12
------------------------------------------------------------------------------------------------
          17.8    9.2   12.9  746.4  117.4    34.7  Aug    -1.6  Mar      7     19     43     10      0


                  PRECIPITATION (mm)

                  MAX         ---DAYS OF RAIN---
                  OBS.               OVER
 YR  MO  TOTAL    DAY  DATE   0.20   2.00  20.00
------------------------------------------------
2020 01   43.4   33.4    28      5      2      1
2020 02   49.4   12.2    26     13      7      0
2020 03  214.6  115.0    01      9      5      4
2020 04   39.2   19.0    29      5      3      0
2020 05  243.8   72.4    12     15     12      4
2020 06  365.0   67.0    05     19     15      8
2020 07  107.8   22.6    11     12      7      2
2020 08   63.0   28.8    03      5      4      2
2020 09
2020 10
2020 11
2020 12
------------------------------------------------
        1126.2  115.0   Mar     83     55     21


           WIND SPEED (km/h)

                                DOM
 YR  MO    AVG     HI   DATE    DIR
-----------------------------------
2020 01    1.4   43.5     28    184 
2020 02    1.8   43.5     27    152 
2020 03    3.1   53.1     26    128 
2020 04    2.7   43.5     21    135 
2020 05    1.6   41.8     19    151 
2020 06    1.1   51.5     05    150 
2020 07    1.1   35.4     22    154 
2020 08    1.1   24.1     02    189 
2020 09
2020 10
2020 11
2020 12
-----------------------------------
           1.8   53.1    Mar    141