Vremenska postaja Ravna

46.1341 N| 14.5613 E| 516 m | Prikaži na zemljevidu

Osnovna šola Trzin v sodelovanju s CZ Trzin in Vremenskim društvom ZEVS

Vreme na kratko
18.1°C 90% 1013 mbar 0.1 km/h 9.7 km/h 10.6 mm
-0.1°C/h -2%/h -0 mbar/h ZSZ (302°) ZSZ (302°) 0.0 mm/h

28/07/21 22:50:00 CEST

Vremenska statistika za 12-2020

Vremenska postaja:Vantage Pro2
Programska oprema:weewx v3.8.0
WeeWX aktiven:5 d, 8 h, 33 min
Strežnik aktiven:5 d, 8 h, 5 min
                   MONTHLY CLIMATOLOGICAL SUMMARY for Dec 2020


NAME: Ravna                  
ELEV: 516 m    LAT: 46-04.79 S    LONG: 13-36.51 V


                   TEMPERATURE (°C), RAIN (mm), WIND SPEED (km/h)

                                         HEAT   COOL         AVG
      MEAN                               DEG    DEG          WIND                   DOM
DAY   TEMP   HIGH   TIME    LOW   TIME   DAYS   DAYS   RAIN  SPEED   HIGH   TIME    DIR
---------------------------------------------------------------------------------------
 01    0.9    4.3  12:20   -0.9  07:50    9.5    0.0    0.0    1.8   27.4  22:00    120
 02   -1.1    0.3  00:03   -2.0  10:51   10.6    0.0    0.0    1.6   29.0  03:14    132
 03   -0.6    0.8  14:55   -2.6  01:25   10.3    0.0    0.0    1.0   40.2  01:31    253
 04    2.0    6.6  23:58   -0.5  03:20    8.9    0.0   14.6    1.5   22.5  21:56    313
 05    9.3   11.6  16:30    5.6  01:07    4.8    0.0   18.2    5.1   40.2  21:54     76
 06    7.4   10.8  00:00    6.3  23:46    5.9    0.0   77.8    2.8   33.8  09:40    255
 07    4.5    6.4  01:07    1.8  21:43    7.5    0.0   27.4    1.2   24.1  19:46    271
 08    2.6    3.6  09:25    1.7  20:08    8.5    0.0   55.6    2.9   30.6  23:28    235
 09    3.3    4.6  06:27    1.8  23:41    8.1    0.0   17.2    2.3   35.4  09:14    208
 10    3.5    6.2  13:57    1.6  04:32    8.1    0.0    0.2    1.2   16.1  02:54    278
 11    3.1    5.2  10:42    2.2  23:15    8.3    0.0    0.2    1.2   19.3  06:54    289
 12    3.4    7.8  13:37    1.9  07:57    8.1    0.0    0.0    0.9   20.9  20:02    295
 13    4.2    8.6  13:00    1.5  06:30    7.6    0.0    0.0    1.9   20.9  06:20    290
 14    5.2   10.1  13:16    1.6  00:47    7.1    0.0    0.0    1.9   22.5  21:09    303
 15    5.0    7.1  10:06    1.7  09:04    7.2    0.0    0.0    1.1   22.5  06:39    303
 16    6.3    8.5  11:39    5.2  05:20    6.5    0.0    0.0    0.2    9.7  12:37    163
 17    6.4    8.0  11:27    5.1  05:42    6.4    0.0    0.0    0.2   11.3  21:09    298
 18    7.1   12.2  14:22    4.2  06:19    6.1    0.0    0.0    1.0   19.3  05:30    309
 19    6.8   10.4  12:24    5.2  07:52    6.2    0.0    0.4    0.3   11.3  01:28    252
 20    6.9    7.7  18:50    6.2  06:38    6.2    0.0    0.6    0.0    4.8  00:10    349
 21    7.2    7.6  13:16    6.9  23:52    6.0    0.0    2.6    0.1    8.0  21:52    168
 22    6.2    6.9  00:00    5.8  05:13    6.6    0.0    1.0    0.0    8.0  01:35    167
 23    6.1    6.9  20:07    5.8  06:56    6.6    0.0    1.2    0.1    8.0  13:00    190
 24    7.7    8.8  18:15    6.2  06:17    5.7    0.0   23.2    2.0   32.2  18:48    174
 25    5.2    8.7  00:00    3.2  19:29    7.1    0.0   11.8    1.0   25.7  17:01    176
 26    2.7    6.1  12:51   -0.9  23:59    8.5    0.0    0.0    1.5   22.5  11:32    162
 27   -0.2    3.0  12:08   -1.6  04:46   10.1    0.0    0.0    1.9   30.6  03:27    142
 28    1.8    6.4  15:30   -2.1  06:43    9.0    0.0   27.0    5.1   66.0  15:29    136
 29    3.3    6.2  19:30    0.7  01:22    8.1    0.0   19.6    0.8   22.5  00:00    195
 30    3.6    7.9  13:54    1.9  05:05    8.0    0.0    5.4    0.4   16.1  00:45    291
 31    4.0    6.9  14:58    2.4  00:00    7.8    0.0    0.0    0.4   17.7  07:48    242
---------------------------------------------------------------------------------------
       4.3   12.2     18   -2.6     03  235.5    0.0  304.0    1.4   66.0     28    203
    
Tropske noči (Tmin >= 20): 0
Vroči dnevi (Tmax >= 30): 0
Topli dnevi (Tmax >= 25): 0
Hladni dnevi (Tmin < 0): 7
Ledeni dnevi (Tmax < 0): 0