Vremenska postaja Ravna

46.1341 N| 14.5613 E| 516 m | Prikaži na zemljevidu

Osnovna šola Trzin v sodelovanju s CZ Trzin in Vremenskim društvom ZEVS

Vreme na kratko
17.9°C 91% 1013 mbar 0.0 km/h 3.2 km/h 10.6 mm
0.1°C/h -1%/h 0 mbar/h ZSZ (296°) ZSZ (296°) 0.0 mm/h

28/07/21 22:35:00 CEST

Vremenska statistika za 11-2020

Vremenska postaja:Vantage Pro2
Programska oprema:weewx v3.8.0
WeeWX aktiven:5 d, 8 h, 18 min
Strežnik aktiven:5 d, 7 h, 50 min
                   MONTHLY CLIMATOLOGICAL SUMMARY for Nov 2020


NAME: Ravna                  
ELEV: 516 m    LAT: 46-04.79 S    LONG: 13-36.51 V


                   TEMPERATURE (°C), RAIN (mm), WIND SPEED (km/h)

                                         HEAT   COOL         AVG
      MEAN                               DEG    DEG          WIND                   DOM
DAY   TEMP   HIGH   TIME    LOW   TIME   DAYS   DAYS   RAIN  SPEED   HIGH   TIME    DIR
---------------------------------------------------------------------------------------
 01   12.5   17.7  11:35   10.1  07:06    3.0    0.0    0.0    0.4   14.5  07:02    282
 02   11.0   12.2  14:56   10.2  06:21    3.9    0.0    0.0    0.2   11.3  11:29    155
 03   10.8   12.2  13:13    9.6  05:26    4.0    0.0    0.6    0.0    9.7  04:01    180
 04   11.5   14.2  11:21    8.9  06:46    3.6    0.0    0.0    1.2   22.5  20:25    233
 05   11.9   15.8  14:13    9.5  23:59    3.4    0.0    0.0    2.9   27.4  07:54    245
 06   11.2   17.1  13:44    7.5  05:39    3.8    0.0    0.0    1.7   25.7  03:41    230
 07   12.8   20.1  14:01    8.8  04:51    2.9    0.0    0.0    0.6   17.7  05:02    214
 08   11.5   16.8  12:28    6.9  06:36    3.6    0.0    0.0    0.5   17.7  13:30    142
 09   11.4   18.4  14:18    6.9  06:21    3.7    0.0    0.0    1.2   20.9  21:56    279
 10    7.2   12.7  12:30    3.9  23:17    6.0    0.0    0.0    0.9   24.1  20:07    164
 11    5.8   10.0  13:24    3.7  04:39    6.8    0.0    0.0    1.2   22.5  10:09    122
 12    6.7    9.5  14:22    3.7  04:15    6.3    0.0    2.4    0.6   24.1  04:14    290
 13    8.7   11.0  11:27    7.6  04:18    5.2    0.0    0.0    0.0    9.7  00:00    311
 14    9.8   14.0  12:39    8.2  07:21    4.6    0.0    0.0    0.3   16.1  13:57    132
 15    9.1   11.2  13:14    7.2  04:09    4.9    0.0    0.0    0.1    9.7  18:44    148
 16    8.4    9.3  18:47    7.7  10:18    5.3    0.0   28.2    0.9   20.9  12:00    270
 17    9.8   14.2  13:31    6.9  05:32    4.6    0.0    0.0    1.0   22.5  11:03    142
 18   10.9   17.8  13:50    7.3  03:30    3.9    0.0    0.0    0.6   17.7  12:15    226
 19    9.9   15.4  13:11    5.7  07:27    4.5    0.0    0.0    1.0   14.5  01:16    303
 20    7.7   10.6  13:16    4.6  22:48    5.7    0.0    0.0    0.9   22.5  09:18    178
 21    5.1    9.1  11:48    1.2  23:45    7.1    0.0    0.0    1.0   24.1  11:56    147
 22    5.0   11.4  14:00    0.7  07:23    7.2    0.0    0.0    0.4   24.1  12:50    124
 23    6.4    9.8  14:07    3.4  05:58    6.4    0.0    0.0    0.4   11.3  11:15    134
 24    6.4   10.1  13:17    3.7  22:52    6.5    0.0    0.0    2.1   24.1  06:52    128
 25    6.1   12.4  14:17    2.3  05:23    6.6    0.0    0.0    0.6   17.7  08:29      8
 26    6.6   11.3  11:27    3.6  05:03    6.3    0.0    0.0    0.3   11.3  11:40    132
 27    6.1   10.4  12:28    3.8  04:28    6.6    0.0    0.0    0.1   14.5  13:11    116
 28    5.6    8.6  15:01    2.8  06:25    6.9    0.0    0.0    0.3   16.1  19:17    283
 29    3.2    6.8  13:07    1.0  21:32    8.2    0.0    0.0    1.1   25.7  11:36    125
 30    2.4    6.9  12:55    0.3  05:51    8.7    0.0    0.0    1.3   22.5  12:26    124
---------------------------------------------------------------------------------------
       8.4   20.1     07    0.3     30  160.4    0.0   31.2    0.8   27.4     05    179
    
Tropske noči (Tmin >= 20): 0
Vroči dnevi (Tmax >= 30): 0
Topli dnevi (Tmax >= 25): 0
Hladni dnevi (Tmin < 0): 0
Ledeni dnevi (Tmax < 0): 0