Vremenska postaja Ravna

46.1341 N| 14.5613 E| 516 m | Prikaži na zemljevidu

Osnovna šola Trzin v sodelovanju s CZ Trzin in Vremenskim društvom ZEVS

Vreme na kratko
17.9°C 92% 1013 mbar 0.0 km/h 0.0 km/h 10.6 mm
0.1°C/h 1%/h 0 mbar/h N/A ( N/A) N/A ( N/A) 0.0 mm/h

28/07/21 22:20:00 CEST

Vremenska statistika za 10-2020

Vremenska postaja:Vantage Pro2
Programska oprema:weewx v3.8.0
WeeWX aktiven:5 d, 8 h, 3 min
Strežnik aktiven:5 d, 7 h, 35 min
                   MONTHLY CLIMATOLOGICAL SUMMARY for Oct 2020


NAME: Ravna                  
ELEV: 516 m    LAT: 46-04.79 S    LONG: 13-36.51 V


                   TEMPERATURE (°C), RAIN (mm), WIND SPEED (km/h)

                                         HEAT   COOL         AVG
      MEAN                               DEG    DEG          WIND                   DOM
DAY   TEMP   HIGH   TIME    LOW   TIME   DAYS   DAYS   RAIN  SPEED   HIGH   TIME    DIR
---------------------------------------------------------------------------------------
 01   13.7   15.5  15:06   11.6  07:00    2.4    0.0    1.2    0.0    6.4  13:12    126
 02   14.9   17.7  15:13   12.7  03:56    1.7    0.0   12.0    1.4   29.0  16:53    149
 03   16.3   18.8  10:05   12.8  23:59    1.0    0.0   48.4    2.6   54.7  17:20    172
 04   13.4   17.0  15:51   11.3  22:28    2.5    0.0   21.2    2.6   30.6  13:24    178
 05   13.0   16.1  13:23   11.1  04:32    2.8    0.0   48.2    1.4   32.2  01:16    156
 06   13.3   17.1  10:46   10.9  08:07    2.6    0.0    1.0    1.1   24.1  15:12    164
 07   12.4   17.7  15:37    9.9  23:51    3.1    0.0   12.2    0.2   16.1  11:24    246
 08   13.1   18.9  15:37    9.1  03:16    2.7    0.0    0.0    0.9   17.7  12:33    129
 09   13.7   19.8  13:49    9.8  05:47    2.4    0.0    0.0    0.6   14.5  10:52     80
 10   13.8   18.3  14:00   11.1  07:31    2.4    0.0    0.0    0.5   19.3  13:41    139
 11    7.7   12.6  00:00    4.8  20:49    5.7    0.0   47.2    1.5   27.4  16:43    155
 12    9.3   15.1  14:00    5.3  02:24    4.8    0.0    0.2    1.0   19.3  08:27    176
 13    9.8   15.4  13:34    5.7  07:46    4.6    0.0    0.0    0.9   22.5  14:01    147
 14    9.9   14.7  12:32    5.3  07:42    4.5    0.0    0.0    1.1   22.5  12:56    147
 15    7.4    8.4  00:00    5.9  18:17    5.9    0.0   26.6    1.4   20.9  13:21    212
 16    9.1   14.2  15:05    6.3  03:40    4.9    0.0    2.2    0.5   17.7  04:59    247
 17    8.7   13.4  13:11    6.9  08:09    5.1    0.0    7.6    0.3   14.5  14:20     72
 18   10.1   15.9  12:59    7.3  06:17    4.4    0.0    0.2    0.4   11.3  02:13    115
 19   10.4   14.3  14:33    7.6  07:00    4.2    0.0    0.0    0.8   20.9  08:36    261
 20   11.3   15.8  13:20    9.3  21:53    3.7    0.0    0.0    0.8   20.9  13:33    139
 21   11.9   16.2  13:48    9.8  00:00    3.4    0.0    0.0    0.5   22.5  13:14    175
 22   11.8   13.9  16:07   10.1  01:36    3.5    0.0    0.0    0.2   11.3  01:13    169
 23   12.5   14.2  15:35   11.4  02:41    3.1    0.0    5.0    0.3   11.3  18:13    163
 24   14.1   18.9  15:02   12.1  23:20    2.2    0.0   14.0    0.7   16.1  02:10    183
 25   13.2   17.3  13:21   10.9  07:23    2.7    0.0    0.0    0.6   17.7  23:01    174
 26   13.2   14.3  21:37   12.0  00:00    2.7    0.0    3.4    3.4   32.2  12:52    168
 27   12.2   14.3  14:42    8.7  23:58    3.2    0.0   22.4    2.0   27.4  04:11    149
 28   10.5   16.3  12:40    6.7  06:58    4.1    0.0    0.0    0.6   16.1  05:45    298
 29   10.9   16.9  13:35    7.7  01:55    3.9    0.0    0.0    0.6   16.1  22:57    296
 30   12.5   17.3  13:27    9.9  07:04    3.0    0.0    0.0    1.0   20.9  12:23    172
 31   12.9   18.3  13:30    8.9  05:35    2.9    0.0    0.0    0.6   11.3  07:40    121
---------------------------------------------------------------------------------------
      11.8   19.8     09    4.8     11  106.2    0.0  273.0    1.0   54.7     03    165
    
Tropske noči (Tmin >= 20): 0
Vroči dnevi (Tmax >= 30): 0
Topli dnevi (Tmax >= 25): 0
Hladni dnevi (Tmin < 0): 0
Ledeni dnevi (Tmax < 0): 0