Vremenska postaja Ravna

46.1341 N| 14.5613 E| 516 m | Prikaži na zemljevidu

Osnovna šola Trzin v sodelovanju s CZ Trzin in Vremenskim društvom ZEVS

Vreme na kratko
11.4°C 94% 1006 mbar 2.4 km/h 14.5 km/h 19.8 mm
-0.2°C/h 1%/h -0 mbar/h ZJZ (252°) ZJZ (252°) 14.6 mm/h

05/10/20 03:25:00 CEST

Vremenska statistika za 09-2020

Vremenska postaja:Vantage Pro2
Programska oprema:weewx v3.8.0
WeeWX aktiven:35 d, 19 h, 8 min
Strežnik aktiven:35 d, 18 h, 45 min
                   MONTHLY CLIMATOLOGICAL SUMMARY for Sep 2020


NAME: Ravna                  
ELEV: 516 m    LAT: 46-04.79 S    LONG: 13-36.51 V


                   TEMPERATURE (°C), RAIN (mm), WIND SPEED (km/h)

                                         HEAT   COOL         AVG
      MEAN                               DEG    DEG          WIND                   DOM
DAY   TEMP   HIGH   TIME    LOW   TIME   DAYS   DAYS   RAIN  SPEED   HIGH   TIME    DIR
---------------------------------------------------------------------------------------
 01   15.6   22.3  16:41   11.4  05:34    1.4    0.0   11.6    0.8   19.3  23:59    205
 02   16.8   22.0  16:38   13.2  05:37    0.7    0.0    5.6    1.1   20.9  00:01    220
 03   18.3   25.0  15:20   14.4  05:06    0.0    0.2    0.0    1.0   25.7  14:09    156
 04   19.2   26.3  16:02   12.8  06:47    0.0    0.7    0.0    0.9   17.7  04:58    106
 05   20.6   26.9  15:14   15.8  06:54    0.0    1.4    0.0    0.9   16.1  06:29    119
 06   20.9   27.1  13:17   16.6  05:59    0.0    1.6    0.0    0.6   19.3  14:15    107
 07   18.8   21.6  15:46   16.9  23:47    0.0    0.4    0.0    1.3   24.1  14:41    137
 08   19.3   24.4  14:58   14.9  06:42    0.0    0.7    0.0    1.7   20.9  15:37    151
 09   20.5   26.9  14:34   15.3  06:03    0.0    1.4    0.0    1.0   16.1  07:41    147
 10   21.3   27.7  13:00   16.1  05:42    0.0    1.9    0.0    0.9   17.7  13:50    125
 11   21.7   26.7  14:30   17.8  07:14    0.0    2.0    0.0    1.4   25.7  12:25    139
 12   22.2   26.9  14:10   18.3  03:03    0.0    2.3    0.0    1.9   25.7  12:29    136
 13   23.6   30.4  16:33   19.2  05:05    0.0    3.1    0.0    1.0   20.9  12:34    145
 14   23.1   28.8  15:27   18.4  06:26    0.0    2.8    0.0    1.1   20.9  04:02    150
 15   23.0   27.9  13:27   18.9  05:37    0.0    2.8    0.0    1.9   24.1  06:04    148
 16   23.1   29.0  14:50   18.7  07:13    0.0    2.8    0.0    1.5   20.9  04:18    186
 17   23.0   29.1  12:35   18.6  05:16    0.0    2.8    0.0    1.0   25.7  13:32    156
 18   19.2   23.6  15:59   15.4  23:52    0.0    0.6    0.0    1.8   27.4  14:30    184
 19   17.4   23.2  14:53   13.1  07:25    0.3    0.0    0.0    1.8   24.1  11:24    130
 20   18.5   25.1  15:43   13.4  06:43    0.0    0.3    0.0    1.1   17.7  03:12    166
 21   18.7   23.8  16:18   14.8  05:29    0.0    0.4    0.0    0.5   14.5  07:14    284
 22   17.7   23.6  12:45   15.4  18:46    0.2    0.0   10.2    0.5   17.7  12:38    119
 23   15.8   17.2  11:31   14.9  05:37    1.2    0.0   17.6    0.1    9.7  13:11    151
 24   16.9   20.8  12:17   14.3  04:37    0.6    0.0    4.2    0.9   35.4  23:21    132
 25   15.3   19.7  16:26   10.8  23:10    1.5    0.0   57.2    2.9   43.5  16:00    156
 26    9.8   14.2  15:27    6.7  06:19    4.6    0.0    7.2    0.4   17.7  06:18    222
 27   10.7   15.1  14:27    6.7  06:09    4.1    0.0    0.4    1.3   20.9  21:36    130
 28    8.6    9.4  13:17    7.8  02:45    5.2    0.0   40.0    0.7   19.3  20:30    245
 29   12.1   18.7  15:07    7.3  06:46    3.3    0.0    0.0    1.0   16.1  15:38    127
 30   13.6   19.2  14:42    9.4  06:22    2.4    0.0    0.0    0.9   19.3  13:37    117
---------------------------------------------------------------------------------------
      18.2   30.4     13    6.7     26   25.5   28.3  154.0    1.1   43.5     25    149
    
Tropske noči (Tmin >= 20): 0
Vroči dnevi (Tmax >= 30): 1
Topli dnevi (Tmax >= 25): 14
Hladni dnevi (Tmin < 0): 0
Ledeni dnevi (Tmax < 0): 0