Vremenska postaja Ravna

46.1341 N| 14.5613 E| 516 m | Prikaži na zemljevidu

Osnovna šola Trzin v sodelovanju s CZ Trzin in Vremenskim društvom ZEVS

Vreme na kratko
11.4°C 94% 1006 mbar 2.4 km/h 14.5 km/h 19.8 mm
-0.2°C/h 1%/h -0 mbar/h ZJZ (252°) ZJZ (252°) 14.6 mm/h

05/10/20 03:25:00 CEST

Vremenska statistika za 08-2020

Vremenska postaja:Vantage Pro2
Programska oprema:weewx v3.8.0
WeeWX aktiven:35 d, 19 h, 8 min
Strežnik aktiven:35 d, 18 h, 45 min
                   MONTHLY CLIMATOLOGICAL SUMMARY for Aug 2020


NAME: Ravna                  
ELEV: 516 m    LAT: 46-04.79 S    LONG: 13-36.51 V


                   TEMPERATURE (°C), RAIN (mm), WIND SPEED (km/h)

                                         HEAT   COOL         AVG
      MEAN                               DEG    DEG          WIND                   DOM
DAY   TEMP   HIGH   TIME    LOW   TIME   DAYS   DAYS   RAIN  SPEED   HIGH   TIME    DIR
---------------------------------------------------------------------------------------
 01   26.9   34.7  15:55   21.1  03:28    0.0    5.0    0.0    1.5   19.3  14:56    118
 02   20.9   24.4  10:15   19.3  05:23    0.0    1.6    3.6    1.5   24.1  11:18    243
 03   20.2   25.6  14:51   16.8  21:33    0.0    1.2   28.8    0.9   24.1  19:38    210
 04   19.1   25.9  14:59   16.2  05:21    0.0    0.6   26.4    0.7   16.1  13:57     53
 05   19.4   23.6  15:10   16.7  07:28    0.0    0.8    0.0    0.7   22.5  15:27    162
 06   22.8   29.4  15:12   17.8  00:00    0.0    2.7    0.0    0.6   17.7  14:29    149
 07   24.6   30.8  13:23   18.3  06:05    0.0    3.7    0.0    1.0   17.7  14:20    126
 08   25.8   32.3  12:48   18.9  03:33    0.0    4.4    0.0    1.3   19.3  13:26     94
 09   25.7   33.6  16:12   21.0  03:22    0.0    4.3    3.6    1.3   19.3  02:43    245
 10   25.8   31.3  13:56   20.6  06:03    0.0    4.3    0.0    1.3   17.7  13:58    134
 11   23.2   30.1  14:15   21.2  21:32    0.0    2.9    0.6    1.1   24.1  16:13    257
 12   24.8   31.6  15:49   19.7  02:46    0.0    3.8    0.0    1.2   20.9  02:37    202
 13   24.4   30.0  14:00   20.4  23:39    0.0    3.5    0.0    1.8   25.7  14:44    158
 14   21.3   30.8  14:05   16.4  20:05    0.0    1.8   15.2    1.6   22.5  17:23    248
 15   22.3   29.3  13:48   15.5  05:54    0.0    2.4    0.0    1.2   20.9  02:12    248
 16   23.9   29.8  15:39   19.3  04:23    0.0    3.3    0.0    0.8   17.7  15:12    157
 17   21.7   29.2  14:57   16.2  20:27    0.0    2.1   41.2    1.7   27.4  18:01    140
 18   18.7   24.5  12:25   15.4  03:13    0.0    0.4    3.0    1.5   24.1  14:53    269
 19   20.8   27.6  15:52   15.8  07:08    0.0    1.6    0.0    1.1   17.7  01:07    137
 20   21.9   28.2  16:03   16.5  06:17    0.0    2.1    0.0    0.9   14.5  09:10     95
 21   23.4   29.1  16:23   18.8  06:13    0.0    3.0    0.0    0.6   14.5  06:10    114
 22   24.6   29.7  14:05   21.1  03:06    0.0    3.7    0.0    0.5   14.5  12:07    134
 23   22.6   26.3  14:48   18.7  21:53    0.0    2.6    0.4    1.6   22.5  14:53    144
 24   20.4   23.6  14:02   16.1  23:05    0.0    1.3    0.4    2.7   27.4  13:47    125
 25   21.4   28.1  14:18   16.3  01:19    0.0    1.9    0.4    1.0   19.3  02:28    155
 26   20.6   25.8  13:00   15.7  06:23    0.0    1.4    0.0    0.2   14.5  13:31    143
 27   22.4   29.0  14:42   17.2  06:17    0.0    2.5    0.0    0.8   16.1  06:40    120
 28   22.7   28.6  14:10   18.0  02:30    0.0    2.6    0.0    1.2   19.3  14:54    177
 29   21.4   23.7  20:18   16.3  23:06    0.0    1.9   42.8    3.1   38.6  21:53    153
 30   18.3   22.2  13:13   16.4  00:00    0.0    0.2   31.0    2.3   61.2  08:18    158
 31   15.8   20.2  12:10   11.9  22:33    1.2    0.0   16.8    0.6   17.7  22:39    320
---------------------------------------------------------------------------------------
      22.2   34.7     01   11.9     31    1.2   73.4  214.2    1.2   61.2     30    158
    
Tropske noči (Tmin >= 20): 6
Vroči dnevi (Tmax >= 30): 9
Topli dnevi (Tmax >= 25): 24
Hladni dnevi (Tmin < 0): 0
Ledeni dnevi (Tmax < 0): 0