Vremenska postaja Ravna

46.1341 N| 14.5613 E| 516 m | Prikaži na zemljevidu

Osnovna šola Trzin v sodelovanju s CZ Trzin in Vremenskim društvom ZEVS

Vreme na kratko
11.4°C 94% 1006 mbar 2.4 km/h 14.5 km/h 19.8 mm
-0.2°C/h 1%/h -0 mbar/h ZJZ (252°) ZJZ (252°) 14.6 mm/h

05/10/20 03:25:00 CEST

Vremenska statistika za 07-2020

Vremenska postaja:Vantage Pro2
Programska oprema:weewx v3.8.0
WeeWX aktiven:35 d, 19 h, 8 min
Strežnik aktiven:35 d, 18 h, 45 min
                   MONTHLY CLIMATOLOGICAL SUMMARY for Jul 2020


NAME: Ravna                  
ELEV: 516 m    LAT: 46-04.79 S    LONG: 13-36.51 V


                   TEMPERATURE (°C), RAIN (mm), WIND SPEED (km/h)

                                         HEAT   COOL         AVG
      MEAN                               DEG    DEG          WIND                   DOM
DAY   TEMP   HIGH   TIME    LOW   TIME   DAYS   DAYS   RAIN  SPEED   HIGH   TIME    DIR
---------------------------------------------------------------------------------------
 01   23.6   30.0  15:00   18.7  04:20    0.0    3.1    0.0    1.0   17.7  13:48    117
 02   21.9   27.3  15:02   18.5  21:10    0.0    2.2    0.0    1.3   22.5  15:28    171
 03   19.7   23.3  12:08   16.3  09:02    0.0    1.0   12.0    1.1   27.4  05:54    235
 04   22.1   28.6  14:26   17.2  05:10    0.0    2.3    0.0    1.3   19.3  12:22    146
 05   23.2   29.8  15:12   16.4  05:07    0.0    2.9    0.0    0.9   16.1  14:19    149
 06   25.2   31.8  16:48   17.9  23:59    0.0    4.0   14.8    1.1   32.2  23:32    131
 07   18.3   25.4  16:19   11.5  05:18    0.0    0.2   20.4    1.5   20.9  11:23    157
 08   20.1   26.1  14:57   14.3  05:58    0.0    1.2    0.0    1.2   19.3  15:09    139
 09   22.8   30.3  15:28   16.5  04:31    0.0    2.7    0.0    1.0   19.3  05:37    130
 10   23.5   30.2  14:20   17.4  05:41    0.0    3.0    0.0    1.1   16.1  08:02    113
 11   19.7   26.8  13:54   14.5  21:08    0.0    1.0   22.6    0.9   20.9  16:37    274
 12   18.7   23.5  14:19   14.6  05:32    0.0    0.4    0.0    2.3   25.7  12:40    141
 13   18.9   24.4  13:56   14.1  04:46    0.0    0.5    0.0    1.6   22.5  14:36    135
 14   19.8   25.7  12:55   13.6  06:02    0.0    1.0    0.0    0.8   17.7  11:04    127
 15   19.6   25.3  14:39   15.3  23:45    0.0    0.9    1.0    0.7   16.1  14:56    151
 16   18.8   25.8  14:22   14.6  05:49    0.0    0.4    1.8    0.8   16.1  14:26    182
 17   18.5   23.2  15:52   14.9  05:53    0.0    0.3    4.8    1.2   22.5  12:09    146
 18   17.3   22.2  12:16   14.3  05:15    0.4    0.0    0.0    0.2   11.3  07:38    149
 19   18.9   25.8  15:47   13.1  05:34    0.0    0.5    0.0    0.6   19.3  15:26    137
 20   21.6   27.8  14:24   16.2  04:21    0.0    2.0    0.0    0.9   19.3  12:21    124
 21   23.0   28.7  14:53   17.9  05:39    0.0    2.8    0.0    1.0   19.3  13:03    117
 22   22.7   31.2  13:42   17.7  23:24    0.0    2.6   19.2    1.5   35.4  16:25    224
 23   22.2   31.0  16:33   17.4  05:46    0.0    2.4    1.6    1.8   19.3  00:51    237
 24   19.3   21.9  12:40   15.6  23:40    0.0    0.7    9.2    0.6   22.5  04:06    252
 25   20.7   26.8  15:45   15.6  00:10    0.0    1.5    0.2    0.8   19.3  13:55    125
 26   21.5   27.9  15:15   17.2  05:55    0.0    2.0    0.0    0.8   19.3  15:50    150
 27   23.9   30.9  13:55   18.2  04:35    0.0    3.3    0.0    1.6   19.3  14:10    167
 28   24.8   31.3  14:23   18.9  05:04    0.0    3.8    0.0    0.7   14.5  12:35    148
 29   26.3   33.4  14:30   20.7  06:43    0.0    4.6    0.0    0.9   17.7  12:52    138
 30   27.1   34.2  15:27   21.1  05:39    0.0    5.1    0.0    1.2   20.9  04:50    197
 31   25.8   34.3  14:43   22.2  06:04    0.0    4.4    0.2    1.1   25.7  15:48    265
---------------------------------------------------------------------------------------
      21.6   34.3     31   11.5     07    0.4   62.5  107.8    1.1   35.4     22    154
    
Tropske noči (Tmin >= 20): 3
Vroči dnevi (Tmax >= 30): 11
Topli dnevi (Tmax >= 25): 25
Hladni dnevi (Tmin < 0): 0
Ledeni dnevi (Tmax < 0): 0