Vremenska postaja Ravna

46.1341 N| 14.5613 E| 516 m | Prikaži na zemljevidu

Osnovna šola Trzin v sodelovanju s CZ Trzin in Vremenskim društvom ZEVS

Vreme na kratko
27.6°C 58% 1014 mbar 0.0 km/h 0.0 km/h 0.0 mm
-3.6°C/h 9%/h -0 mbar/h N/A ( N/A) N/A ( N/A) 0.0 mm/h

12/08/20 17:25:00 CEST

Vremenska statistika za 06-2020

Vremenska postaja:Vantage Pro2
Programska oprema:weewx v3.8.0
WeeWX aktiven:12 d, 1 h, 50 min
Strežnik aktiven:12 d, 0 h, 45 min
                   MONTHLY CLIMATOLOGICAL SUMMARY for Jun 2020


NAME: Ravna                  
ELEV: 516 m    LAT: 46-04.79 S    LONG: 13-36.51 V


                   TEMPERATURE (°C), RAIN (mm), WIND SPEED (km/h)

                                         HEAT   COOL         AVG
      MEAN                               DEG    DEG          WIND                   DOM
DAY   TEMP   HIGH   TIME    LOW   TIME   DAYS   DAYS   RAIN  SPEED   HIGH   TIME    DIR
---------------------------------------------------------------------------------------
 01   18.1   24.6  15:38   12.0  05:53    0.0    0.0    0.0    1.1   29.0  13:22    131
 02   17.9   24.4  13:32   14.0  04:01    0.1    0.0    2.6    1.4   22.5  16:41    120
 03   18.3   23.3  13:51   13.7  23:58    0.0    0.2    5.2    1.6   29.0  22:59    140
 04   13.8   17.3  09:46   12.4  21:35    2.3    0.0   64.8    3.9   43.5  14:32    163
 05   14.6   18.5  17:13   12.6  12:43    1.9    0.0   67.0    4.5   51.5  04:35    133
 06   17.4   24.4  15:29   13.4  03:48    0.3    0.0    0.4    0.0    8.0  16:52    210
 07   16.8   22.1  12:25   13.9  23:50    0.7    0.0   22.4    1.0   30.6  13:14    178
 08   13.8   15.4  12:16   12.8  23:38    2.3    0.0   35.6    0.6   14.5  05:30    251
 09   15.0   19.9  17:33   12.2  06:36    1.6    0.0   18.8    0.8   19.3  02:26    239
 10   14.6   18.2  17:22   12.6  23:58    1.9    0.0    4.2    0.1   16.1  09:42    147
 11   14.9   21.2  15:31   11.2  05:32    1.7    0.0    7.8    1.0   19.3  14:42    133
 12   16.5   21.4  15:26   12.0  04:57    0.8    0.0    0.2    0.7   27.4  14:56    150
 13   18.8   23.3  15:51   15.0  05:16    0.0    0.5    0.0    1.6   20.9  12:37    146
 14   17.0   19.2  17:15   15.8  09:14    0.5    0.0    0.0    0.4   14.5  08:46    158
 15   16.0   17.8  16:28   14.2  07:51    1.1    0.0   11.2    0.0    9.7  22:29    297
 16   18.7   24.9  14:10   14.6  04:21    0.0    0.4    0.0    0.5   12.9  19:34    168
 17   17.6   23.5  10:44   14.5  18:17    0.2    0.0   22.4    0.5   22.5  17:30     87
 18   17.0   22.0  10:23   14.1  19:31    0.5    0.0   35.4    1.9   30.6  14:33    142
 19   15.8   22.2  13:23   13.2  23:55    1.2    0.0   20.0    1.5   19.3  13:24    198
 20   17.8   23.5  16:41   13.2  00:00    0.1    0.0    0.4    0.5   16.1  14:47    138
 21   17.6   21.2  17:56   15.2  05:17    0.2    0.0    0.6    0.2   11.3  05:56    310
 22   22.8   30.3  16:35   16.4  04:06    0.0    2.7    0.0    0.9   19.3  12:03    125
 23   23.8   29.6  15:27   17.8  06:16    0.0    3.2    0.0    0.9   17.7  12:35    150
 24   20.6   25.8  16:55   17.2  05:39    0.0    1.4    0.0    0.6   14.5  14:26    159
 25   17.2   20.5  13:00   14.0  22:17    0.5    0.0   34.0    0.7   24.1  22:26    217
 26   20.0   26.6  16:03   14.2  00:00    0.0    1.1    0.0    1.5   19.3  00:35    178
 27   22.5   27.3  15:13   17.7  03:58    0.0    2.5    0.0    0.7   20.9  13:46    141
 28   23.6   29.8  14:30   18.2  04:44    0.0    3.1    0.0    1.1   17.7  12:38    129
 29   21.7   28.2  11:16   17.1  23:56    0.0    2.0   12.0    1.1   20.9  16:56    202
 30   21.8   28.1  16:06   17.1  00:00    0.0    2.1    0.0    0.7   19.3  02:38    142
---------------------------------------------------------------------------------------
      18.1   30.3     22   11.2     11   18.1   19.2  365.0    1.1   51.5     05    150
    
Tropske noči (Tmin >= 20): 0
Vroči dnevi (Tmax >= 30): 1
Topli dnevi (Tmax >= 25): 8
Hladni dnevi (Tmin < 0): 0
Ledeni dnevi (Tmax < 0): 0