Vremenska postaja Ravna

46.1341 N| 14.5613 E| 516 m | Prikaži na zemljevidu

Osnovna šola Trzin v sodelovanju s CZ Trzin in Vremenskim društvom ZEVS

Vreme na kratko
27.9°C 57% 1014 mbar 0.0 km/h 1.6 km/h 0.0 mm
-2.7°C/h 8%/h 0 mbar/h J (189°) J (189°) 0.0 mm/h

12/08/20 17:10:00 CEST

Vremenska statistika za 05-2020

Vremenska postaja:Vantage Pro2
Programska oprema:weewx v3.8.0
WeeWX aktiven:12 d, 1 h, 35 min
Strežnik aktiven:12 d, 0 h, 30 min
                   MONTHLY CLIMATOLOGICAL SUMMARY for May 2020


NAME: Ravna                  
ELEV: 516 m    LAT: 46-04.79 S    LONG: 13-36.51 V


                   TEMPERATURE (°C), RAIN (mm), WIND SPEED (km/h)

                                         HEAT   COOL         AVG
      MEAN                               DEG    DEG          WIND                   DOM
DAY   TEMP   HIGH   TIME    LOW   TIME   DAYS   DAYS   RAIN  SPEED   HIGH   TIME    DIR
---------------------------------------------------------------------------------------
 01   12.7   17.9  13:22    8.8  06:55    2.9    0.0   23.2    2.0   24.1  13:45    151
 02   13.0   21.8  12:07    9.3  14:26    2.8    0.0   13.0    1.7   22.5  14:02    237
 03   13.5   19.5  13:45    7.4  06:00    2.5    0.0    4.4    1.8   24.1  13:11    138
 04   13.9   20.0  14:51    9.0  06:59    2.3    0.0    0.0    1.9   22.5  13:36    154
 05   13.6   17.6  09:53   11.3  00:19    2.4    0.0    0.0    0.1    8.0  12:46     69
 06   13.5   19.5  16:08    9.4  06:49    2.5    0.0    0.0    1.9   22.5  09:25    128
 07   14.3   21.1  14:29    7.8  04:48    2.1    0.0    0.0    1.7   20.9  14:59    152
 08   16.2   22.9  14:21   10.7  05:58    1.0    0.0    0.0    1.7   27.4  15:29    147
 09   17.1   22.5  15:21   13.0  05:56    0.5    0.0    0.0    1.8   25.7  14:06    142
 10   16.3   21.6  15:22   13.6  03:33    0.9    0.0    0.0    1.4   25.7  11:59    137
 11   12.8   14.7  15:51   11.1  18:06    2.9    0.0   44.2    3.2   35.4  14:51    161
 12    9.8   13.3  01:00    6.1  19:44    4.6    0.0   72.4    2.5   32.2  00:00    174
 13   11.8   18.7  16:33    6.1  00:49    3.4    0.0    9.6    1.1   20.9  02:30    309
 14   17.8   24.1  14:33   13.2  23:58    0.1    0.0    1.0    1.3   27.4  23:56    144
 15   12.8   18.7  13:40    9.6  08:11    2.9    0.0   22.6    2.1   32.2  14:43    243
 16   12.4   16.7  15:10    8.4  06:18    3.1    0.0    1.0    1.5   30.6  08:50    147
 17   16.1   23.4  14:46    9.9  03:11    1.1    0.0    2.2    2.7   24.1  03:06    194
 18   18.3   23.2  15:11   14.3  06:30    0.0    0.2    0.0    2.8   27.4  09:20    143
 19   16.0   20.3  10:47   12.3  18:20    1.1    0.0   17.0    4.5   41.8  04:49    146
 20   18.6   23.7  11:24   13.2  00:00    0.0    0.3    0.0    1.7   22.5  14:12    176
 21   18.0   22.9  14:58   13.3  05:55    0.0    0.0    0.0    0.9   17.7  02:12    143
 22   17.3   21.8  15:49   14.1  04:32    0.4    0.0    0.0    0.9   17.7  16:25    170
 23   18.2   23.1  14:16   14.3  04:50    0.0    0.1    7.4    0.9   19.3  13:43    134
 24   16.6   22.9  16:30   11.3  05:00    0.8    0.0   19.4    1.2   19.3  10:46    137
 25   14.7   19.6  11:47   11.6  05:11    1.8    0.0    6.0    1.1   19.3  22:56    121
 26   15.8   20.8  15:55   10.7  05:22    1.2    0.0    0.0    1.1   22.5  15:23    140
 27   17.1   23.2  13:43   11.0  06:39    0.5    0.0    0.0    1.2   22.5  12:17    142
 28   15.8   20.6  16:26   11.6  05:05    1.2    0.0    0.4    0.7   16.1  06:01    104
 29   15.8   21.6  16:07   10.4  06:35    1.2    0.0    0.0    1.7   22.5  12:05    135
 30   15.2   19.1  15:52   11.2  06:05    1.6    0.0    0.0    1.0   16.1  11:53    140
 31   14.8   19.8  14:47   10.6  05:54    1.8    0.0    0.0    0.7   17.7  12:34    161
---------------------------------------------------------------------------------------
      15.2   24.1     14    6.1     13   49.7    0.7  243.8    1.6   41.8     19    151
    
Tropske noči (Tmin >= 20): 0
Vroči dnevi (Tmax >= 30): 0
Topli dnevi (Tmax >= 25): 0
Hladni dnevi (Tmin < 0): 0
Ledeni dnevi (Tmax < 0): 0