Vremenska postaja Ravna

46.1341 N| 14.5613 E| 516 m | Prikaži na zemljevidu

Osnovna šola Trzin v sodelovanju s CZ Trzin in Vremenskim društvom ZEVS

Vreme na kratko
28.4°C 60% 1014 mbar 0.0 km/h 0.0 km/h 0.0 mm
-2.9°C/h 13%/h 0 mbar/h N/A ( N/A) N/A ( N/A) 0.0 mm/h

12/08/20 17:00:00 CEST

Vremenska statistika za 04-2020

Vremenska postaja:Vantage Pro2
Programska oprema:weewx v3.8.0
WeeWX aktiven:12 d, 1 h, 25 min
Strežnik aktiven:12 d, 0 h, 20 min
                   MONTHLY CLIMATOLOGICAL SUMMARY for Apr 2020


NAME: Ravna                  
ELEV: 516 m    LAT: 46-04.79 S    LONG: 13-36.51 V


                   TEMPERATURE (°C), RAIN (mm), WIND SPEED (km/h)

                                         HEAT   COOL         AVG
      MEAN                               DEG    DEG          WIND                   DOM
DAY   TEMP   HIGH   TIME    LOW   TIME   DAYS   DAYS   RAIN  SPEED   HIGH   TIME    DIR
---------------------------------------------------------------------------------------
 01    4.0    8.9  15:47   -0.1  05:17    7.8    0.0    0.0    2.2   30.6  14:30    123
 02    6.0   12.1  15:23    0.7  05:44    6.7    0.0    0.0    2.2   24.1  14:15    153
 03    8.6   14.6  14:22    2.9  05:52    5.2    0.0    0.0    1.8   25.7  12:55    140
 04   11.5   16.7  13:57    7.8  06:37    3.6    0.0    0.0    2.5   29.0  13:17    137
 05   12.3   17.0  14:55    7.3  06:26    3.2    0.0    0.0    4.8   35.4  12:45    122
 06   13.9   18.6  15:31    9.3  05:27    2.3    0.0    0.0    3.9   35.4  13:40    125
 07   14.4   20.2  13:30    9.4  05:41    2.0    0.0    0.0    4.0   33.8  12:26    144
 08   14.5   18.9  14:58    9.4  06:35    1.9    0.0    0.0    3.5   29.0  15:21    131
 09   15.2   22.1  14:47    8.9  05:45    1.5    0.0    0.0    2.4   25.7  17:20    149
 10   17.1   23.1  14:23   10.8  05:58    0.5    0.0    0.0    2.2   22.5  16:06    168
 11   17.1   22.4  14:23   12.4  04:13    0.5    0.0    0.0    3.0   27.4  12:06    141
 12   16.2   21.8  14:09   11.8  05:49    1.0    0.0    0.0    3.3   33.8  12:45    143
 13   14.0   19.4  12:50   10.6  05:03    2.2    0.0    0.0    2.8   32.2  14:18    141
 14    8.3   12.5  09:44    4.0  23:55    5.4    0.0    0.4    2.3   29.0  13:29    136
 15    8.2   14.7  14:03    2.1  05:24    5.4    0.0    0.0    1.9   27.4  09:36    132
 16   11.8   17.6  12:13    6.7  03:09    3.5    0.0    0.0    2.5   25.7  17:02    153
 17   12.4   17.7  14:41    8.2  04:13    3.1    0.0    0.0    1.9   27.4  13:39    136
 18   14.0   18.9  12:41    9.6  04:59    2.2    0.0    0.0    2.1   27.4  12:07    131
 19   15.3   20.8  13:16   10.5  06:39    1.5    0.0    0.0    2.0   25.7  10:53    129
 20   11.7   14.6  00:30    9.6  09:31    3.5    0.0    0.0    4.5   33.8  20:20    126
 21   12.0   16.5  14:50    9.4  07:06    3.3    0.0    0.0    6.4   43.5  12:47    133
 22   13.4   17.8  14:08    9.3  06:15    2.6    0.0    0.0    3.9   35.4  11:23    126
 23   14.4   19.9  15:14    9.3  05:30    2.0    0.0    0.0    2.5   35.4  11:24    131
 24   14.1   19.5  11:40    9.3  04:16    2.2    0.0    0.0    2.6   29.0  13:26    140
 25   14.4   19.3  13:41   10.2  05:51    2.0    0.0    0.0    2.1   24.1  11:57    144
 26   14.5   19.1  12:24   11.0  05:57    1.9    0.0    0.4    1.7   27.4  11:53    141
 27   14.3   18.8  13:23   11.5  02:31    2.0    0.0    0.0    1.4   30.6  13:09    147
 28   13.6   17.1  14:00   11.3  23:59    2.5    0.0   11.6    1.7   27.4  14:10    162
 29   11.1   13.8  17:41    9.7  21:50    3.9    0.0   19.0    0.3   16.1  18:02    197
 30   13.1   18.4  12:43    9.0  03:55    2.7    0.0    7.8    1.4   25.7  13:16    152
---------------------------------------------------------------------------------------
      12.7   23.1     10   -0.1     01   88.1    0.0   39.2    2.7   43.5     21    135
    
Tropske noči (Tmin >= 20): 0
Vroči dnevi (Tmax >= 30): 0
Topli dnevi (Tmax >= 25): 0
Hladni dnevi (Tmin < 0): 1
Ledeni dnevi (Tmax < 0): 0