Vremenska postaja Ravna

46.1341 N| 14.5613 E| 516 m | Prikaži na zemljevidu

Osnovna šola Trzin v sodelovanju s CZ Trzin in Vremenskim društvom ZEVS

Vreme na kratko
29.1°C 51% 1015 mbar 0.3 km/h 3.2 km/h 0.0 mm
-2.2°C/h 3%/h 0 mbar/h VJV (109°) VJV (109°) 0.0 mm/h

12/08/20 16:45:00 CEST

Vremenska statistika za 03-2020

Vremenska postaja:Vantage Pro2
Programska oprema:weewx v3.8.0
WeeWX aktiven:12 d, 1 h, 10 min
Strežnik aktiven:12 d, 0 h, 5 min
                   MONTHLY CLIMATOLOGICAL SUMMARY for Mar 2020


NAME: Ravna                  
ELEV: 516 m    LAT: 46-04.79 S    LONG: 13-36.51 V


                   TEMPERATURE (°C), RAIN (mm), WIND SPEED (km/h)

                                         HEAT   COOL         AVG
      MEAN                               DEG    DEG          WIND                   DOM
DAY   TEMP   HIGH   TIME    LOW   TIME   DAYS   DAYS   RAIN  SPEED   HIGH   TIME    DIR
---------------------------------------------------------------------------------------
 01    6.0    6.9  08:59    4.6  17:22    6.7    0.0  115.0    4.2   33.8  09:22    173
 02    5.7    8.4  23:58    4.4  07:48    6.8    0.0   36.0    4.1   38.6  19:43    121
 03    6.7   10.4  12:45    4.3  21:22    6.3    0.0   25.4    2.8   30.6  01:25    160
 04    5.4    8.7  16:44    3.4  23:59    7.0    0.0    0.6    1.1   19.3  01:07    239
 05    4.5    8.7  13:18    1.2  07:21    7.5    0.0    0.8    1.6   22.5  13:58    266
 06    3.0    4.8  16:36    1.1  05:04    8.3    0.0   31.2    1.7   27.4  09:02    283
 07    7.5   12.4  12:23    3.1  02:05    5.8    0.0    0.0    1.2   19.3  12:13    243
 08    7.1   11.9  14:55    3.5  06:45    6.0    0.0    0.0    2.1   25.7  12:05    150
 09    6.9   11.8  14:59    3.3  01:55    6.2    0.0    0.0    0.9   17.7  12:50    114
 10    7.7   10.6  14:36    5.0  06:46    5.7    0.0    0.0    0.9   17.7  14:18    203
 11    9.7   15.2  14:19    5.4  07:05    4.6    0.0    0.0    2.0   22.5  11:43    138
 12   10.2   14.4  14:19    6.7  05:23    4.3    0.0    0.0    2.1   22.5  11:53    136
 13    9.0   10.4  18:01    8.0  00:07    5.0    0.0    1.2    0.5   22.5  21:16    139
 14    7.9   10.4  14:34    5.3  23:53    5.6    0.0    0.0    3.7   30.6  10:43    122
 15    6.4    9.9  14:41    3.5  06:52    6.5    0.0    0.0    3.3   30.6  12:20    125
 16    7.1   13.2  14:13    2.1  05:54    6.1    0.0    0.0    2.3   27.4  13:49    137
 17    8.9   13.6  13:46    4.7  04:23    5.1    0.0    0.0    1.8   20.9  12:18    126
 18   14.0   18.8  12:26    9.3  00:00    2.2    0.0    0.0    1.9   20.9  10:53    128
 19   13.4   18.8  13:24    9.6  05:09    2.5    0.0    0.0    2.9   27.4  16:29    151
 20   11.6   15.8  12:51    8.4  06:44    3.6    0.0    0.0    2.1   32.2  14:10    125
 21   10.8   14.2  13:56    6.3  23:59    4.0    0.0    0.0    2.1   27.4  13:23    136
 22    4.2    8.2  12:59    0.1  23:52    7.7    0.0    0.0    5.6   33.8  18:58    123
 23    2.1    7.0  12:52   -1.6  05:59    8.8    0.0    0.0    3.4   33.8  12:58    136
 24    2.9    7.7  13:24   -0.8  04:39    8.4    0.0    0.0    3.0   35.4  12:28    135
 25    1.3    4.1  11:48   -0.3  20:49    9.3    0.0    0.0    8.2   48.3  20:14    118
 26    2.8    6.4  23:30   -0.2  01:54    8.5    0.0    0.0   12.9   53.1  07:54    108
 27    8.8   13.2  14:51    5.6  03:35    5.1    0.0    0.0    6.3   43.5  00:55    117
 28   11.8   17.2  13:03    7.6  04:00    3.5    0.0    0.0    2.2   33.8  12:11    135
 29   11.5   16.6  11:39    7.8  07:21    3.6    0.0    3.6    2.2   20.9  14:31    276
 30    4.7   10.2  00:00    1.3  23:51    7.4    0.0    0.8    3.3   35.4  21:46    132
 31    2.7    6.9  14:15   -0.5  06:23    8.5    0.0    0.0    4.6   33.8  11:07    133
---------------------------------------------------------------------------------------
       7.2   18.8     18   -1.6     23  186.4    0.0  214.6    3.1   53.1     26    128
    
Tropske noči (Tmin >= 20): 0
Vroči dnevi (Tmax >= 30): 0
Topli dnevi (Tmax >= 25): 0
Hladni dnevi (Tmin < 0): 5
Ledeni dnevi (Tmax < 0): 0