Vremenska postaja Ravna

46.1341 N| 14.5613 E| 516 m | Prikaži na zemljevidu

Osnovna šola Trzin v sodelovanju s CZ Trzin in Vremenskim društvom ZEVS

Vreme na kratko
30.3°C 52% 1014 mbar 0.0 km/h 0.0 km/h 0.0 mm
-0.2°C/h 2%/h -0 mbar/h N/A ( N/A) N/A ( N/A) 0.0 mm/h

12/08/20 16:35:00 CEST

Vremenska statistika za 02-2020

Vremenska postaja:Vantage Pro2
Programska oprema:weewx v3.8.0
WeeWX aktiven:12 d, 1 h, 0 min
Strežnik aktiven:11 d, 23 h, 55 min
                   MONTHLY CLIMATOLOGICAL SUMMARY for Feb 2020


NAME: Ravna                  
ELEV: 516 m    LAT: 46-04.79 S    LONG: 13-36.51 V


                   TEMPERATURE (°C), RAIN (mm), WIND SPEED (km/h)

                                         HEAT   COOL         AVG
      MEAN                               DEG    DEG          WIND                   DOM
DAY   TEMP   HIGH   TIME    LOW   TIME   DAYS   DAYS   RAIN  SPEED   HIGH   TIME    DIR
---------------------------------------------------------------------------------------
 01    7.2    7.9  12:15    6.6  19:21    6.0    0.0    0.6    0.3   11.3  13:33    171
 02    6.2    6.9  00:02    5.7  18:55    6.5    0.0    0.6    1.3   19.3  18:06    169
 03    6.8    9.1  22:02    5.2  06:52    6.2    0.0    0.6    0.7   11.3  15:48    293
 04    6.9   11.0  15:11    4.5  20:12    6.2    0.0   10.4    2.5   30.6  05:42    160
 05    5.6   10.4  12:35    2.9  23:47    6.9    0.0    0.0    2.8   33.8  11:30    123
 06    5.2   10.2  12:47    2.3  01:05    7.1    0.0    0.0    1.3   20.9  12:53    133
 07    5.2   11.7  14:24    1.3  05:40    7.1    0.0    0.0    1.5   19.3  09:08      4
 08    5.4   10.9  13:14    1.8  07:34    7.0    0.0    0.0    1.7   22.5  13:59    141
 09    5.2    8.1  10:42    3.3  01:28    7.1    0.0    0.0    0.9   19.3  13:22    142
 10    5.0    5.9  19:34    3.9  07:42    7.2    0.0    8.2    0.7   19.3  12:28    167
 11    7.7   11.7  13:31    5.7  04:52    5.7    0.0    0.0    0.8   20.9  13:34    150
 12    7.3   12.2  14:08    3.9  07:22    5.9    0.0    0.0    1.8   27.4  14:22    124
 13    6.5   11.7  13:10    2.3  07:38    6.4    0.0    0.8    2.6   25.7  18:19    164
 14    7.8   14.1  15:06    3.3  06:30    5.7    0.0    4.0    1.8   19.3  14:23    279
 15    8.2   13.4  13:45    4.2  07:35    5.5    0.0    0.0    1.5   19.3  13:57    225
 16    7.7   12.1  15:21    4.8  05:11    5.7    0.0    0.0    1.1   20.9  16:05    150
 17    6.0    7.2  00:00    5.5  14:31    6.6    0.0    2.8    0.6    9.7  22:01    175
 18    8.3   12.6  14:25    6.4  04:34    5.4    0.0    1.2    0.8   17.7  15:46     74
 19    7.6   12.0  15:09    3.9  22:48    5.8    0.0    0.8    2.1   20.9  11:24    149
 20    5.4   10.2  15:24    2.2  07:20    7.0    0.0    0.0    1.1   17.7  16:30    144
 21    7.4   12.1  15:46    3.4  05:44    5.9    0.0    0.0    1.2   22.5  12:23    137
 22    6.8   11.1  12:10    3.7  07:18    6.2    0.0    0.0    2.7   27.4  11:34    149
 23    6.8    9.9  13:38    5.1  03:24    6.2    0.0    0.0    1.8   22.5  12:19    142
 24    8.9   12.6  14:29    5.4  00:00    5.1    0.0    0.0    1.7   24.1  12:46    116
 25    8.4    9.5  02:59    6.9  18:58    5.3    0.0    3.4    1.7   19.3  14:55    166
 26    5.3    8.3  00:18    1.9  19:10    7.1    0.0   12.2    4.2   41.8  11:10    161
 27    4.7    9.3  12:25    1.3  07:17    7.4    0.0    3.8    4.0   43.5  22:45    160
 28    6.8   11.0  13:31    2.8  23:58    6.2    0.0    0.0    2.7   35.4  11:40    112
 29    6.3   10.1  13:28    2.2  02:29    6.5    0.0    0.0    3.2   33.8  12:40    162
---------------------------------------------------------------------------------------
       6.6   14.1     14    1.3     07  183.1    0.0   49.4    1.8   43.5     27    152
    
Tropske noči (Tmin >= 20): 0
Vroči dnevi (Tmax >= 30): 0
Topli dnevi (Tmax >= 25): 0
Hladni dnevi (Tmin < 0): 0
Ledeni dnevi (Tmax < 0): 0