Vremenska postaja Ravna

46.1341 N| 14.5613 E| 516 m | Prikaži na zemljevidu

Osnovna šola Trzin v sodelovanju s CZ Trzin in Vremenskim društvom ZEVS

Vreme na kratko
30.8°C 53% 1014 mbar 0.0 km/h 1.6 km/h 0.0 mm
0.7°C/h 3%/h -0 mbar/h N/A ( N/A) N/A ( N/A) 0.0 mm/h

12/08/20 16:30:00 CEST

Vremenska statistika za 01-2020

Vremenska postaja:Vantage Pro2
Programska oprema:weewx v3.8.0
WeeWX aktiven:12 d, 0 h, 55 min
Strežnik aktiven:11 d, 23 h, 50 min
                   MONTHLY CLIMATOLOGICAL SUMMARY for Jan 2020


NAME: Ravna                  
ELEV: 516 m    LAT: 46-04.79 S    LONG: 13-36.51 V


                   TEMPERATURE (°C), RAIN (mm), WIND SPEED (km/h)

                                         HEAT   COOL         AVG
      MEAN                               DEG    DEG          WIND                   DOM
DAY   TEMP   HIGH   TIME    LOW   TIME   DAYS   DAYS   RAIN  SPEED   HIGH   TIME    DIR
---------------------------------------------------------------------------------------
 01    5.4    8.4  13:08    3.1  08:07    7.0    0.0    0.0    2.2   20.9  22:21    288
 02    6.1   10.5  13:40    1.3  06:13    6.6    0.0    0.0    1.7   22.5  00:12    313
 03    6.3    9.8  14:12    3.8  07:02    6.5    0.0    0.0    0.2    9.7  08:43     58
 04    7.6   11.7  13:13    3.2  05:55    5.8    0.0    0.0    1.5   17.7  20:29    322
 05    7.5   11.2  13:11    2.6  23:52    5.8    0.0    0.0    1.4   19.3  14:26    206
 06    1.8    5.2  14:20   -0.2  07:35    9.0    0.0    0.0    1.2   17.7  12:26    302
 07    3.6    7.5  19:04   -0.7  05:09    8.0    0.0    0.0    1.5   17.7  02:12    295
 08    4.9    8.7  14:15    2.1  07:42    7.3    0.0    0.0    2.0   20.9  11:53    307
 09    6.5   10.7  14:22    3.9  01:11    6.4    0.0    0.0    1.2   16.1  03:34    158
 10    4.6    6.7  12:29    3.3  05:11    7.4    0.0    0.0    0.6   14.5  19:26    137
 11    7.1   12.9  13:10    2.7  02:17    6.1    0.0    0.0    1.8   20.9  05:39    226
 12    4.7    8.4  13:08    2.1  07:58    7.4    0.0    0.0    1.3   20.9  10:28    125
 13    4.2    7.8  13:15    0.6  07:35    7.7    0.0    0.0    1.7   17.7  12:57    355
 14    3.8    5.8  13:42    2.2  23:55    7.9    0.0    0.0    0.6   14.5  12:36    149
 15    4.0    5.9  12:57    1.4  06:01    7.8    0.0    0.0    0.2    9.7  12:38    137
 16    6.7   11.3  15:06    2.4  07:56    6.3    0.0    0.0    1.1   16.1  06:10    311
 17    7.4   10.8  13:45    5.4  00:00    5.9    0.0    0.0    1.4   16.1  05:17    196
 18    4.6    5.8  15:51    2.9  07:00    7.4    0.0    0.2    0.9   16.1  07:40    288
 19    4.3    7.7  13:58    2.5  23:48    7.6    0.0    0.0    1.1   19.3  13:32    151
 20    3.2    6.3  11:52    1.7  07:28    8.2    0.0    0.0    3.4   32.2  19:42    139
 21    3.2    7.3  14:39    0.5  06:17    8.2    0.0    0.0    2.0   20.9  07:05    243
 22    3.9    7.8  13:43    1.6  02:56    7.8    0.0    0.0    1.3   19.3  12:55    130
 23    3.5    5.7  13:59    0.6  23:54    8.1    0.0    0.0    2.7   20.9  10:36    134
 24    4.2    8.5  13:16    0.0  01:58    7.6    0.0    0.0    1.3   16.1  12:11    132
 25    6.1    8.6  14:42    3.6  06:54    6.6    0.0    1.6    0.8   17.7  09:57    305
 26    6.2    7.2  00:00    5.1  04:48    6.5    0.0    8.0    0.2    8.0  06:37    338
 27    5.0    6.1  00:00    3.6  07:06    7.2    0.0    0.2    0.2   11.3  23:33    181
 28    5.7    6.9  11:41    4.3  05:01    6.9    0.0   33.4    4.6   43.5  12:08    165
 29    5.6   10.8  14:23    2.7  07:42    6.9    0.0    0.0    1.5   19.3  21:23    341
 30    6.5   10.9  14:28    2.4  02:55    6.4    0.0    0.0    1.9   25.7  12:45    183
 31    6.6    8.8  13:39    5.3  07:45    6.3    0.0    0.0    1.1   17.7  13:59    162
---------------------------------------------------------------------------------------
       5.2   12.9     11   -0.7     07  220.6    0.0   43.4    1.4   43.5     28    184
    
Tropske noči (Tmin >= 20): 0
Vroči dnevi (Tmax >= 30): 0
Topli dnevi (Tmax >= 25): 0
Hladni dnevi (Tmin < 0): 2
Ledeni dnevi (Tmax < 0): 0