Vremenska postaja Ravna

46.1341 N| 14.5613 E| 516 m | Prikaži na zemljevidu

Osnovna šola Trzin v sodelovanju s CZ Trzin in Vremenskim društvom ZEVS

Vreme na kratko
7.8°C 0% 998 mbar 10.7 km/h 29.0 km/h 345.2 mm
0.2°C/h 0%/h -1 mbar/h VJV (114°) VJV (114°) 0.0 mm/h

12/11/19 20:00:00 CET

Vremenska statistika za 2019

Vremenska postaja:Vantage Pro2
Programska oprema:weewx v3.8.0
WeeWX aktiven:0 d, 22 h, 57 min
Strežnik aktiven:40 d, 17 h, 19 min
                     CLIMATOLOGICAL SUMMARY for year 2019


NAME: Ravna                  
ELEV: 516 m    LAT: 46-04.79 S    LONG: 13-36.51 V


                                       TEMPERATURE (°C)

                              HEAT    COOL                             Tropske Vroci  Topli  Hladni  Ledeni
          MEAN   MEAN         DEG     DEG                                >=     >=     >=      <       < 
 YR  MO   MAX    MIN    MEAN  DAYS    DAYS      HI  DAY     LOW  DAY     20     30     25      0       0
---------------------------------------------------------------------------------------------------------
2019 01    5.2   -0.2    1.9  276.6    0.0    10.3   06    -3.8   26      0      0      0     17      1
2019 02   12.2    3.1    7.0  170.9    0.0    20.3   27    -2.9   24      0      0      0      2      0
2019 03   14.1    5.4    9.3  149.9    0.0    22.3   23     0.8   12      0      0      0      0      0
2019 04   15.5    8.4   11.6  107.5    0.0    23.5   20     5.1   14      0      0      0      0      0
2019 05   15.7    9.0   11.9  104.8    0.0    22.7   24     4.4   05      0      0      0      0      0
2019 06   28.9   18.3   23.1    0.0   85.2    35.5   26    13.7   01      8     11     26      0      0
2019 07   28.3   17.5   22.3    0.2   73.9    34.6   25    13.5   18      6      9     25      0      0
2019 08   27.8   18.1   22.4    0.0   76.2    32.7   20    13.9   14      4      6     27      0      0
2019 09   21.7   13.8   17.3   26.0   14.5    30.8   01     8.6   20      0      1      8      0      0
2019 10   17.0   11.1   13.6   75.7    0.0    22.9   23     4.9   31      0      0      0      0      0
2019 11   11.0    6.9    8.8   61.6    0.0    14.9   03     4.7   01      0      0      0      0      0
2019 12
------------------------------------------------------------------------------------------------
          18.4   10.4   13.9  973.1  249.9    35.5  Jun    -3.8  Jan     18     27     86     19      1


                  PRECIPITATION (mm)

                  MAX         ---DAYS OF RAIN---
                  OBS.               OVER
 YR  MO  TOTAL    DAY  DATE   0.20   2.00  20.00
------------------------------------------------
2019 01   67.2   28.4    18      7      5      1
2019 02  166.6   62.4    01      5      5      3
2019 03   39.4   24.8    18      8      4      1
2019 04  120.8   34.2    23     17      9      3
2019 05  342.2   53.0    28     22     15      7
2019 06   20.2   14.0    22      7      2      0
2019 07  100.6   36.4    18     16      9      1
2019 08  118.2   56.6    02     12      7      2
2019 09  129.2   37.2    08     13      8      2
2019 10   81.2   31.6    02     14      6      1
2019 11 1554.8 1118.6    11     10      8      3
2019 12
------------------------------------------------
        2740.4 1118.6   Nov    131     78     24


           WIND SPEED (km/h)

                                DOM
 YR  MO    AVG     HI   DATE    DIR
-----------------------------------
2019 01    2.1   49.9     27    148 
2019 02    3.0   48.3     01    143 
2019 03    3.3   37.0     20    145 
2019 04    2.3   37.0     26    148 
2019 05    1.6   41.8     20    157 
2019 06    1.6   29.0     16    139 
2019 07    2.0   46.7     03    149 
2019 08    1.9   37.0     03    153 
2019 09    1.9   57.9     02    140 
2019 10    1.2   30.6     16    144 
2019 11    3.2   66.0     05    172 
2019 12
-----------------------------------
           2.1   66.0    Nov    148