Vremenska postaja Ravna

46.1341 N| 14.5613 E| 516 m | Prikaži na zemljevidu

Osnovna šola Trzin v sodelovanju s CZ Trzin in Vremenskim društvom ZEVS

Vreme na kratko
11.4°C 94% 1006 mbar 2.4 km/h 14.5 km/h 19.8 mm
-0.2°C/h 1%/h -0 mbar/h ZJZ (252°) ZJZ (252°) 14.6 mm/h

05/10/20 03:25:00 CEST

Vremenska statistika za 12-2019

Vremenska postaja:Vantage Pro2
Programska oprema:weewx v3.8.0
WeeWX aktiven:35 d, 19 h, 8 min
Strežnik aktiven:35 d, 18 h, 45 min
                   MONTHLY CLIMATOLOGICAL SUMMARY for Dec 2019


NAME: Ravna                  
ELEV: 516 m    LAT: 46-04.79 S    LONG: 13-36.51 V


                   TEMPERATURE (°C), RAIN (mm), WIND SPEED (km/h)

                                         HEAT   COOL         AVG
      MEAN                               DEG    DEG          WIND                   DOM
DAY   TEMP   HIGH   TIME    LOW   TIME   DAYS   DAYS   RAIN  SPEED   HIGH   TIME    DIR
---------------------------------------------------------------------------------------
 01    3.9    4.8  20:27    3.3  04:42    7.9    0.0    9.8    1.1   16.1  12:17    309
 02    6.2    8.7  06:05    3.2  23:19    6.6    0.0   43.2    2.1   30.6  06:37    202
 03    3.0    5.8  12:54    1.1  23:53    8.3    0.0    0.0    2.1   24.1  10:50    142
 04    2.1    5.7  13:31    0.1  07:11    8.8    0.0    0.0    1.6   20.9  10:26    115
 05    2.5    6.8  14:36   -1.4  06:24    8.6    0.0    0.0    1.4   20.9  01:58    349
 06    6.5    9.1  13:25    4.1  01:27    6.4    0.0    0.0    0.1    9.7  14:59    194
 07    6.1    8.2  11:25    4.8  07:17    6.6    0.0    0.0    0.7    9.7  11:33    229
 08    5.7    6.9  12:42    4.8  05:10    6.8    0.0    0.0    0.6    8.0  00:30     22
 09    6.2    7.3  05:10    4.8  23:51    6.5    0.0    5.2    0.8   16.1  17:59    295
 10    6.2   10.7  14:07    2.3  23:54    6.5    0.0    0.2    1.3   16.1  04:06    247
 11    2.2    5.3  14:12    0.3  07:37    8.8    0.0    0.0    2.0   27.4  22:57    137
 12    0.7    2.4  14:03   -0.8  07:10    9.6    0.0    0.0    1.1   22.5  09:20    239
 13    0.7    3.7  23:56   -0.4  06:12    9.6    0.0   13.6    1.5   29.0  15:56    275
 14    5.1    8.6  14:12    2.6  06:45    7.2    0.0    6.4    1.9   17.7  00:34    324
 15    6.9    9.9  15:25    2.2  02:40    6.2    0.0    0.0    1.6   17.7  04:12    323
 16    9.6   10.3  23:24    9.0  05:17    4.7    0.0    0.2    1.0   14.5  11:19    201
 17   10.9   11.6  16:11   10.2  07:22    4.0    0.0    8.8    5.0   32.2  16:07    171
 18   10.9   11.6  13:30   10.3  00:00    3.9    0.0    6.4    3.8   24.1  05:37    163
 19   10.7   12.5  16:35    9.7  22:50    4.1    0.0   23.6    1.5   22.5  19:20     16
 20    8.9   10.3  00:20    8.1  21:20    5.0    0.0   42.4    8.5   46.7  17:15    152
 21    9.5   11.5  13:40    7.4  23:00    4.7    0.0   43.6    9.8   66.0  13:20    149
 22    6.4    7.5  00:05    5.2  16:20    6.4    0.0   21.8    1.2   19.3  19:25    245
 23    7.0    9.3  15:10    5.7  23:10    6.1    0.0    0.0    0.4    8.0  07:05    330
 24    6.7    9.6  13:10    4.1  07:15    6.3    0.0    0.0    1.1   16.1  10:10    333
 25    6.9   10.0  13:18    4.2  08:09    6.2    0.0    0.0    1.0   12.9  13:49     29
 26    7.0   10.1  14:29    4.7  05:39    6.1    0.0    0.0    1.1   11.3  05:01    132
 27    5.4    8.5  12:44    2.8  23:55    7.0    0.0    0.0    1.1   14.5  08:57    342
 28    3.4    7.3  12:58    0.6  07:37    8.1    0.0    0.0    1.0   14.5  12:55     74
 29    0.2    4.1  13:44   -2.4  08:08    9.9    0.0    0.0    0.9   14.5  09:56    121
 30    0.5    5.1  14:23   -2.9  04:16    9.7    0.0    0.0    1.7   17.7  21:19    312
 31    4.8    8.6  14:45   -0.1  00:36    7.3    0.0    0.0    1.5   19.3  23:54    324
---------------------------------------------------------------------------------------
       5.5   12.5     19   -2.9     30  214.0    0.0  225.2    1.9   66.0     21    167
    
Tropske noči (Tmin >= 20): 0
Vroči dnevi (Tmax >= 30): 0
Topli dnevi (Tmax >= 25): 0
Hladni dnevi (Tmin < 0): 6
Ledeni dnevi (Tmax < 0): 0