Vremenska postaja Ravna

46.1341 N| 14.5613 E| 516 m | Prikaži na zemljevidu

Osnovna šola Trzin v sodelovanju s CZ Trzin in Vremenskim društvom ZEVS

Vreme na kratko
4.4°C 33% 1031 mbar 0.9 km/h 8.0 km/h 0.0 mm
1.0°C/h 6%/h -0 mbar/h ZJZ (252°) ZJZ (252°) 0.0 mm/h

23/01/20 02:30:00 CET

Vremenska statistika za 11-2019

Vremenska postaja:Vantage Pro2
Programska oprema:weewx v3.8.0
WeeWX aktiven:4 d, 13 h, 50 min
Strežnik aktiven:5 d, 12 h, 4 min
                   MONTHLY CLIMATOLOGICAL SUMMARY for Nov 2019


NAME: Ravna                  
ELEV: 516 m    LAT: 46-04.79 S    LONG: 13-36.51 V


                   TEMPERATURE (°C), RAIN (mm), WIND SPEED (km/h)

                                         HEAT   COOL         AVG
      MEAN                               DEG    DEG          WIND                   DOM
DAY   TEMP   HIGH   TIME    LOW   TIME   DAYS   DAYS   RAIN  SPEED   HIGH   TIME    DIR
---------------------------------------------------------------------------------------
 01    6.6   10.1  13:18    4.7  07:13    6.3    0.0    0.0    2.4   29.0  01:42    109
 02    8.7   10.3  21:04    5.8  00:00    5.2    0.0   16.0    0.0    6.4  23:04    322
 03   13.0   14.9  14:34   10.0  00:00    2.8    0.0   41.0    7.8   64.4  18:24    152
 04   11.5   13.2  00:00   10.4  23:08    3.6    0.0   12.0    2.6   45.1  00:00    154
 05   12.2   14.1  11:17   10.2  20:23    3.2    0.0    3.8    8.0   66.0  11:27    157
 06    9.6   13.6  10:58    7.3  23:41    4.7    0.0   12.6    1.6   29.0  12:17    161
 07    8.5   13.2  12:40    5.8  06:52    5.3    0.0    4.4    2.0   22.5  13:07    141
 08    7.5    8.2  09:18    6.8  23:49    5.8    0.0    0.6    2.7   27.4  13:36    270
 09    6.9    8.2  13:47    4.9  23:04    6.2    0.0    0.0    1.8   22.5  09:26    270
 10    7.3   11.3  13:20    5.1  00:30    5.9    0.0    0.6    2.2   24.1  01:01    227
 11    6.2    7.4  11:49    4.9  06:28    6.5    0.0 1118.6    2.8   20.9  08:41    279
 12    7.2    8.1  20:24    6.2  00:01    6.0    0.0  357.2    4.6   38.6  19:06    208
 13    6.9    7.8  13:15    4.7  20:23    6.2    0.0   42.2    3.0   29.0  09:19    256
 14    6.8   10.1  14:03    4.3  06:51    6.2    0.0    0.0    1.4   17.7  11:43    135
 15    9.1   13.0  19:45    6.3  03:21    5.0    0.0   36.8    6.1   53.1  21:24     37
 16   10.0   12.2  12:12    8.0  23:21    4.4    0.0    7.2    1.5   24.1  23:50    159
 17   10.6   11.9  11:12    8.4  00:00    4.1    0.0   38.4    4.7   30.6  07:41     99
 18    7.7   10.1  15:20    6.1  04:33    5.7    0.0   14.6    1.1   37.0  00:22    245
 19    8.1   10.3  12:09    6.3  00:43    5.5    0.0   34.2    3.8   24.1  08:49    284
 20    8.7   10.2  10:19    7.8  23:23    5.2    0.0    5.2    1.4   22.5  06:13    249
 21    8.6    9.7  12:28    7.6  03:15    5.2    0.0    0.0    0.6   11.3  09:44    177
 22    8.7   10.9  14:22    6.4  07:24    5.2    0.0    0.2    1.0   11.3  10:01    332
 23    9.4   11.6  16:49    7.7  04:18    4.8    0.0    8.2    2.5   19.3  13:50    331
 24   10.5   11.3  21:09   10.1  03:02    4.2    0.0    2.6    2.7   29.0  20:53    260
 25    9.4   13.6  13:34    6.4  23:30    4.8    0.0    0.2    3.0   22.5  05:42    267
 26    6.7    9.8  12:53    5.2  23:06    6.3    0.0    0.0    2.6   20.9  01:45    150
 27    8.5   10.3  20:28    5.3  00:00    5.3    0.0   39.2    1.2   22.5  16:14    210
 28    8.7    9.4  00:55    7.7  23:19    5.2    0.0    8.4    0.7   12.9  11:14    163
 29    7.5    8.7  12:08    6.9  07:22    5.8    0.0    0.0    0.9   14.5  04:27    248
 30    6.3    9.9  10:34    4.1  23:52    6.5    0.0    0.2    1.8   20.9  10:34    118
---------------------------------------------------------------------------------------
       8.6   14.9     03    4.1     30  156.9    0.0 1804.4    2.6   66.0     05    195
    
Tropske noči (Tmin >= 20): 0
Vroči dnevi (Tmax >= 30): 0
Topli dnevi (Tmax >= 25): 0
Hladni dnevi (Tmin < 0): 0
Ledeni dnevi (Tmax < 0): 0