Vremenska postaja Ravna

46.1341 N| 14.5613 E| 516 m | Prikaži na zemljevidu

Osnovna šola Trzin v sodelovanju s CZ Trzin in Vremenskim društvom ZEVS

Vreme na kratko
11.4°C 94% 1006 mbar 2.4 km/h 14.5 km/h 19.8 mm
-0.2°C/h 1%/h -0 mbar/h ZJZ (252°) ZJZ (252°) 14.6 mm/h

05/10/20 03:25:00 CEST

Vremenska statistika za 10-2019

Vremenska postaja:Vantage Pro2
Programska oprema:weewx v3.8.0
WeeWX aktiven:35 d, 19 h, 8 min
Strežnik aktiven:35 d, 18 h, 45 min
                   MONTHLY CLIMATOLOGICAL SUMMARY for Oct 2019


NAME: Ravna                  
ELEV: 516 m    LAT: 46-04.79 S    LONG: 13-36.51 V


                   TEMPERATURE (°C), RAIN (mm), WIND SPEED (km/h)

                                         HEAT   COOL         AVG
      MEAN                               DEG    DEG          WIND                   DOM
DAY   TEMP   HIGH   TIME    LOW   TIME   DAYS   DAYS   RAIN  SPEED   HIGH   TIME    DIR
---------------------------------------------------------------------------------------
 01   17.2   19.4  15:55   15.8  05:06    0.5    0.0    1.0    0.9   16.1  22:05     77
 02   15.1   17.6  11:42   11.2  23:56    1.6    0.0   31.6    1.4   25.7  09:00    189
 03   11.5   15.2  15:59    8.3  06:10    3.6    0.0    1.0    0.8   17.7  03:03    187
 04   10.7   15.9  14:28    6.4  06:58    4.1    0.0    0.0    1.3   17.7  13:31    154
 05   12.1   15.7  12:55    8.9  06:52    3.3    0.0    0.0    0.5   16.1  12:38    135
 06   11.3   14.8  11:22    8.8  04:59    3.7    0.0    0.0    0.8   24.1  08:35    229
 07   11.1   14.7  14:20    8.7  23:56    3.8    0.0    0.0    1.9   24.1  11:28    125
 08   11.3   16.7  14:21    6.8  06:59    3.7    0.0    0.0    1.4   20.9  12:10    129
 09   12.2   13.9  13:07   10.3  01:09    3.2    0.0   17.2    0.3   24.1  19:13    211
 10   12.7   16.6  15:00   11.4  23:42    2.9    0.0    0.2    1.2   16.1  09:01    307
 11   14.1   19.3  13:31   10.2  07:16    2.2    0.0    0.0    1.5   17.7  12:05    137
 12   13.9   18.1  14:08   11.7  05:48    2.3    0.0    0.2    0.9   19.3  14:20    135
 13   14.1   16.7  15:39   12.2  06:22    2.2    0.0    0.2    0.8   16.1  13:22    127
 14   14.2   16.0  14:58   13.1  04:16    2.1    0.0    0.0    0.2    9.7  15:15    129
 15   14.0   15.0  17:08   13.3  06:13    2.2    0.0    4.8    0.4   16.1  23:22     84
 16   15.2   19.1  13:50   12.7  23:58    1.5    0.0    3.6    2.3   30.6  02:57    147
 17   13.8   18.1  12:47   10.3  07:20    2.3    0.0    0.0    1.9   20.9  12:58    125
 18   13.9   15.6  13:56   12.5  03:11    2.3    0.0    0.4    1.0   17.7  17:47    143
 19   13.8   14.5  21:51   13.1  08:52    2.4    0.0   13.0    1.7   22.5  12:31    170
 20   15.4   17.8  16:40   14.1  08:45    1.5    0.0    1.2    2.5   22.5  08:51    165
 21   15.9   17.2  17:20   14.8  23:38    1.2    0.0    0.0    0.2   11.3  05:30    184
 22   16.8   22.2  15:37   12.7  08:04    0.6    0.0    0.4    1.2   16.1  22:19     32
 23   17.8   22.9  14:05   14.1  08:34    0.1    0.0    0.0    2.0   17.7  14:21    354
 24   15.7   20.2  13:29   12.6  08:08    1.3    0.0    0.0    1.4   19.3  13:54      0
 25   16.4   21.3  15:39   12.5  07:08    0.9    0.0    0.0    1.7   16.1  00:30    330
 26   16.9   21.4  14:38   13.8  07:01    0.6    0.0    0.0    1.4   17.7  08:04    188
 27   16.1   20.1  12:43   13.7  23:40    1.0    0.0    0.0    0.9   16.1  12:06    142
 28   14.5   18.2  12:00   11.3  06:49    2.0    0.0    0.0    0.8   14.5  02:32    321
 29   10.3   13.7  00:00    6.8  23:45    4.3    0.0    6.4    0.7   17.7  08:13    227
 30    7.6    9.4  13:59    6.2  01:23    5.8    0.0    0.0    1.8   30.6  02:44    124
 31    6.4    9.1  12:35    4.9  23:08    6.5    0.0    0.0    2.1   29.0  07:46    123
---------------------------------------------------------------------------------------
      13.6   22.9     23    4.9     31   75.7    0.0   81.2    1.2   30.6     16    144
    
Tropske noči (Tmin >= 20): 0
Vroči dnevi (Tmax >= 30): 0
Topli dnevi (Tmax >= 25): 0
Hladni dnevi (Tmin < 0): 0
Ledeni dnevi (Tmax < 0): 0