Vremenska postaja Ravna

46.1341 N| 14.5613 E| 516 m | Prikaži na zemljevidu

Osnovna šola Trzin v sodelovanju s CZ Trzin in Vremenskim društvom ZEVS

Vreme na kratko
8.2°C 0% 1010 mbar 1.7 km/h 8.0 km/h 0.0 mm
1.7°C/h 0%/h 0 mbar/h VJV (124°) VJV (124°) 0.0 mm/h

14/11/19 09:30:00 CET

Vremenska statistika za 09-2019

Vremenska postaja:Vantage Pro2
Programska oprema:weewx v3.8.0
WeeWX aktiven:2 d, 12 h, 27 min
Strežnik aktiven:42 d, 6 h, 49 min
                   MONTHLY CLIMATOLOGICAL SUMMARY for Sep 2019


NAME: Ravna                  
ELEV: 516 m    LAT: 46-04.79 S    LONG: 13-36.51 V


                   TEMPERATURE (°C), RAIN (mm), WIND SPEED (km/h)

                                         HEAT   COOL         AVG
      MEAN                               DEG    DEG          WIND                   DOM
DAY   TEMP   HIGH   TIME    LOW   TIME   DAYS   DAYS   RAIN  SPEED   HIGH   TIME    DIR
---------------------------------------------------------------------------------------
 01   23.8   30.8  14:38   18.8  23:25    0.0    3.2    0.0    3.2   25.7  15:18    282
 02   20.2   27.5  14:24   17.4  15:37    0.0    1.2    9.8    2.4   57.9  15:01    275
 03   18.3   22.6  15:35   13.9  04:32    0.0    0.2   16.6    2.7   24.1  12:50    135
 04   18.8   23.6  15:46   14.2  06:16    0.0    0.4    0.0    2.4   24.1  11:57    132
 05   20.2   25.8  13:53   15.1  07:04    0.0    1.2    0.0    2.8   24.1  09:03    129
 06   17.0   20.0  03:23   13.4  23:08    0.5    0.0    8.2    5.0   33.8  09:43    116
 07   16.2   20.9  15:07   13.4  00:00    1.0    0.0    8.2    1.5   22.5  14:18    186
 08   13.2   14.8  12:10   12.2  06:29    2.7    0.0   37.2    2.6   25.7  14:07    246
 09   13.6   17.8  14:22   10.2  05:42    2.4    0.0    7.2    2.1   22.5  00:50    138
 10   16.3   22.3  14:39   10.8  06:30    0.9    0.0    0.2    1.5   19.3  08:43    283
 11   17.7   21.3  12:56   14.3  07:18    0.1    0.0    0.0    3.5   29.0  15:42    151
 12   20.4   25.7  15:21   15.8  02:01    0.0    1.3    0.0    1.5   17.7  11:19    172
 13   20.4   25.7  14:49   15.6  06:54    0.0    1.3    0.0    1.9   17.7  02:11    194
 14   20.8   25.4  14:01   16.8  05:37    0.0    1.6    0.0    1.5   17.7  04:48    215
 15   21.2   26.2  14:44   17.6  07:23    0.0    1.8    0.0    1.2   19.3  12:05    130
 16   20.2   25.4  13:29   16.2  05:45    0.0    1.2    0.0    1.5   19.3  12:15    117
 17   19.8   22.4  10:56   17.9  06:42    0.0    1.0    0.0    0.7   16.1  11:20    141
 18   16.6   20.4  10:35   12.6  20:45    0.8    0.0    0.0    2.7   30.6  19:08    119
 19   14.6   18.6  14:10   11.7  23:56    1.9    0.0    0.0    3.8   32.2  11:57    129
 20   12.6   17.4  15:47    8.6  07:25    3.0    0.0    0.0    2.2   25.7  04:16    122
 21   14.2   20.3  15:02    9.7  07:17    2.1    0.0    0.0    1.6   20.9  12:45    119
 22   13.0   17.6  12:42   10.4  04:35    2.8    0.0    0.8    0.8   20.9  12:08    122
 23   14.8   16.7  12:39   13.3  03:06    1.8    0.0   18.4    0.4   12.9  22:05    261
 24   16.7   21.5  13:54   13.3  00:01    0.7    0.0    0.0    0.8   17.7  13:35    124
 25   15.4   17.3  10:52   12.3  23:46    1.4    0.0   21.0    0.2   19.3  23:01    275
 26   15.6   21.3  14:55   10.9  08:07    1.3    0.0    0.2    1.4   17.7  13:52    163
 27   16.4   20.9  14:39   12.5  07:19    0.9    0.0    0.0    1.4   19.3  14:42     87
 28   16.9   19.6  15:15   15.2  05:35    0.6    0.0    0.8    0.7   17.7  17:54    149
 29   17.1   21.4  12:30   14.8  08:13    0.5    0.0    0.6    2.3   24.1  16:41    133
 30   17.3   19.9  14:03   16.2  06:16    0.4    0.0    0.0    1.8   20.9  02:08    157
---------------------------------------------------------------------------------------
      17.3   30.8     01    8.6     20   26.0   14.5  129.2    1.9   57.9     02    140
    
Tropske noči (Tmin >= 20): 0
Vroči dnevi (Tmax >= 30): 1
Topli dnevi (Tmax >= 25): 8
Hladni dnevi (Tmin < 0): 0
Ledeni dnevi (Tmax < 0): 0