Vremenska postaja Ravna

46.1341 N| 14.5613 E| 516 m | Prikaži na zemljevidu

Osnovna šola Trzin v sodelovanju s CZ Trzin in Vremenskim društvom ZEVS

Vreme na kratko
14.2°C 0% 1018 mbar 1.4 km/h 8.0 km/h 13.0 mm
-0.1°C/h 0%/h 0 mbar/h J (174°) J (174°) 0.0 mm/h

19/10/19 23:55:00 CEST

Vremenska statistika za 08-2019

Vremenska postaja:Vantage Pro2
Programska oprema:weewx v3.8.0
WeeWX aktiven:16 d, 20 h, 38 min
Strežnik aktiven:16 d, 20 h, 14 min
                   MONTHLY CLIMATOLOGICAL SUMMARY for Aug 2019


NAME: Ravna                  
ELEV: 516 m    LAT: 46-04.79 S    LONG: 13-36.51 V


                   TEMPERATURE (°C), RAIN (mm), WIND SPEED (km/h)

                                         HEAT   COOL         AVG
      MEAN                               DEG    DEG          WIND                   DOM
DAY   TEMP   HIGH   TIME    LOW   TIME   DAYS   DAYS   RAIN  SPEED   HIGH   TIME    DIR
---------------------------------------------------------------------------------------
 01   24.2   29.5  16:01   19.7  02:34    0.0    3.4    0.0    1.9   19.3  07:07    135
 02   19.5   23.1  17:10   14.9  23:58    0.0    0.8   56.6    1.7   29.0  19:50    244
 03   19.5   27.1  15:43   14.7  01:06    0.0    0.8   21.6    2.3   37.0  20:01    229
 04   20.5   27.3  13:46   14.1  05:19    0.0    1.4    0.0    2.1   20.9  08:34    100
 05   21.6   26.7  13:48   17.3  04:13    0.0    2.0    0.0    1.1   20.9  15:10    130
 06   22.6   28.2  15:06   18.9  03:10    0.0    2.6    0.6    0.8   22.5  15:15    140
 07   22.5   28.9  14:47   17.8  05:27    0.0    2.5    5.0    1.4   19.3  12:36    129
 08   21.8   27.9  14:33   19.2  06:35    0.0    2.1   16.4    0.6   25.7  15:11    251
 09   23.8   30.6  15:01   18.3  06:42    0.0    3.2    0.0    1.7   17.7  06:24    179
 10   24.4   29.1  15:41   19.9  06:44    0.0    3.5    0.0    0.8   16.1  14:07    129
 11   25.1   30.4  16:18   21.2  06:13    0.0    4.0    0.0    1.8   20.9  11:34    144
 12   25.8   32.2  13:11   20.7  04:52    0.0    4.3    0.0    1.7   22.5  23:02    336
 13   23.1   28.1  12:03   17.4  23:57    0.0    2.9    5.4    3.2   27.4  20:32    114
 14   19.0   24.0  15:08   13.9  07:55    0.0    0.5    1.4    2.2   22.5  15:33    149
 15   20.2   25.4  14:16   15.9  07:35    0.0    1.2    0.0    1.4   17.7  13:22    129
 16   19.9   26.4  13:55   15.9  06:46    0.0    1.1    0.4    1.5   19.3  13:54    172
 17   20.3   25.6  13:45   14.3  07:17    0.0    1.3    0.0    1.6   19.3  13:09    113
 18   22.1   27.3  15:22   17.2  05:51    0.0    2.3    0.0    0.7   14.5  12:53    141
 19   23.6   29.2  14:59   18.7  07:35    0.0    3.1    0.0    1.7   20.9  13:09    115
 20   24.7   32.7  14:53   18.7  05:52    0.0    3.7    0.0    1.8   19.3  14:36    182
 21   23.0   27.4  12:17   20.0  23:36    0.0    2.8    0.0    2.9   30.6  18:03    138
 22   19.6   23.9  16:22   16.2  04:10    0.0    0.9    4.4    2.4   24.1  04:30    165
 23   21.0   23.7  13:34   17.5  06:56    0.0    1.7    5.0    2.6   24.1  06:54    168
 24   22.1   27.2  13:50   19.3  00:54    0.0    2.3    0.2    2.6   27.4  11:55    203
 25   22.6   26.5  16:18   18.4  05:00    0.0    2.5    0.0    2.9   22.5  14:32    155
 26   23.1   27.0  13:15   19.9  06:12    0.0    2.8    0.0    2.7   30.6  11:53    159
 27   23.2   29.6  14:51   19.7  19:26    0.0    2.9    1.2    1.9   20.9  14:06    157
 28   24.0   30.1  14:21   19.9  05:00    0.0    3.3    0.0    1.7   22.5  17:37    166
 29   23.2   29.4  14:58   19.3  05:44    0.0    2.9    0.0    2.2   20.9  20:14    262
 30   23.9   28.3  14:24   19.3  02:38    0.0    3.3    0.0    3.3   25.7  14:39    151
 31   25.4   30.2  13:28   22.1  06:27    0.0    4.1    0.0    1.9   22.5  12:52    152
---------------------------------------------------------------------------------------
      22.4   32.7     20   13.9     14    0.0   76.2  118.2    1.9   37.0     03    153
    
Tropske noči (Tmin >= 20): 4
Vroči dnevi (Tmax >= 30): 6
Topli dnevi (Tmax >= 25): 27
Hladni dnevi (Tmin < 0): 0
Ledeni dnevi (Tmax < 0): 0