Vremenska postaja Ravna

46.1341 N| 14.5613 E| 516 m | Prikaži na zemljevidu

Osnovna šola Trzin v sodelovanju s CZ Trzin in Vremenskim društvom ZEVS

Vreme na kratko
13.8°C 0% 1018 mbar 0.0 km/h 0.0 km/h 0.0 mm
-0.1°C/h 0%/h -1 mbar/h N/A ( N/A) N/A ( N/A) 0.0 mm/h

15/10/19 03:00:00 CEST

Vremenska statistika za 07-2019

Vremenska postaja:Vantage Pro2
Programska oprema:weewx v3.8.0
WeeWX aktiven:11 d, 23 h, 43 min
Strežnik aktiven:11 d, 23 h, 19 min
                   MONTHLY CLIMATOLOGICAL SUMMARY for Jul 2019


NAME: Ravna                  
ELEV: 516 m    LAT: 46-04.79 S    LONG: 13-36.51 V


                   TEMPERATURE (°C), RAIN (mm), WIND SPEED (km/h)

                                         HEAT   COOL         AVG
      MEAN                               DEG    DEG          WIND                   DOM
DAY   TEMP   HIGH   TIME    LOW   TIME   DAYS   DAYS   RAIN  SPEED   HIGH   TIME    DIR
---------------------------------------------------------------------------------------
 01   25.6   32.3  14:22   20.1  06:58    0.0    4.2    0.0    2.1   32.2  15:11    122
 02   24.6   32.8  15:51   17.7  23:42    0.0    3.6    3.2    2.0   25.7  14:09    168
 03   22.2   30.3  14:28   16.8  21:00    0.0    2.3    4.2    3.4   46.7  18:04    178
 04   21.8   26.4  15:42   17.2  03:45    0.0    2.1    0.0    3.1   24.1  12:04    147
 05   23.7   29.3  14:04   18.1  05:22    0.0    3.1    0.0    2.5   25.7  12:20    141
 06   24.0   29.3  15:49   17.4  23:49    0.0    3.4   11.2    1.9   27.4  15:18    145
 07   20.9   27.2  12:38   16.7  01:47    0.0    1.6    3.0    1.5   20.9  13:20    244
 08   21.0   27.7  13:12   15.3  23:41    0.0    1.7    7.0    2.0   24.1  13:23    137
 09   18.8   24.2  15:30   14.8  01:11    0.0    0.4    0.2    1.8   24.1  02:52    139
 10   19.5   23.7  17:07   16.3  03:04    0.0    0.9    0.2    3.6   30.6  10:13    125
 11   18.6   23.7  14:23   14.5  06:53    0.0    0.3    0.2    1.3   19.3  11:01    166
 12   19.6   26.2  13:26   14.8  05:52    0.0    0.9    0.0    1.6   20.9  14:47    111
 13   18.2   25.2  12:44   15.7  05:46    0.0    0.1    8.0    1.7   25.7  15:21    226
 14   18.4   24.8  12:27   14.1  04:26    0.0    0.2    0.2    1.8   25.7  11:59    209
 15   19.9   24.1  13:03   15.9  06:00    0.0    1.0    0.0    3.1   25.7  12:54    125
 16   21.7   27.9  16:10   15.3  05:01    0.0    2.0    0.0    0.9   20.9  13:35    151
 17   22.0   26.8  14:21   17.4  06:02    0.0    2.2    0.0    1.6   30.6  14:33    140
 18   19.2   27.2  13:50   13.5  17:19    0.0    0.7   36.4    3.1   38.6  17:07    240
 19   22.1   28.8  14:53   15.6  05:40    0.0    2.3    0.0    2.3   27.4  15:05    133
 20   22.9   28.0  12:02   17.5  06:25    0.0    2.7    0.0    1.4   22.5  15:57    142
 21   24.4   29.4  14:31   19.9  06:57    0.0    3.5    0.0    1.5   27.4  14:41    127
 22   25.9   31.7  14:41   20.1  05:43    0.0    4.4    0.0    1.4   19.3  12:25    179
 23   27.1   33.3  13:57   21.2  06:58    0.0    5.0    0.0    1.7   17.7  13:20    169
 24   26.9   32.4  12:29   21.7  07:03    0.0    4.9    0.0    1.7   25.7  15:45    124
 25   27.7   34.6  13:30   23.3  05:21    0.0    5.4    0.0    1.6   24.1  13:29    163
 26   26.8   32.3  15:12   21.4  22:50    0.0    4.9    1.0    2.2   29.0  13:11    137
 27   21.2   27.9  15:10   17.3  16:40    0.0    1.8   17.8    2.2   40.2  22:17    194
 28   17.7   20.7  18:52   16.2  03:23    0.2    0.0    0.4    1.7   22.5  02:03    250
 29   21.8   28.6  15:50   17.3  06:56    0.0    2.1    0.6    0.8   20.9  04:50     90
 30   22.5   29.1  13:27   18.9  05:53    0.0    2.5    7.0    1.5   19.3  15:38    320
 31   24.4   31.5  14:52   19.4  02:38    0.0    3.6    0.0    2.2   20.9  02:07    194
---------------------------------------------------------------------------------------
      22.3   34.6     25   13.5     18    0.2   73.9  100.6    2.0   46.7     03    149
    
Tropske noči (Tmin >= 20): 6
Vroči dnevi (Tmax >= 30): 9
Topli dnevi (Tmax >= 25): 25
Hladni dnevi (Tmin < 0): 0
Ledeni dnevi (Tmax < 0): 0