Vremenska postaja Ravna

46.1341 N| 14.5613 E| 516 m | Prikaži na zemljevidu

Osnovna šola Trzin v sodelovanju s CZ Trzin in Vremenskim društvom ZEVS

Vreme na kratko
16.3°C 0% 1019 mbar 4.6 km/h 19.3 km/h 4.2 mm
-0.2°C/h 0%/h -0 mbar/h ZJZ (247°) ZJZ (247°) 0.0 mm/h

22/08/19 04:20:00 CEST

Vremenska statistika za 06-2019

Vremenska postaja:Vantage Pro2
Programska oprema:weewx v3.8.0
WeeWX aktiven:25 d, 13 h, 3 min
Strežnik aktiven:25 d, 12 h, 22 min
                   MONTHLY CLIMATOLOGICAL SUMMARY for Jun 2019


NAME: Ravna                  
ELEV: 516 m    LAT: 46-04.79 S    LONG: 13-36.51 V


                   TEMPERATURE (°C), RAIN (mm), WIND SPEED (km/h)

                                         HEAT   COOL         AVG
      MEAN                               DEG    DEG          WIND                   DOM
DAY   TEMP   HIGH   TIME    LOW   TIME   DAYS   DAYS   RAIN  SPEED   HIGH   TIME    DIR
---------------------------------------------------------------------------------------
 01   20.0   26.4  15:26   13.7  04:44    0.0    1.1    0.0    1.4   19.3  16:41    139
 02   21.2   27.2  13:32   16.3  05:30    0.0    1.8    1.4    1.0   19.3  12:31    134
 03   21.4   26.9  16:11   15.6  03:39    0.0    1.9    0.0    2.2   20.9  05:04    106
 04   20.3   27.2  13:16   16.7  23:52    0.0    1.3    1.0    1.5   22.5  12:19    101
 05   19.1   22.3  17:12   15.3  05:13    0.0    0.6    0.6    0.0    3.2  09:26    151
 06   18.6   23.1  13:30   15.8  05:21    0.0    0.4    0.6    1.6   20.9  16:03    156
 07   19.1   23.6  13:41   15.8  05:45    0.0    0.6    0.0    2.4   25.7  12:15    143
 08   21.0   26.6  14:48   15.4  06:02    0.0    1.7    0.0    1.8   19.3  13:09    135
 09   23.0   29.3  17:07   17.2  02:02    0.0    2.8    0.0    1.6   20.9  04:39    132
 10   24.6   31.1  16:16   20.1  06:52    0.0    3.7    0.0    1.4   22.5  06:12    227
 11   25.4   30.7  15:13   22.1  04:58    0.0    4.1    0.0    1.9   24.1  21:37    177
 12   24.6   29.6  11:47   21.2  06:50    0.0    3.7    0.0    1.1   24.1  12:52    163
 13   22.7   27.1  14:38   19.3  05:47    0.0    2.6    0.0    2.2   27.4  16:22    133
 14   24.2   31.4  15:14   16.0  06:20    0.0    3.4    0.0    1.0   19.3  13:15    108
 15   25.1   32.2  15:13   21.0  07:22    0.0    4.0    0.0    1.6   20.9  07:22    224
 16   24.7   30.8  13:51   19.2  05:33    0.0    3.7    0.0    1.8   29.0  23:42    118
 17   22.9   28.5  14:37   19.3  04:45    0.0    2.7    0.0    2.7   25.7  00:27    132
 18   22.5   29.8  15:04   18.7  23:40    0.0    2.5    0.4    1.5   20.9  17:47    163
 19   20.6   26.3  14:13   16.8  05:11    0.0    1.4    2.2    1.6   29.0  17:44    304
 20   22.5   28.6  14:37   17.7  05:09    0.0    2.5    0.0    1.6   22.5  13:23    128
 21   23.4   29.4  12:50   17.4  06:22    0.0    3.0    0.0    2.1   25.7  15:54    132
 22   19.8   22.8  08:56   17.2  12:57    0.0    1.0   14.0    1.0   19.3  10:18    244
 23   21.3   26.2  17:42   16.3  05:06    0.0    1.8    0.0    1.0   22.5  12:02    118
 24   24.0   29.8  15:29   17.9  05:53    0.0    3.3    0.0    1.0   17.7  06:35    116
 25   26.2   32.4  15:42   21.0  05:29    0.0    4.6    0.0    1.7   25.7  13:41    133
 26   28.1   35.5  16:14   21.8  06:05    0.0    5.6    0.0    1.3   20.9  12:12    135
 27   28.9   35.1  14:26   23.6  05:34    0.0    6.1    0.0    1.9   20.9  15:29    101
 28   27.4   33.2  16:36   22.3  23:58    0.0    5.2    0.0    1.9   19.3  04:55    128
 29   24.8   30.9  14:52   19.3  06:59    0.0    3.8    0.0    1.7   19.3  10:59    126
 30   25.9   33.4  15:08   19.4  05:51    0.0    4.4    0.0    2.0   22.5  14:38    153
---------------------------------------------------------------------------------------
      23.1   35.5     26   13.7     01    0.0   85.2   20.2    1.6   29.0     16    139
    
Tropske noči (Tmin >= 20): 8
Vroči dnevi (Tmax >= 30): 11
Topli dnevi (Tmax >= 25): 26
Hladni dnevi (Tmin < 0): 0
Ledeni dnevi (Tmax < 0): 0