Vremenska postaja Ravna

46.1341 N| 14.5613 E| 516 m | Prikaži na zemljevidu

Osnovna šola Trzin v sodelovanju s CZ Trzin in Vremenskim društvom ZEVS

Vreme na kratko
16.3°C 0% 1019 mbar 0.1 km/h 3.2 km/h 0.0 mm
0.0°C/h 0%/h 0 mbar/h S (5°) S (5°) 0.0 mm/h

16/09/19 07:00:00 CEST

Vremenska statistika za 05-2019

Vremenska postaja:Vantage Pro2
Programska oprema:weewx v3.8.0
WeeWX aktiven:50 d, 15 h, 43 min
Strežnik aktiven:50 d, 15 h, 2 min
                   MONTHLY CLIMATOLOGICAL SUMMARY for May 2019


NAME: Ravna                  
ELEV: 516 m    LAT: 46-04.79 S    LONG: 13-36.51 V


                   TEMPERATURE (°C), RAIN (mm), WIND SPEED (km/h)

                                         HEAT   COOL         AVG
      MEAN                               DEG    DEG          WIND                   DOM
DAY   TEMP   HIGH   TIME    LOW   TIME   DAYS   DAYS   RAIN  SPEED   HIGH   TIME    DIR
---------------------------------------------------------------------------------------
 01   13.0   18.3  15:00    8.2  05:54    2.8    0.0    0.0    2.3   25.7  11:59    132
 02   14.0   18.7  13:40    9.9  05:53    2.2    0.0    0.2    3.2   30.6  14:40    147
 03    9.8   11.7  00:30    8.6  23:58    4.5    0.0   47.4    1.5   17.7  08:34     13
 04    9.9   12.2  16:21    8.2  07:11    4.5    0.0    2.2    1.0   11.3  23:58    292
 05    6.9    9.6  00:00    4.4  10:50    6.2    0.0    7.6    2.7   27.4  11:03    159
 06    8.7   13.4  13:27    4.7  06:56    5.2    0.0    0.0    1.6   24.1  11:32    134
 07    8.2   12.5  14:38    4.5  05:20    5.5    0.0    0.0    1.7   22.5  12:02    155
 08    9.3   12.3  16:16    6.9  01:04    4.9    0.0   12.0    1.1   22.5  21:41    158
 09    9.4   14.0  17:08    7.3  10:56    4.8    0.0   50.2    1.7   32.2  04:34    188
 10   12.3   17.5  13:32    8.1  06:54    3.2    0.0    0.2    2.0   22.5  15:00    140
 11   13.7   18.1  15:28   10.6  01:41    2.4    0.0    0.4    1.3   17.7  14:06    143
 12   10.5   13.2  23:08    7.5  06:56    4.2    0.0   34.2    1.8   30.6  20:26    240
 13   12.6   15.5  15:04   11.1  23:46    3.0    0.0    0.0    1.1   19.3  03:29    233
 14   10.2   13.9  15:52    6.9  21:58    4.3    0.0    0.0    2.4   27.4  13:24    155
 15    7.8   11.4  18:24    4.9  05:33    5.7    0.0    0.8    0.3   11.3  23:45    160
 16   11.3   16.9  14:15    6.4  06:09    3.7    0.0    0.0    2.3   29.0  11:27    139
 17   12.9   18.1  13:33    7.8  06:04    2.8    0.0    0.0    1.8   20.9  13:35    123
 18   12.0   15.4  12:50   10.3  03:04    3.4    0.0    6.8    1.4   16.1  11:27    222
 19   12.0   14.4  15:56   10.6  03:34    3.3    0.0    5.0    1.2   17.7  03:04    272
 20   10.6   11.2  10:09    9.8  19:32    4.1    0.0   45.8    3.3   41.8  14:12    149
 21   10.6   11.6  17:48    9.9  07:46    4.1    0.0   28.0    2.4   22.5  04:46    153
 22   13.7   19.5  15:31   10.7  00:00    2.4    0.0    2.8    1.1   19.3  15:13    141
 23   15.5   21.0  12:45   10.8  07:41    1.4    0.0    0.0    1.6   22.5  12:38    132
 24   17.1   22.7  13:56   13.1  05:33    0.5    0.0    0.2    2.3   25.7  16:49    136
 25   16.8   22.1  13:56   13.2  04:56    0.6    0.0    0.6    1.6   20.9  17:48    252
 26   15.4   21.9  13:20   12.2  04:36    1.5    0.0    4.2    1.7   19.3  06:23    316
 27   13.0   14.4  00:15   11.6  10:50    2.8    0.0   17.6    1.0   20.9  10:07    232
 28   13.0   15.3  13:24   12.1  05:15    2.8    0.0   53.0    0.9   14.5  04:20    277
 29   10.6   12.8  15:41    8.6  07:49    4.1    0.0   22.6    0.8   16.1  04:40    266
 30   13.1   16.3  17:28   10.1  05:07    2.7    0.0    0.4    0.5    9.7  12:38    186
 31   15.6   22.1  15:51    9.3  05:47    1.3    0.0    0.0    1.1   16.1  12:42     88
---------------------------------------------------------------------------------------
      11.9   22.7     24    4.4     05  104.8    0.0  342.2    1.6   41.8     20    157
    
Tropske noči (Tmin >= 20): 0
Vroči dnevi (Tmax >= 30): 0
Topli dnevi (Tmax >= 25): 0
Hladni dnevi (Tmin < 0): 0
Ledeni dnevi (Tmax < 0): 0