Vremenska postaja Ravna

46.1341 N| 14.5613 E| 516 m | Prikaži na zemljevidu

Osnovna šola Trzin v sodelovanju s CZ Trzin in Vremenskim društvom ZEVS

Vreme na kratko
7.9°C 0% 999 mbar 10.1 km/h 27.4 km/h 345.4 mm
0.2°C/h 0%/h 0 mbar/h JV (144°) JV (144°) 0.0 mm/h

12/11/19 20:20:00 CET

Vremenska statistika za 04-2019

Vremenska postaja:Vantage Pro2
Programska oprema:weewx v3.8.0
WeeWX aktiven:0 d, 23 h, 17 min
Strežnik aktiven:40 d, 17 h, 39 min
                   MONTHLY CLIMATOLOGICAL SUMMARY for Apr 2019


NAME: Ravna                  
ELEV: 516 m    LAT: 46-04.79 S    LONG: 13-36.51 V


                   TEMPERATURE (°C), RAIN (mm), WIND SPEED (km/h)

                                         HEAT   COOL         AVG
      MEAN                               DEG    DEG          WIND                   DOM
DAY   TEMP   HIGH   TIME    LOW   TIME   DAYS   DAYS   RAIN  SPEED   HIGH   TIME    DIR
---------------------------------------------------------------------------------------
 01   15.6   20.4  14:59   11.7  07:36    1.4    0.0    0.0    4.7   32.2  16:46    127
 02   14.6   20.6  13:42   10.6  07:30    1.9    0.0    0.0    3.6   25.7  14:13    153
 03   11.4   13.7  12:03    8.8  05:35    3.7    0.0    0.6    2.1   33.8  12:38    146
 04   11.0   13.8  13:43    9.5  07:09    3.9    0.0    8.8    2.7   22.5  22:34     96
 05    8.0   10.6  06:36    5.8  20:16    5.6    0.0   23.8    2.4   22.5  06:43    136
 06    8.0   10.6  13:57    5.6  05:38    5.6    0.0    0.2    0.6   12.9  23:51    334
 07    9.7   14.6  13:07    6.3  07:58    4.6    0.0    0.0    2.5   22.5  13:52    271
 08   10.4   12.4  18:51    8.4  07:18    4.2    0.0    0.6    0.7   19.3  15:40    305
 09   12.4   15.9  12:19   10.7  03:46    3.1    0.0    1.8    1.8   20.9  12:55    275
 10   11.7   13.8  15:21    9.8  07:27    3.5    0.0    3.2    1.7   16.1  15:28    243
 11    9.8   11.4  16:48    8.3  23:56    4.5    0.0    2.0    0.9   17.7  23:10    197
 12    8.1   11.6  14:37    5.7  23:39    5.5    0.0    0.4    1.2   17.7  01:01    151
 13    7.7   11.5  15:43    5.2  05:52    5.7    0.0    0.0    2.2   20.9  15:43    123
 14    7.1    9.8  14:36    5.1  05:47    6.0    0.0    0.0    3.6   29.0  16:03    135
 15   11.3   16.9  15:46    7.2  01:00    3.7    0.0    0.0    2.6   33.8  12:35    133
 16   12.2   17.3  13:53    7.5  06:40    3.2    0.0    0.0    2.5   27.4  15:50    157
 17   13.5   19.6  14:01    7.7  05:08    2.5    0.0    0.8    3.1   22.5  12:54    175
 18   13.8   18.6  15:27    9.8  05:54    2.4    0.0    0.0    2.5   25.7  01:15    151
 19   15.0   21.4  16:04    9.3  06:30    1.7    0.0    0.0    2.3   25.7  11:23    137
 20   16.7   23.5  13:12   10.1  06:22    0.7    0.0    0.0    3.5   27.4  13:21    338
 21   15.4   22.2  12:59   11.4  06:00    1.4    0.0    0.0    3.3   29.0  13:19    154
 22   13.8   18.9  14:54    9.9  07:05    2.4    0.0    0.0    2.7   30.6  13:56    132
 23   10.2   12.1  01:35    9.6  16:40    4.3    0.0   34.2    2.1   19.3  13:22    263
 24   13.1   16.5  16:41   11.3  00:18    2.7    0.0   13.8    3.0   24.1  14:21    173
 25   15.2   19.2  14:12   12.4  06:48    1.6    0.0    0.0    1.7   25.7  13:08    134
 26   14.2   18.8  13:35    8.7  00:00    2.1    0.0    2.6    2.2   37.0  22:51    162
 27   11.4   16.8  12:45    7.5  06:55    3.6    0.0    2.2    2.9   27.4  15:17    142
 28    7.6   10.2  00:00    5.8  22:00    5.8    0.0   25.2    1.4   22.5  09:44    256
 29    7.6    9.6  12:15    5.6  05:25    5.8    0.0    0.4    0.8   16.1  12:15    146
 30   10.1   13.6  16:31    7.1  04:55    4.4    0.0    0.2    0.2    9.7  13:34     90
---------------------------------------------------------------------------------------
      11.6   23.5     20    5.1     14  107.5    0.0  120.8    2.3   37.0     26    148
    
Tropske noči (Tmin >= 20): 0
Vroči dnevi (Tmax >= 30): 0
Topli dnevi (Tmax >= 25): 0
Hladni dnevi (Tmin < 0): 0
Ledeni dnevi (Tmax < 0): 0