Vremenska postaja Ravna

46.1341 N| 14.5613 E| 516 m | Prikaži na zemljevidu

Osnovna šola Trzin v sodelovanju s CZ Trzin in Vremenskim društvom ZEVS

Vreme na kratko
22.6°C 0% 1016 mbar 1.0 km/h 6.4 km/h 0.0 mm
-1.0°C/h 0%/h -1 mbar/h ZSZ (289°) ZSZ (289°) 0.0 mm/h

24/07/19 03:10:00 CEST

Vremenska statistika za 03-2019

Vremenska postaja:Vantage Pro2
Programska oprema:weewx v3.8.0
WeeWX aktiven:0 d, 17 h, 25 min
Strežnik aktiven:0 d, 17 h, 5 min
                   MONTHLY CLIMATOLOGICAL SUMMARY for Mar 2019


NAME: Ravna                  
ELEV: 516 m    LAT: 46-04.79 S    LONG: 13-36.51 V


                   TEMPERATURE (°C), RAIN (mm), WIND SPEED (km/h)

                                         HEAT   COOL         AVG
      MEAN                               DEG    DEG          WIND                   DOM
DAY   TEMP   HIGH   TIME    LOW   TIME   DAYS   DAYS   RAIN  SPEED   HIGH   TIME    DIR
---------------------------------------------------------------------------------------
 01    8.9   13.0  11:23    5.6  07:27    5.1    0.0    0.0    1.5   17.7  15:16     72
 02    9.4   14.6  13:02    5.5  06:02    4.8    0.0    0.0    3.5   29.0  15:55    119
 03    9.7   14.8  13:56    6.3  06:54    4.6    0.0    0.0    3.4   27.4  11:57    154
 04    7.8   10.5  12:56    6.2  23:55    5.7    0.0    3.2    2.4   20.9  11:24    159
 05    7.8   14.6  14:20    4.0  06:19    5.6    0.0    0.0    3.0   25.7  14:21    138
 06    8.4   13.7  12:50    5.1  05:20    5.3    0.0    0.0    3.2   32.2  13:12    140
 07    9.9   11.7  19:10    7.7  00:00    4.5    0.0    2.2    3.9   22.5  15:36    175
 08   10.8   14.7  13:29    8.9  23:50    4.0    0.0    0.0    5.4   33.8  15:59    151
 09    9.8   13.1  12:08    7.9  07:00    4.6    0.0    0.0    3.1   25.7  11:13    130
 10    8.5    9.1  12:15    7.9  08:18    5.3    0.0    0.2    2.2   19.3  11:50    162
 11    7.2   12.9  10:52    3.4  23:45    6.0    0.0    0.8    2.0   24.1  14:05    216
 12    6.3   11.9  12:27    0.8  05:41    6.5    0.0    0.0    3.2   29.0  14:52    145
 13    6.0   10.3  11:07    3.9  23:58    6.7    0.0    0.2    2.8   30.6  15:51    151
 14    5.2   10.3  12:11    2.0  06:43    7.1    0.0    0.0    2.6   29.0  13:02    148
 15    7.8   13.8  15:20    3.1  03:11    5.7    0.0    0.0    3.4   25.7  13:56    125
 16   10.0   14.4  15:35    6.7  05:21    4.4    0.0    0.0    2.0   22.5  14:54    149
 17   10.1   12.5  14:59    9.1  23:04    4.4    0.0    0.0    3.5   29.0  16:18    169
 18    5.1    9.1  00:00    1.6  11:39    7.2    0.0   24.8    3.7   35.4  04:09    163
 19    5.2    8.7  14:54    3.6  07:15    7.1    0.0    0.8    4.2   30.6  14:33    131
 20    6.2   10.1  15:11    2.6  06:08    6.5    0.0    0.0    5.3   37.0  11:16    124
 21    8.3   13.7  13:37    2.9  06:24    5.4    0.0    0.0    4.5   33.8  10:34    139
 22   12.5   19.7  14:57    6.5  06:09    3.1    0.0    0.0    3.7   27.4  00:00    153
 23   15.5   22.3  14:34    9.5  06:23    1.4    0.0    0.0    3.1   24.1  04:02    149
 24   15.4   21.6  11:39   10.6  06:13    1.4    0.0    0.0    3.8   29.0  13:43    149
 25   12.0   18.1  14:20    3.1  23:58    3.4    0.0    7.2    2.6   29.0  13:37    123
 26    7.9   12.9  14:33    3.1  00:00    5.6    0.0    0.0    3.8   29.0  10:48    135
 27    7.7   13.4  14:26    4.6  03:38    5.7    0.0    0.0    2.9   32.2  10:43    139
 28    9.0   14.2  14:22    4.6  03:28    5.0    0.0    0.0    4.0   30.6  12:33    132
 29   11.4   16.4  14:56    7.2  06:24    3.7    0.0    0.0    2.9   29.0  12:16    125
 30   12.9   20.1  13:25    7.1  05:33    2.8    0.0    0.0    2.9   22.5  14:19    196
 31   15.5   21.8  15:21    8.1  07:00    1.4    0.0    0.0    3.4   27.4  13:47    134
---------------------------------------------------------------------------------------
       9.3   22.3     23    0.8     12  149.9    0.0   39.4    3.3   37.0     20    145
    
Tropske noči (Tmin >= 20): 0
Vroči dnevi (Tmax >= 30): 0
Topli dnevi (Tmax >= 25): 0
Hladni dnevi (Tmin < 0): 0
Ledeni dnevi (Tmax < 0): 0