Vremenska postaja Ravna

46.1341 N| 14.5613 E| 516 m | Prikaži na zemljevidu

Osnovna šola Trzin v sodelovanju s CZ Trzin in Vremenskim društvom ZEVS

Vreme na kratko
22.7°C 0% 1016 mbar 0.8 km/h 3.2 km/h 0.0 mm
-0.9°C/h 0%/h -0 mbar/h SSV (22°) SSV (22°) 0.0 mm/h

24/07/19 02:55:00 CEST

Vremenska statistika za 02-2019

Vremenska postaja:Vantage Pro2
Programska oprema:weewx v3.8.0
WeeWX aktiven:0 d, 17 h, 10 min
Strežnik aktiven:0 d, 16 h, 50 min
                   MONTHLY CLIMATOLOGICAL SUMMARY for Feb 2019


NAME: Ravna                  
ELEV: 516 m    LAT: 46-04.79 S    LONG: 13-36.51 V


                   TEMPERATURE (°C), RAIN (mm), WIND SPEED (km/h)

                                         HEAT   COOL         AVG
      MEAN                               DEG    DEG          WIND                   DOM
DAY   TEMP   HIGH   TIME    LOW   TIME   DAYS   DAYS   RAIN  SPEED   HIGH   TIME    DIR
---------------------------------------------------------------------------------------
 01    5.0    9.6  20:31    0.7  04:34    7.2    0.0   62.4    7.0   48.3  23:04    135
 02    7.5    9.4  00:00    5.1  21:39    5.8    0.0   58.2    7.7   46.7  00:00    145
 03    6.2    9.1  14:14    4.5  03:29    6.6    0.0   20.0    1.4   24.1  07:05    149
 04    4.4    7.6  14:34    1.8  23:52    7.6    0.0    0.0    4.3   32.2  11:33    137
 05    4.0    9.3  12:40    0.2  05:57    7.8    0.0    0.0    2.7   25.7  10:18    169
 06    5.3   11.3  14:57    1.5  07:00    7.0    0.0    0.0    2.3   25.7  21:58    161
 07    4.9   11.6  14:07    0.5  06:05    7.3    0.0    0.0    2.7   19.3  01:02    357
 08    5.9   11.2  13:26    2.8  02:19    6.7    0.0    0.0    3.3   25.7  11:23    156
 09    5.1    8.9  13:51    2.1  04:09    7.1    0.0    0.0    2.5   25.7  12:56    144
 10    5.2    7.5  23:51    3.4  05:21    7.1    0.0    7.8    2.7   38.6  23:58    168
 11    5.9    9.4  13:25    2.8  07:56    6.7    0.0   18.2    2.5   38.6  00:00    188
 12    5.2   10.7  15:09    1.1  06:13    7.1    0.0    0.0    1.9   17.7  15:29     38
 13    4.8    9.7  14:38    1.6  03:17    7.4    0.0    0.0    2.6   20.9  13:05    305
 14    6.9   13.1  15:43    3.0  03:51    6.2    0.0    0.0    2.3   17.7  23:17    310
 15    8.5   15.1  14:08    4.6  07:08    5.3    0.0    0.0    3.2   20.9  03:29    294
 16    8.7   15.8  15:27    3.3  07:20    5.2    0.0    0.0    3.0   19.3  07:03    302
 17   10.4   17.1  14:34    4.9  04:55    4.2    0.0    0.0    3.6   24.1  04:45    307
 18    9.4   15.3  13:27    5.6  06:17    4.8    0.0    0.0    3.0   22.5  13:35     25
 19    6.8   10.6  13:59    3.8  23:01    6.2    0.0    0.0    1.6   19.3  11:15    143
 20    6.2   11.1  14:12    2.8  08:09    6.6    0.0    0.0    1.6   17.7  13:09    115
 21    9.4   14.8  13:50    5.1  04:12    4.8    0.0    0.0    2.7   20.9  14:15     37
 22   11.3   18.5  14:16    6.3  07:32    3.7    0.0    0.0    2.3   22.5  15:55     45
 23    3.6    8.8  14:40   -1.4  23:53    8.0    0.0    0.0    3.7   29.0  11:57    130
 24    2.4    9.1  14:01   -2.9  07:11    8.6    0.0    0.0    2.3   19.3  13:19    128
 25    8.1   15.6  14:00    1.7  04:10    5.5    0.0    0.0    3.3   22.5  06:24    338
 26   11.3   15.7  14:40    6.7  05:53    3.7    0.0    0.0    1.8   17.7  01:50    333
 27   13.5   20.3  12:57    7.7  22:11    2.5    0.0    0.0    2.7   33.8  14:13    143
 28   10.7   16.3  11:58    7.5  04:20    4.0    0.0    0.0    2.2   30.6  12:44    131
---------------------------------------------------------------------------------------
       7.0   20.3     27   -2.9     24  170.9    0.0  166.6    3.0   48.3     01    143
    
Tropske noči (Tmin >= 20): 0
Vroči dnevi (Tmax >= 30): 0
Topli dnevi (Tmax >= 25): 0
Hladni dnevi (Tmin < 0): 2
Ledeni dnevi (Tmax < 0): 0