Vremenska postaja Ravna

46.1341 N| 14.5613 E| 516 m | Prikaži na zemljevidu

Osnovna šola Trzin v sodelovanju s CZ Trzin in Vremenskim društvom ZEVS

Vreme na kratko
22.8°C 0% 1016 mbar 1.9 km/h 3.2 km/h 0.0 mm
-0.9°C/h 0%/h -0 mbar/h SV (40°) SV (40°) 0.0 mm/h

24/07/19 02:40:00 CEST

Vremenska statistika za 01-2019

Vremenska postaja:Vantage Pro2
Programska oprema:weewx v3.8.0
WeeWX aktiven:0 d, 16 h, 55 min
Strežnik aktiven:0 d, 16 h, 35 min
                   MONTHLY CLIMATOLOGICAL SUMMARY for Jan 2019


NAME: Ravna                  
ELEV: 516 m    LAT: 46-04.79 S    LONG: 13-36.51 V


                   TEMPERATURE (°C), RAIN (mm), WIND SPEED (km/h)

                                         HEAT   COOL         AVG
      MEAN                               DEG    DEG          WIND                   DOM
DAY   TEMP   HIGH   TIME    LOW   TIME   DAYS   DAYS   RAIN  SPEED   HIGH   TIME    DIR
---------------------------------------------------------------------------------------
 01    3.9    6.7  14:51    2.2  07:06    7.9    0.0    0.0    1.4   20.9  12:29    203
 02    3.6    9.8  12:18    1.1  23:54    8.0    0.0    0.0    2.4   35.4  10:47    292
 03    1.7    5.9  13:25   -0.5  06:23    9.1    0.0    0.0    2.2   30.6  15:06     87
 04   -0.3    2.2  13:01   -2.2  07:44   10.2    0.0    0.0    1.1   16.1  12:21    135
 05    0.3    3.7  15:28   -1.8  05:27    9.8    0.0    0.0    1.0   14.5  13:48     77
 06    4.3   10.3  13:53    0.1  01:58    7.6    0.0    0.0    2.6   17.7  09:18    313
 07    1.2    2.4  14:01   -0.1  06:55    9.3    0.0    0.0    2.1   17.7  03:25    298
 08    2.1    2.5  14:08    1.0  00:20    8.9    0.0    1.4    0.6   12.9  19:07    325
 09    2.8    5.6  14:04    0.6  08:04    8.4    0.0    0.2    1.1   11.3  17:00    307
 10    3.3    6.2  10:41    1.2  06:18    8.1    0.0    0.0    1.0    8.0  02:36    320
 11    1.0    4.1  14:44   -1.1  23:35    9.4    0.0    0.0    1.7   19.3  11:18     98
 12    1.1    4.2  14:12   -1.3  08:07    9.4    0.0    0.0    0.8    9.7  09:49      4
 13    3.5    7.6  13:11    0.5  07:35    8.0    0.0    0.0    2.2   20.9  13:59    292
 14    5.5   10.3  13:52    2.2  06:43    7.0    0.0    0.0    2.3   22.5  12:42    173
 15    4.4    7.9  12:59    1.7  08:22    7.6    0.0    0.0    2.0   19.3  11:52    177
 16    4.7    7.4  13:12    3.2  00:06    7.4    0.0    0.0    1.4   19.3  12:53    152
 17    5.5    6.1  12:20    4.7  00:00    6.9    0.0   14.4    3.0   29.0  20:51    165
 18    2.5    6.1  00:00    0.7  23:44    8.6    0.0   28.4    3.8   29.0  23:37    147
 19    0.0    0.8  09:47   -1.0  23:58   10.0    0.0    0.0    3.8   29.0  10:40    108
 20    0.5    5.0  14:14   -2.2  07:24    9.7    0.0    0.0    2.0   16.1  12:24    170
 21   -0.2    2.7  12:05   -1.7  07:54   10.1    0.0    0.0    2.8   22.5  04:39    121
 22   -0.0    2.4  12:46   -1.2  07:47   10.0    0.0    0.0    4.6   32.2  12:54    137
 23   -2.2   -0.9  00:00   -3.0  08:39   11.2    0.0    0.0    2.2   24.1  15:45    156
 24    0.6    6.1  12:48   -3.1  00:29    9.6    0.0    3.0    3.1   29.0  11:06    173
 25   -0.0    4.6  15:32   -2.6  23:59   10.0    0.0    0.0    2.8   22.5  10:27    158
 26   -0.6    4.4  14:59   -3.8  07:02   10.3    0.0    0.0    2.0   19.3  09:52    345
 27    2.5    6.6  23:48   -0.4  04:19    8.6    0.0   13.2    2.6   49.9  23:40     23
 28    3.3    6.5  00:00    1.1  09:19    8.2    0.0    6.6    1.9   35.4  00:02    197
 29    2.5    6.1  14:01    0.3  23:20    8.6    0.0    0.0    2.1   24.1  13:30    185
 30    1.1    4.2  12:10   -1.1  07:53    9.4    0.0    0.0    1.6   16.1  10:35    159
 31    1.5    4.4  15:00   -0.1  07:52    9.1    0.0    0.0    1.5   20.9  12:32    140
---------------------------------------------------------------------------------------
       1.9   10.3     06   -3.8     26  276.6    0.0   67.2    2.1   49.9     27    148
    
Tropske noči (Tmin >= 20): 0
Vroči dnevi (Tmax >= 30): 0
Topli dnevi (Tmax >= 25): 0
Hladni dnevi (Tmin < 0): 17
Ledeni dnevi (Tmax < 0): 1