Vremenska postaja Ravna

46.1341 N| 14.5613 E| 516 m | Prikaži na zemljevidu

Osnovna šola Trzin v sodelovanju s CZ Trzin in Vremenskim društvom ZEVS

Vreme na kratko
13.6°C 0% 1011 mbar 2.2 km/h 8.0 km/h 1.2 mm
-0.6°C/h 0%/h -1 mbar/h ZJZ (257°) ZJZ (257°) 0.0 mm/h

27/05/19 03:20:00 CEST

Vremenska statistika za 2018

Vremenska postaja:Vantage Pro2
Programska oprema:weewx v3.8.0
WeeWX aktiven:27 d, 18 h, 18 min
Strežnik aktiven:27 d, 17 h, 43 min
                     CLIMATOLOGICAL SUMMARY for year 2018


NAME: Ravna                  
ELEV: 516 m    LAT: 46-04.79 S    LONG: 13-36.51 V


                                       TEMPERATURE (°C)

                              HEAT    COOL                             Tropske Vroci  Topli  Hladni  Ledeni
          MEAN   MEAN         DEG     DEG                                >=     >=     >=      <       < 
 YR  MO   MAX    MIN    MEAN  DAYS    DAYS      HI  DAY     LOW  DAY     20     30     25      0       0
---------------------------------------------------------------------------------------------------------
2018 01
2018 02
2018 03
2018 04
2018 05
2018 06
2018 07   30.4   19.7   24.5    0.0   21.4    33.3   31    17.8   27      2      3      6      0      0
2018 08   28.9   18.4   22.9    3.6   87.7    33.3   01     9.9   26     12     13     27      0      0
2018 09   23.8   14.3   18.5   20.5   29.0    27.7   12     5.5   26      0      0     16      0      0
2018 10   18.1   11.6   14.5   62.4    0.0    23.7   12     6.9   22      0      0      0      0      0
2018 11   10.9    6.7    8.1  153.5    0.0    19.8   04    -1.8   30      0      0      0      4      0
2018 12    7.7    2.1    4.4  234.6    0.0    13.6   04    -3.5   16      0      0      0      6      0
------------------------------------------------------------------------------------------------
          18.4   11.0   14.2  474.6  138.1    33.3  Aug    -3.5  Dec     14     16     49     10      0


                  PRECIPITATION (mm)

                  MAX         ---DAYS OF RAIN---
                  OBS.               OVER
 YR  MO  TOTAL    DAY  DATE   0.20   2.00  20.00
------------------------------------------------
2018 01
2018 02
2018 03
2018 04
2018 05
2018 06
2018 07   24.6   24.0    31      2      1      1
2018 08  150.8   32.8    14     10      9      3
2018 09   73.4   41.0    01      7      6      1
2018 10  131.4   30.8    29     12     10      2
2018 11  169.0   59.2    02     16     10      3
2018 12   36.2   22.0    08      8      4      1
------------------------------------------------
         585.4   59.2   Nov     55     40     11


           WIND SPEED (km/h)

                                DOM
 YR  MO    AVG     HI   DATE    DIR
-----------------------------------
2018 01
2018 02
2018 03
2018 04
2018 05
2018 06
2018 07    0.0    1.6     27     90 
2018 08    0.0    0.0     01     90 
2018 09    1.7   30.6     23    149 
2018 10    3.0   74.0     29    151 
2018 11    2.4   37.0     20    158 
2018 12    2.0   37.0     14    304 
-----------------------------------
           1.8   74.0    Oct    156