Vremenska postaja Ravna

46.1341 N| 14.5613 E| 516 m | Prikaži na zemljevidu

Osnovna šola Trzin v sodelovanju s CZ Trzin in Vremenskim društvom ZEVS

Vreme na kratko
16.3°C 0% 1019 mbar 0.1 km/h 3.2 km/h 0.0 mm
0.0°C/h 0%/h 0 mbar/h S (5°) S (5°) 0.0 mm/h

16/09/19 07:00:00 CEST

Vremenska statistika za 12-2018

Vremenska postaja:Vantage Pro2
Programska oprema:weewx v3.8.0
WeeWX aktiven:50 d, 15 h, 43 min
Strežnik aktiven:50 d, 15 h, 2 min
                   MONTHLY CLIMATOLOGICAL SUMMARY for Dec 2018


NAME: Ravna                  
ELEV: 516 m    LAT: 46-04.79 S    LONG: 13-36.51 V


                   TEMPERATURE (°C), RAIN (mm), WIND SPEED (km/h)

                                         HEAT   COOL         AVG
      MEAN                               DEG    DEG          WIND                   DOM
DAY   TEMP   HIGH   TIME    LOW   TIME   DAYS   DAYS   RAIN  SPEED   HIGH   TIME    DIR
---------------------------------------------------------------------------------------
 01    4.1    9.6  14:20   -1.0  00:00    7.7    0.0    0.0    1.8   20.9  00:00    322
 02    5.8    6.7  10:57    4.7  22:13    6.8    0.0    0.0    0.6   11.3  13:54    136
 03    6.6    7.7  23:53    5.1  00:00    6.3    0.0    0.8    0.1    4.8  00:10    323
 04    9.4   13.6  13:31    6.6  08:01    4.8    0.0    0.0    1.5   16.1  18:14    320
 05    6.8    9.8  00:28    4.7  23:53    6.2    0.0    0.0    1.4   17.7  05:09    139
 06    4.1    7.1  14:47    2.5  07:08    7.7    0.0    2.4    3.2   20.9  08:04    306
 07    5.9   10.2  13:43    2.4  02:38    6.7    0.0    1.2    1.6   16.1  13:07    136
 08    7.0   11.3  13:31    5.1  09:00    6.1    0.0   22.0    1.7   19.3  14:10    210
 09    6.3   10.2  15:31    4.4  00:55    6.5    0.0    0.0    0.6   11.3  09:17    340
 10    5.9    9.6  13:50    3.5  07:35    6.7    0.0    0.0    2.0   17.7  02:54    339
 11    4.7    9.0  13:03    1.5  23:51    7.4    0.0    0.0    2.1   19.3  02:15    208
 12    3.4    7.7  13:37    1.1  06:41    8.1    0.0    0.0    2.2   14.5  04:39    302
 13    0.8    3.4  10:32   -0.2  21:52    9.5    0.0    0.0    4.4   27.4  12:22    120
 14    0.3    2.2  12:59   -1.1  23:49    9.8    0.0    0.0    6.6   37.0  11:36    117
 15    0.2    4.7  12:27   -1.8  23:23    9.9    0.0    0.0    1.7   17.7  11:39    160
 16   -0.4    1.8  13:33   -3.5  05:32   10.2    0.0    0.0    1.8   16.1  05:48    307
 17    2.1    5.3  14:34    0.2  06:23    8.8    0.0    0.0    2.6   17.7  01:34    274
 18    1.9    5.1  13:56    0.3  07:29    9.0    0.0    0.0    2.6   19.3  05:41    280
 19    1.3    3.6  13:26   -0.2  07:54    9.3    0.0    0.0    1.8   14.5  11:46    325
 20    2.9    4.3  15:33    0.4  00:32    8.4    0.0    6.2    1.2   14.5  00:08    303
 21    3.2    3.9  11:17    2.3  19:39    8.2    0.0    0.0    1.7   19.3  13:29    168
 22    3.8    4.8  21:47    2.6  00:00    7.9    0.0    2.6    0.6   11.3  20:33    282
 23    5.8    9.3  14:09    4.2  01:10    6.8    0.0    0.4    2.7   19.3  10:12    288
 24    5.6    9.5  15:45    3.4  07:48    6.9    0.0    0.6    1.5   16.1  00:11    198
 25    4.4    7.8  12:58    2.1  07:00    7.6    0.0    0.0    1.6   16.1  01:59    330
 26    3.7    7.3  15:14    1.3  02:07    8.0    0.0    0.0    1.2   17.7  13:05     91
 27    5.1   11.1  15:16    1.1  04:08    7.1    0.0    0.0    2.8   20.9  01:15    310
 28    7.0   11.8  14:46    4.7  02:42    6.1    0.0    0.0    1.4   19.3  23:08    329
 29    7.1   10.6  13:48    4.1  22:30    6.1    0.0    0.0    3.7   22.5  20:55    300
 30    5.5    9.5  13:07    2.1  06:34    6.9    0.0    0.0    2.1   17.7  00:00    322
 31    5.5    8.7  13:53    3.2  07:30    7.0    0.0    0.0    1.7   16.1  05:27    325
---------------------------------------------------------------------------------------
       4.4   13.6     04   -3.5     16  234.6    0.0   36.2    2.0   37.0     14    304
    
Tropske noči (Tmin >= 20): 0
Vroči dnevi (Tmax >= 30): 0
Topli dnevi (Tmax >= 25): 0
Hladni dnevi (Tmin < 0): 6
Ledeni dnevi (Tmax < 0): 0