Vremenska postaja Ravna

46.1341 N| 14.5613 E| 516 m | Prikaži na zemljevidu

Osnovna šola Trzin v sodelovanju s CZ Trzin in Vremenskim društvom ZEVS

Vreme na kratko
13.4°C 0% 1011 mbar 4.2 km/h 11.3 km/h 1.2 mm
-0.3°C/h 0%/h -1 mbar/h Z (269°) Z (269°) 0.0 mm/h

27/05/19 04:00:00 CEST

Vremenska statistika za 11-2018

Vremenska postaja:Vantage Pro2
Programska oprema:weewx v3.8.0
WeeWX aktiven:27 d, 18 h, 58 min
Strežnik aktiven:27 d, 18 h, 23 min
                   MONTHLY CLIMATOLOGICAL SUMMARY for Nov 2018


NAME: Ravna                  
ELEV: 516 m    LAT: 46-04.79 S    LONG: 13-36.51 V


                   TEMPERATURE (°C), RAIN (mm), WIND SPEED (km/h)

                                         HEAT   COOL         AVG
      MEAN                               DEG    DEG          WIND                   DOM
DAY   TEMP   HIGH   TIME    LOW   TIME   DAYS   DAYS   RAIN  SPEED   HIGH   TIME    DIR
---------------------------------------------------------------------------------------
 01   11.5   13.6  14:05    9.8  04:51    3.6    0.0   21.8    3.0   30.6  12:23    315
 02   12.5   13.2  03:19   11.8  08:39    3.0    0.0   59.2    2.3   30.6  13:57    260
 03   14.9   18.6  12:58   12.8  00:00    1.7    0.0    0.0    1.8   19.3  21:50    243
 04   15.3   19.8  14:19   12.7  23:53    1.5    0.0    0.0    2.2   19.3  02:13    176
 05   12.6   14.1  13:10   12.1  16:20    3.0    0.0    4.4    1.5   17.7  03:28    248
 06
 07   15.3   15.6  14:40   14.8  16:30    1.5    0.0    0.0    1.0   12.9  14:50    131
 08   13.7   16.5  13:25   10.9  23:59    2.4    0.0    0.2    1.6   19.3  11:45    126
 09   12.2   16.9  13:18    9.6  04:10    3.2    0.0    0.2    2.0   17.7  12:31    274
 10   10.1   10.7  00:00    9.4  07:24    4.4    0.0    0.2    0.8   16.1  10:05    147
 11   11.6   12.7  20:35   10.2  02:07    3.5    0.0    0.6    0.5   17.7  22:48    174
 12   12.5   14.3  12:39   11.2  23:30    3.0    0.0    0.0    1.2   14.5  12:44    146
 13   11.1   11.5  13:52   10.3  23:50    3.8    0.0    2.4    0.9   14.5  04:30    148
 14   11.4   15.4  13:22    8.4  23:38    3.6    0.0    0.2    2.0   19.3  08:43    161
 15    9.7   13.3  14:02    7.4  23:27    4.6    0.0    0.0    2.8   24.1  10:16    121
 16    7.5   10.7  12:54    5.2  22:47    5.8    0.0    0.0    3.7   35.4  12:13    125
 17    5.8   10.2  11:46    3.2  22:03    6.8    0.0    0.0    4.0   35.4  19:46    146
 18    3.8    6.9  13:27    1.8  23:50    7.9    0.0    0.0    4.4   30.6  10:46    143
 19    2.2    5.1  11:49    0.8  23:58    8.8    0.0    0.0    4.3   33.8  11:59    132
 20    1.1    2.4  23:12    0.1  07:10    9.4    0.0    2.0    4.3   37.0  02:17    112
 21    4.1    5.4  13:11    2.4  00:00    7.7    0.0    4.6    1.9   20.9  01:25    294
 22    5.2    6.1  13:27    4.2  00:43    7.1    0.0    1.8    2.6   16.1  00:45    280
 23    6.4   10.0  14:07    4.9  03:20    6.4    0.0    8.0    2.8   20.9  22:44    297
 24    9.9   11.3  11:31    6.3  02:02    4.5    0.0   56.6    4.1   32.2  10:51    166
 25    8.0   10.2  00:01    7.1  23:28    5.5    0.0    3.0    2.2   17.7  22:02    263
 26    6.7    7.7  13:17    5.6  08:10    6.3    0.0    3.8    1.1   19.3  05:44    243
 27    7.1   10.2  10:28    5.7  21:44    6.1    0.0    0.0    1.5   19.3  09:35    155
 28    3.5    6.8  13:16   -0.6  23:56    8.1    0.0    0.0    2.2   22.5  13:49    112
 29    0.1    3.9  13:52   -1.7  07:30    9.9    0.0    0.0    3.0   24.1  08:49    116
 30   -0.1    3.4  12:46   -1.8  04:16   10.1    0.0    0.0    2.7   22.5  16:55    293
---------------------------------------------------------------------------------------
       8.1   19.8     04   -1.8     30  153.5    0.0  169.0    2.4   37.0     20    158
    
Tropske noči (Tmin >= 20): 0
Vroči dnevi (Tmax >= 30): 0
Topli dnevi (Tmax >= 25): 0
Hladni dnevi (Tmin < 0): 3
Ledeni dnevi (Tmax < 0): 0