Vremenska postaja Ravna

46.1341 N| 14.5613 E| 516 m | Prikaži na zemljevidu

Osnovna šola Trzin v sodelovanju s CZ Trzin in Vremenskim društvom ZEVS

Vreme na kratko
16.3°C 0% 1019 mbar 0.2 km/h 4.8 km/h 0.0 mm
0.0°C/h 0%/h 0 mbar/h SSV (23°) SSV (23°) 0.0 mm/h

16/09/19 06:40:00 CEST

Vremenska statistika za 10-2018

Vremenska postaja:Vantage Pro2
Programska oprema:weewx v3.8.0
WeeWX aktiven:50 d, 15 h, 23 min
Strežnik aktiven:50 d, 14 h, 42 min
                   MONTHLY CLIMATOLOGICAL SUMMARY for Oct 2018


NAME: Ravna                  
ELEV: 516 m    LAT: 46-04.79 S    LONG: 13-36.51 V


                   TEMPERATURE (°C), RAIN (mm), WIND SPEED (km/h)

                                         HEAT   COOL         AVG
      MEAN                               DEG    DEG          WIND                   DOM
DAY   TEMP   HIGH   TIME    LOW   TIME   DAYS   DAYS   RAIN  SPEED   HIGH   TIME    DIR
---------------------------------------------------------------------------------------
 01   10.8   13.9  14:55    7.9  06:54    4.0    0.0   15.4    1.9   17.7  02:18    254
 02   10.7   15.2  14:29    7.4  04:48    4.0    0.0    4.6    2.8   32.2  12:20    147
 03   13.5   20.8  14:50    7.7  06:58    2.5    0.0    0.0    2.7   20.9  05:00    243
 04   14.7   18.6  14:49   12.1  07:56    1.8    0.0    0.0    3.6   24.1  11:40    151
 05   15.0   19.8  15:06   11.1  07:22    1.7    0.0    0.0    3.3   22.5  12:07    142
 06   14.0   16.6  15:51   12.4  06:55    2.2    0.0    7.6    2.1   16.1  03:14    322
 07   15.3   17.8  13:50   13.4  07:19    1.5    0.0   13.2    0.8   11.3  00:00    359
 08   16.7   21.3  13:59   14.1  07:05    0.7    0.0    0.0    1.8   22.5  12:11    182
 09   17.0   20.8  12:22   14.3  06:50    0.5    0.0    0.0    3.3   24.1  14:19    161
 10   16.9   20.8  13:39   14.4  23:54    0.6    0.0    0.0    3.5   27.4  13:47    139
 11   17.1   23.0  15:58   13.5  07:24    0.5    0.0    0.0    2.2   20.9  12:25    180
 12   17.2   23.7  14:36   13.3  07:00    0.4    0.0    0.0    2.3   19.3  07:09    244
 13   16.7   20.9  13:46   13.6  07:36    0.7    0.0    0.0    4.3   25.7  12:44    153
 14   16.7   21.5  14:38   13.7  23:52    0.7    0.0    0.0    2.8   25.7  03:09    177
 15   13.5   14.9  15:25   12.2  22:10    2.5    0.0    0.8    1.9   16.1  06:16    248
 16   13.8   16.4  15:33   11.8  09:24    2.4    0.0    0.2    1.9   20.9  01:25    316
 17   14.5   15.5  16:58   13.4  11:06    2.0    0.0    5.8    2.0   16.1  03:00    269
 18   17.3   22.8  15:33   14.3  07:15    0.4    0.0    0.0    1.5   17.7  13:44    169
 19   16.9   21.3  13:05   14.1  06:32    0.6    0.0    0.0    2.6   20.9  13:44    169
 20   16.1   21.8  15:16   12.6  07:36    1.1    0.0    0.0    1.6   22.5  07:00    139
 21   11.9   15.6  11:29    7.4  23:58    3.4    0.0    0.0    2.6   27.4  14:58    147
 22   11.4   16.3  13:58    6.9  01:32    3.6    0.0    0.0    2.8   30.6  14:15    136
 23   12.7   18.3  14:19    9.5  04:22    2.9    0.0    0.0    2.0   20.9  05:18    166
 24   14.1   18.5  14:11   10.1  06:49    2.2    0.0    0.0    1.6   19.3  13:09    132
 25   11.9   16.2  00:00    8.6  08:19    3.4    0.0    0.0    1.3   20.9  05:34    273
 26   12.6   13.7  15:06   12.0  06:13    3.0    0.0    2.6    0.3   16.1  12:21    133
 27   14.8   17.2  18:50   12.0  00:45    1.8    0.0    8.0    7.3   43.5  18:03    144
 28   14.9   16.6  00:00   14.0  15:17    1.7    0.0   29.2    9.5   64.4  13:52    136
 29   15.1   18.2  16:22   12.4  23:50    1.6    0.0   30.8    9.3   74.0  22:15    122
 30   11.1   12.8  01:40    9.9  12:30    3.8    0.0   13.2    8.2   43.5  09:25    145
 31   10.7   11.4  20:31   10.3  22:56    4.1    0.0    0.0    2.1   14.5  21:29    355
---------------------------------------------------------------------------------------
      14.5   23.7     12    6.9     22   62.4    0.0  131.4    3.0   74.0     29    151
    
Tropske noči (Tmin >= 20): 0
Vroči dnevi (Tmax >= 30): 0
Topli dnevi (Tmax >= 25): 0
Hladni dnevi (Tmin < 0): 0
Ledeni dnevi (Tmax < 0): 0