Vremenska postaja Ravna

46.1341 N| 14.5613 E| 516 m | Prikaži na zemljevidu

Osnovna šola Trzin v sodelovanju s CZ Trzin in Vremenskim društvom ZEVS

Vreme na kratko
7.6°C 0% 998 mbar 13.7 km/h 27.4 km/h 345.2 mm
0.3°C/h 0%/h 1 mbar/h VJV (113°) VJV (113°) 0.0 mm/h

12/11/19 18:55:00 CET

Vremenska statistika za 09-2018

Vremenska postaja:Vantage Pro2
Programska oprema:weewx v3.8.0
WeeWX aktiven:0 d, 21 h, 52 min
Strežnik aktiven:40 d, 16 h, 14 min
                   MONTHLY CLIMATOLOGICAL SUMMARY for Sep 2018


NAME: Ravna                  
ELEV: 516 m    LAT: 46-04.79 S    LONG: 13-36.51 V


                   TEMPERATURE (°C), RAIN (mm), WIND SPEED (km/h)

                                         HEAT   COOL         AVG
      MEAN                               DEG    DEG          WIND                   DOM
DAY   TEMP   HIGH   TIME    LOW   TIME   DAYS   DAYS   RAIN  SPEED   HIGH   TIME    DIR
---------------------------------------------------------------------------------------
 01   16.1   18.3  18:17   15.1  08:29    1.1    0.0   41.0    0.0    0.0  00:00     90
 02   18.4   23.2  14:43   14.1  05:58    0.0    0.2    7.4    0.0    0.0  00:00     90
 03   17.2   22.3  16:40   15.1  23:58    0.4    0.0    2.4    0.0    0.0  00:00     90
 04   17.8   22.6  12:57   14.3  06:30    0.1    0.0    0.0    0.0    0.0  00:00     90
 05   20.2   26.2  14:15   15.2  05:36    0.0    1.2    0.0    0.0    0.0  00:00     90
 06   20.2   24.9  15:02   17.1  05:19    0.0    1.2    0.0    0.0    0.0  00:00     90
 07   18.3   21.1  17:53   15.9  06:44    0.0    0.2    0.0    0.0    0.0  00:00     90
 08   20.5   25.8  15:53   16.5  05:09    0.0    1.4    0.0    0.0    0.0  00:00     90
 09   21.1   26.9  14:34   15.8  06:59    0.0    1.7    0.0    0.9   16.1  15:00    125
 10   21.4   26.9  14:27   16.6  07:14    0.0    1.9    0.0    2.3   24.1  13:51     70
 11   21.6   27.4  14:40   16.6  04:38    0.0    2.0    0.0    2.0   16.1  06:17     55
 12   21.9   27.7  14:58   17.4  07:07    0.0    2.2    0.0    2.1   19.3  12:59     86
 13   22.1   27.5  14:50   17.8  06:49    0.0    2.3    0.0    1.8   22.5  08:10    358
 14   21.8   27.1  14:25   18.2  07:27    0.0    2.1    0.0    2.1   19.3  06:12    161
 15   20.3   25.2  15:39   17.1  05:43    0.0    1.3    0.0    2.2   19.3  13:11    211
 16   21.4   26.8  14:10   17.6  06:23    0.0    1.9    0.0    2.0   25.7  12:16    140
 17   21.0   26.9  14:14   16.1  06:46    0.0    1.7    0.0    2.1   20.9  13:35     94
 18   21.3   26.9  14:50   16.9  06:56    0.0    1.8    0.0    2.5   24.1  15:03    116
 19   20.6   27.0  14:31   16.5  06:44    0.0    1.4    0.8    2.2   19.3  13:13    103
 20   22.1   27.5  15:53   18.1  05:02    0.0    2.3    0.0    2.3   24.1  13:48    148
 21   21.8   27.7  14:51   17.8  07:16    0.0    2.1    0.0    1.9   22.5  15:31    132
 22   15.7   20.2  01:03   10.4  22:49    1.3    0.0   10.2    1.6   22.5  16:56    155
 23   13.4   18.8  22:02   10.0  02:14    2.6    0.0    6.6    3.5   30.6  21:58    264
 24   16.0   19.0  03:16    9.8  23:52    1.1    0.0    5.0    3.2   30.6  17:25    151
 25   11.6   16.6  13:23    8.1  23:59    3.5    0.0    0.0    3.1   29.0  14:30    146
 26   10.3   16.2  15:22    5.5  06:43    4.3    0.0    0.0    2.2   20.9  11:24    138
 27   14.8   23.7  14:58    7.6  06:07    1.8    0.0    0.0    2.6   20.9  07:48    253
 28   18.3   25.6  15:36   12.8  07:32    0.0    0.2    0.0    3.0   24.1  01:37    221
 29   15.8   19.0  13:08   10.3  23:55    1.2    0.0    0.0    4.2   27.4  10:36    141
 30   12.4   18.2  15:22    8.1  07:44    3.1    0.0    0.0    2.4   27.4  11:17    135
---------------------------------------------------------------------------------------
      18.5   27.7     12    5.5     26   20.5   29.0   73.4    1.7   30.6     23    149
    
Tropske noči (Tmin >= 20): 0
Vroči dnevi (Tmax >= 30): 0
Topli dnevi (Tmax >= 25): 16
Hladni dnevi (Tmin < 0): 0
Ledeni dnevi (Tmax < 0): 0