Vremenska postaja Ravna

46.1341 N| 14.5613 E| 516 m | Prikaži na zemljevidu

Osnovna šola Trzin v sodelovanju s CZ Trzin in Vremenskim društvom ZEVS

Vreme na kratko
16.2°C 0% 1019 mbar 0.0 km/h 0.0 km/h 0.0 mm
-0.5°C/h 0%/h -0 mbar/h N/A ( N/A) N/A ( N/A) 0.0 mm/h

16/09/19 05:55:00 CEST

Vremenska statistika za 08-2018

Vremenska postaja:Vantage Pro2
Programska oprema:weewx v3.8.0
WeeWX aktiven:50 d, 14 h, 38 min
Strežnik aktiven:50 d, 13 h, 57 min
                   MONTHLY CLIMATOLOGICAL SUMMARY for Aug 2018


NAME: Ravna                  
ELEV: 516 m    LAT: 46-04.79 S    LONG: 13-36.51 V


                   TEMPERATURE (°C), RAIN (mm), WIND SPEED (km/h)

                                         HEAT   COOL         AVG
      MEAN                               DEG    DEG          WIND                   DOM
DAY   TEMP   HIGH   TIME    LOW   TIME   DAYS   DAYS   RAIN  SPEED   HIGH   TIME    DIR
---------------------------------------------------------------------------------------
 01   25.3   33.3  13:40   20.4  17:15    0.0    4.0   15.0    0.0    0.0  00:05     90
 02   24.5   29.2  12:05   20.8  00:20    0.0    3.6    0.0    0.0    0.0  00:05     90
 03   26.2   31.6  15:30   21.9  03:15    0.0    4.6    0.0    0.0    0.0  00:05     90
 04   26.5   31.6  16:40   22.0  02:55    0.0    4.7    0.2    0.0    0.0  00:05     90
 05   24.6   32.6  15:51   18.8  18:03    0.0    3.7   14.8    0.0    0.0  00:00     90
 06   26.1   32.4  15:49   20.4  06:46    0.0    4.5    0.0    0.0    0.0  00:00     90
 07   25.8   31.4  13:07   20.9  06:08    0.0    4.4    0.0    0.0    0.0  00:00     90
 08   25.3   31.5  14:13   20.8  06:46    0.0    4.1    0.0    0.0    0.0  00:00     90
 09   25.8   32.0  14:59   20.2  06:02    0.0    4.3    0.0    0.0    0.0  00:00     90
 10   24.8   29.3  14:04   20.2  05:53    0.0    3.8    0.0    0.0    0.0  00:00     90
 11   22.8   29.9  14:57   18.5  17:29    0.0    2.7   28.0    0.0    0.0  00:00     90
 12   23.4   29.1  16:20   19.0  06:13    0.0    3.0    0.0    0.0    0.0  00:00     90
 13   22.6   28.0  14:43   18.4  06:41    0.0    2.6    0.0    0.0    0.0  00:00     90
 14   19.4   26.7  14:42   16.8  23:43    0.0    0.8   32.8    0.0    0.0  00:00     90
 15   21.3   29.1  14:50   16.2  05:29    0.0    1.8    0.0    0.0    0.0  00:03     90
 16   22.6   27.7  15:05   17.8  06:26    0.0    2.6    0.0    0.0    0.0  00:00     90
 17   23.3   28.9  16:57   18.1  06:18    0.0    3.0    0.0    0.0    0.0  00:00     90
 18   22.5   29.7  12:54   19.6  15:01    0.0    2.5    2.8    0.0    0.0  00:00     90
 19   23.7   30.7  14:40   18.9  03:15    0.0    3.2    0.0    0.0    0.0  00:00     90
 20   25.1   31.6  14:01   19.2  03:41    0.0    4.0    0.0    0.0    0.0  00:00     90
 21   25.8   31.9  14:04   22.1  06:01    0.0    4.3    0.0    0.0    0.0  00:00     90
 22   26.1   31.9  14:54   20.6  04:39    0.0    4.5    0.0    0.0    0.0  00:00     90
 23   25.0   32.2  14:54   20.5  07:01    0.0    3.9    0.0    0.0    0.0  00:00     90
 24   20.8   28.7  13:27   16.5  23:58    0.0    1.5   13.4    0.0    0.0  00:00     90
 25   17.8   22.2  13:01   16.0  23:56    0.1    0.0   17.4    0.0    0.0  00:00     90
 26   12.7   16.0  00:00    9.9  08:59    3.0    0.0   21.8    0.0    0.0  00:00     90
 27   17.0   23.3  14:55   11.1  06:32    0.5    0.0    0.0    0.0    0.0  00:00     90
 28   20.8   27.1  15:11   15.0  06:58    0.0    1.5    0.0    0.0    0.0  00:00     90
 29   21.7   27.3  14:45   17.1  07:23    0.0    2.0    0.0    0.0    0.0  00:00     90
 30   21.3   28.0  14:46   16.1  07:11    0.0    1.8    0.0    0.0    0.0  00:00     90
 31   18.9   22.2  13:38   17.0  23:45    0.0    0.5    4.6    0.0    0.0  00:00     90
---------------------------------------------------------------------------------------
      22.9   33.3     01    9.9     26    3.6   87.7  150.8    0.0    0.0     01     90
    
Tropske noči (Tmin >= 20): 12
Vroči dnevi (Tmax >= 30): 13
Topli dnevi (Tmax >= 25): 27
Hladni dnevi (Tmin < 0): 0
Ledeni dnevi (Tmax < 0): 0